{"id":3143,"date":"2018-03-06T09:05:54","date_gmt":"2018-03-06T09:05:54","guid":{"rendered":"http:\/\/blogsaverroes.juntadeandalucia.es\/iesolontigi\/?page_id=3143"},"modified":"2018-06-05T09:11:57","modified_gmt":"2018-06-05T09:11:57","slug":"novedades-2017-18","status":"publish","type":"page","link":"https:\/\/blogsaverroes.juntadeandalucia.es\/iesolontigi\/novedades-2017-18\/","title":{"rendered":"Novedades 2017-18"},"content":{"rendered":"<p>REUNI\u00d3N CON FAMILIAS: MI\u00c9RCOLES 6 DE JUNIO DE 2018<\/p>\n<p><a href=\"https:\/\/blogsaverroes.juntadeandalucia.es\/iesolontigi\/2018\/06\/05\/3262\/reunion-padres-18\/\" rel=\"attachment wp-att-3263\"><img loading=\"lazy\" decoding=\"async\" class=\"aligncenter wp-image-3263 size-full\" src=\"https:\/\/blogsaverroes.juntadeandalucia.es\/iesolontigi\/files\/2018\/06\/Reunion-padres-18.png\" alt=\"\" width=\"951\" height=\"523\" srcset=\"https:\/\/blogsaverroes.juntadeandalucia.es\/iesolontigi\/files\/2018\/06\/Reunion-padres-18.png 951w, https:\/\/blogsaverroes.juntadeandalucia.es\/iesolontigi\/files\/2018\/06\/Reunion-padres-18-300x165.png 300w, https:\/\/blogsaverroes.juntadeandalucia.es\/iesolontigi\/files\/2018\/06\/Reunion-padres-18-768x422.png 768w, https:\/\/blogsaverroes.juntadeandalucia.es\/iesolontigi\/files\/2018\/06\/Reunion-padres-18-700x385.png 700w, https:\/\/blogsaverroes.juntadeandalucia.es\/iesolontigi\/files\/2018\/06\/Reunion-padres-18-332x183.png 332w, https:\/\/blogsaverroes.juntadeandalucia.es\/iesolontigi\/files\/2018\/06\/Reunion-padres-18-24x13.png 24w, https:\/\/blogsaverroes.juntadeandalucia.es\/iesolontigi\/files\/2018\/06\/Reunion-padres-18-36x20.png 36w, https:\/\/blogsaverroes.juntadeandalucia.es\/iesolontigi\/files\/2018\/06\/Reunion-padres-18-48x26.png 48w\" sizes=\"(max-width: 951px) 100vw, 951px\" \/><\/a><\/p>\n<p>&nbsp;<\/p>\n<p style=\"text-align: center\"><strong>Entrega de notas alumnado &#8211; Segundo trimestre<\/strong><\/p>\n<p><a href=\"http:\/\/blogsaverroes.juntadeandalucia.es\/iesolontigi\/novedades\/sesiones-de-evaluacion\/\" rel=\"attachment wp-att-2931\"><img loading=\"lazy\" decoding=\"async\" class=\"size-full wp-image-2931 aligncenter\" src=\"https:\/\/blogsaverroes.juntadeandalucia.es\/iesolontigi\/files\/2017\/02\/sesiones-de-evaluaci\u00f3n.jpg\" alt=\"\" width=\"200\" height=\"200\" srcset=\"https:\/\/blogsaverroes.juntadeandalucia.es\/iesolontigi\/files\/2017\/02\/sesiones-de-evaluaci\u00f3n.jpg 200w, https:\/\/blogsaverroes.juntadeandalucia.es\/iesolontigi\/files\/2017\/02\/sesiones-de-evaluaci\u00f3n-150x150.jpg 150w, https:\/\/blogsaverroes.juntadeandalucia.es\/iesolontigi\/files\/2017\/02\/sesiones-de-evaluaci\u00f3n-100x100.jpg 100w, https:\/\/blogsaverroes.juntadeandalucia.es\/iesolontigi\/files\/2017\/02\/sesiones-de-evaluaci\u00f3n-160x160.jpg 160w, https:\/\/blogsaverroes.juntadeandalucia.es\/iesolontigi\/files\/2017\/02\/sesiones-de-evaluaci\u00f3n-24x24.jpg 24w, https:\/\/blogsaverroes.juntadeandalucia.es\/iesolontigi\/files\/2017\/02\/sesiones-de-evaluaci\u00f3n-36x36.jpg 36w, https:\/\/blogsaverroes.juntadeandalucia.es\/iesolontigi\/files\/2017\/02\/sesiones-de-evaluaci\u00f3n-48x48.jpg 48w\" sizes=\"(max-width: 200px) 100vw, 200px\" \/><\/a>Por parte del centro, queremos recordar a las familias que los d\u00edas lunes y martes (12 y 13 respectivamente) de marzo, ser\u00e1n las correspondientes sesiones de evaluaci\u00f3n (durante el turno de tarde) de los dos ciclos de Educaci\u00f3n Secundaria para la pr\u00f3xima entrega de notas, en la misma semana.<\/p>\n<p>El pr\u00f3ximo viernes 23 de marzo, se realizar\u00e1 la entrega de notas mediante dos medios:<\/p>\n<p>Las notas ser\u00e1n entregadas a cada correspondiente alumna\/o en un sobre cerrado a la \u00faltima hora de clase en un inicio. Por otra parte, la familia recibir\u00e1 v\u00eda e-mail ese mismo d\u00eda igualmente las notas de sus hijos\/as.<\/p>\n<p>&nbsp;<\/p>\n<hr>\n<p style=\"text-align: center\"><strong>Cuestionario sobre igualdad para las familias<\/strong><\/p>\n<p style=\"text-align: center\"><a href=\"http:\/\/blogsaverroes.juntadeandalucia.es\/iesolontigi\/2018\/02\/15\/cuestionario-sobre-igualdad-para-las-familias__trashed\/google-form\/\" rel=\"attachment wp-att-3084\"><img loading=\"lazy\" decoding=\"async\" class=\"alignnone size-medium wp-image-3084\" src=\"https:\/\/blogsaverroes.juntadeandalucia.es\/iesolontigi\/files\/2018\/02\/google-form-300x300.png\" alt=\"\" width=\"300\" height=\"300\" srcset=\"https:\/\/blogsaverroes.juntadeandalucia.es\/iesolontigi\/files\/2018\/02\/google-form-300x300.png 300w, https:\/\/blogsaverroes.juntadeandalucia.es\/iesolontigi\/files\/2018\/02\/google-form-150x150.png 150w, https:\/\/blogsaverroes.juntadeandalucia.es\/iesolontigi\/files\/2018\/02\/google-form-100x100.png 100w, https:\/\/blogsaverroes.juntadeandalucia.es\/iesolontigi\/files\/2018\/02\/google-form-332x332.png 332w, https:\/\/blogsaverroes.juntadeandalucia.es\/iesolontigi\/files\/2018\/02\/google-form-432x432.png 432w, https:\/\/blogsaverroes.juntadeandalucia.es\/iesolontigi\/files\/2018\/02\/google-form-268x268.png 268w, https:\/\/blogsaverroes.juntadeandalucia.es\/iesolontigi\/files\/2018\/02\/google-form-24x24.png 24w, https:\/\/blogsaverroes.juntadeandalucia.es\/iesolontigi\/files\/2018\/02\/google-form-36x36.png 36w, https:\/\/blogsaverroes.juntadeandalucia.es\/iesolontigi\/files\/2018\/02\/google-form-48x48.png 48w, https:\/\/blogsaverroes.juntadeandalucia.es\/iesolontigi\/files\/2018\/02\/google-form.png 512w\" sizes=\"(max-width: 300px) 100vw, 300px\" \/><\/a><\/p>\n<p>A continuaci\u00f3n, y con motivo de concretar el nivel base de igualdad que poseen las familias respecto a su propia opini\u00f3n personal, sobre el centro y la sociedad.<\/p>\n<p>Se plantea un cuestionario del cual se solicitar\u00e1 que los tutore\/as lo rellenen correctamente y devuelvan al centro, para su futuro an\u00e1lisis y visi\u00f3n de los resultados.<\/p>\n<p>Les mostramos a continuaci\u00f3n el mismo cuestionario online para aquellas familias que deseen responder al mismo:<\/p>\n<p style=\"text-align: center\"><a href=\"https:\/\/goo.gl\/forms\/gxqrNEqKy1vllan63\"><strong>Cuestionario sobre igualdad<\/strong><\/a><\/p>\n","protected":false},"excerpt":{"rendered":"<p>REUNI\u00d3N CON FAMILIAS: MI\u00c9RCOLES 6 DE JUNIO DE 2018 &nbsp; Entrega de notas alumnado &#8211; Segundo trimestre Por parte del centro, queremos recordar a las familias que los d\u00edas lunes y martes (12 y 13 respectivamente) de marzo, ser\u00e1n las correspondientes sesiones de evaluaci\u00f3n (durante el turno de tarde) de los dos ciclos de Educaci\u00f3n &hellip; <\/p>\n<p><a class=\"more-link btn\" href=\"https:\/\/blogsaverroes.juntadeandalucia.es\/iesolontigi\/novedades-2017-18\/\">Seguir leyendo<\/a><\/p>\n","protected":false},"author":2948,"featured_media":0,"parent":0,"menu_order":0,"comment_status":"closed","ping_status":"closed","template":"","meta":{"ngg_post_thumbnail":0,"footnotes":"","_mc_calendar":[]},"aioseo_notices":[],"_links":{"self":[{"href":"https:\/\/blogsaverroes.juntadeandalucia.es\/iesolontigi\/wp-json\/wp\/v2\/pages\/3143"}],"collection":[{"href":"https:\/\/blogsaverroes.juntadeandalucia.es\/iesolontigi\/wp-json\/wp\/v2\/pages"}],"about":[{"href":"https:\/\/blogsaverroes.juntadeandalucia.es\/iesolontigi\/wp-json\/wp\/v2\/types\/page"}],"author":[{"embeddable":true,"href":"https:\/\/blogsaverroes.juntadeandalucia.es\/iesolontigi\/wp-json\/wp\/v2\/users\/2948"}],"replies":[{"embeddable":true,"href":"https:\/\/blogsaverroes.juntadeandalucia.es\/iesolontigi\/wp-json\/wp\/v2\/comments?post=3143"}],"version-history":[{"count":7,"href":"https:\/\/blogsaverroes.juntadeandalucia.es\/iesolontigi\/wp-json\/wp\/v2\/pages\/3143\/revisions"}],"predecessor-version":[{"id":3271,"href":"https:\/\/blogsaverroes.juntadeandalucia.es\/iesolontigi\/wp-json\/wp\/v2\/pages\/3143\/revisions\/3271"}],"wp:attachment":[{"href":"https:\/\/blogsaverroes.juntadeandalucia.es\/iesolontigi\/wp-json\/wp\/v2\/media?parent=3143"}],"curies":[{"name":"wp","href":"https:\/\/api.w.org\/{rel}","templated":true}]}}

<p>REUNIÓN CON FAMILIAS: MIÉRCOLES 6 DE JUNIO DE 2018</p>
<p><a href="https://blogsaverroes.juntadeandalucia.es/iesolontigi/2018/06/05/3262/reunion-padres-18/" rel="attachment wp-att-3263"><img loading="lazy" decoding="async" class="aligncenter wp-image-3263 size-full" src="https://blogsaverroes.juntadeandalucia.es/iesolontigi/files/2018/06/Reunion-padres-18.png" alt="" width="951" height="523" srcset="https://blogsaverroes.juntadeandalucia.es/iesolontigi/files/2018/06/Reunion-padres-18.png 951w, https://blogsaverroes.juntadeandalucia.es/iesolontigi/files/2018/06/Reunion-padres-18-300x165.png 300w, https://blogsaverroes.juntadeandalucia.es/iesolontigi/files/2018/06/Reunion-padres-18-768x422.png 768w, https://blogsaverroes.juntadeandalucia.es/iesolontigi/files/2018/06/Reunion-padres-18-700x385.png 700w, https://blogsaverroes.juntadeandalucia.es/iesolontigi/files/2018/06/Reunion-padres-18-332x183.png 332w, https://blogsaverroes.juntadeandalucia.es/iesolontigi/files/2018/06/Reunion-padres-18-24x13.png 24w, https://blogsaverroes.juntadeandalucia.es/iesolontigi/files/2018/06/Reunion-padres-18-36x20.png 36w, https://blogsaverroes.juntadeandalucia.es/iesolontigi/files/2018/06/Reunion-padres-18-48x26.png 48w" sizes="(max-width: 951px) 100vw, 951px" /></a></p>
<p>&nbsp;</p>
<p style="text-align: center"><strong>Entrega de notas alumnado &#8211; Segundo trimestre</strong></p>
<p><a href="http://blogsaverroes.juntadeandalucia.es/iesolontigi/novedades/sesiones-de-evaluacion/" rel="attachment wp-att-2931"><img loading="lazy" decoding="async" class="size-full wp-image-2931 aligncenter" src="https://blogsaverroes.juntadeandalucia.es/iesolontigi/files/2017/02/sesiones-de-evaluación.jpg" alt="" width="200" height="200" srcset="https://blogsaverroes.juntadeandalucia.es/iesolontigi/files/2017/02/sesiones-de-evaluación.jpg 200w, https://blogsaverroes.juntadeandalucia.es/iesolontigi/files/2017/02/sesiones-de-evaluación-150x150.jpg 150w, https://blogsaverroes.juntadeandalucia.es/iesolontigi/files/2017/02/sesiones-de-evaluación-100x100.jpg 100w, https://blogsaverroes.juntadeandalucia.es/iesolontigi/files/2017/02/sesiones-de-evaluación-160x160.jpg 160w, https://blogsaverroes.juntadeandalucia.es/iesolontigi/files/2017/02/sesiones-de-evaluación-24x24.jpg 24w, https://blogsaverroes.juntadeandalucia.es/iesolontigi/files/2017/02/sesiones-de-evaluación-36x36.jpg 36w, https://blogsaverroes.juntadeandalucia.es/iesolontigi/files/2017/02/sesiones-de-evaluación-48x48.jpg 48w" sizes="(max-width: 200px) 100vw, 200px" /></a>Por parte del centro, queremos recordar a las familias que los días lunes y martes (12 y 13 respectivamente) de marzo, serán las correspondientes sesiones de evaluación (durante el turno de tarde) de los dos ciclos de Educación Secundaria para la próxima entrega de notas, en la misma semana.</p>
<p>El próximo viernes 23 de marzo, se realizará la entrega de notas mediante dos medios:</p>
<p>Las notas serán entregadas a cada correspondiente alumna/o en un sobre cerrado a la última hora de clase en un inicio. Por otra parte, la familia recibirá vía e-mail ese mismo día igualmente las notas de sus hijos/as.</p>
<p>&nbsp;</p>
<hr>
<p style="text-align: center"><strong>Cuestionario sobre igualdad para las familias</strong></p>
<p style="text-align: center"><a href="http://blogsaverroes.juntadeandalucia.es/iesolontigi/2018/02/15/cuestionario-sobre-igualdad-para-las-familias__trashed/google-form/" rel="attachment wp-att-3084"><img loading="lazy" decoding="async" class="alignnone size-medium wp-image-3084" src="https://blogsaverroes.juntadeandalucia.es/iesolontigi/files/2018/02/google-form-300x300.png" alt="" width="300" height="300" srcset="https://blogsaverroes.juntadeandalucia.es/iesolontigi/files/2018/02/google-form-300x300.png 300w, https://blogsaverroes.juntadeandalucia.es/iesolontigi/files/2018/02/google-form-150x150.png 150w, https://blogsaverroes.juntadeandalucia.es/iesolontigi/files/2018/02/google-form-100x100.png 100w, https://blogsaverroes.juntadeandalucia.es/iesolontigi/files/2018/02/google-form-332x332.png 332w, https://blogsaverroes.juntadeandalucia.es/iesolontigi/files/2018/02/google-form-432x432.png 432w, https://blogsaverroes.juntadeandalucia.es/iesolontigi/files/2018/02/google-form-268x268.png 268w, https://blogsaverroes.juntadeandalucia.es/iesolontigi/files/2018/02/google-form-24x24.png 24w, https://blogsaverroes.juntadeandalucia.es/iesolontigi/files/2018/02/google-form-36x36.png 36w, https://blogsaverroes.juntadeandalucia.es/iesolontigi/files/2018/02/google-form-48x48.png 48w, https://blogsaverroes.juntadeandalucia.es/iesolontigi/files/2018/02/google-form.png 512w" sizes="(max-width: 300px) 100vw, 300px" /></a></p>
<p>A continuación, y con motivo de concretar el nivel base de igualdad que poseen las familias respecto a su propia opinión personal, sobre el centro y la sociedad.</p>
<p>Se plantea un cuestionario del cual se solicitará que los tutore/as lo rellenen correctamente y devuelvan al centro, para su futuro análisis y visión de los resultados.</p>
<p>Les mostramos a continuación el mismo cuestionario online para aquellas familias que deseen responder al mismo:</p>
<p style="text-align: center"><a href="https://goo.gl/forms/gxqrNEqKy1vllan63"><strong>Cuestionario sobre igualdad</strong></a></p>

<p>REUNIÓN CON FAMILIAS: MIÉRCOLES 6 DE JUNIO DE 2018 &nbsp; Entrega de notas alumnado &#8211; Segundo trimestre Por parte del centro, queremos recordar a las familias que los días lunes y martes (12 y 13 respectivamente) de marzo, serán las correspondientes sesiones de evaluación (durante el turno de tarde) de los dos ciclos de Educación &hellip; </p>
<p><a class="more-link btn" href="https://blogsaverroes.juntadeandalucia.es/iesolontigi/novedades-2017-18/">Seguir leyendo</a></p>
