{"id":77,"date":"2015-03-16T06:54:56","date_gmt":"2015-03-16T06:54:56","guid":{"rendered":"http:\/\/blogsaverroes.juntadeandalucia.es\/pre\/ceip\/?page_id=77"},"modified":"2021-06-28T11:05:14","modified_gmt":"2021-06-28T11:05:14","slug":"secretaria","status":"publish","type":"page","link":"https:\/\/blogsaverroes.juntadeandalucia.es\/iesolontigi\/secretaria\/","title":{"rendered":"Secretar\u00eda"},"content":{"rendered":"<p>La <strong>Secretar\u00eda<\/strong> desarrolla muchas funciones importantes en la vida de un centro, especialmente en la relaci\u00f3n que mantiene con las familias en los diferentes tr\u00e1mites administrativos a lo largo de la escolarizaci\u00f3n: admisi\u00f3n, matr\u00edcula, comedor escolar, becas, etc.<\/p>\n<p><strong>Horario: <\/strong>09:00h &#8211; 14:00h<strong><br \/>\n<\/strong><\/p>\n<p><strong>Personal de secretar\u00eda:<\/strong><\/p>\n<ul>\n<li><strong>Secretaria:<\/strong> Mar\u00eda del Pilar Moreno Campos<\/li>\n<li><strong>Administrativas:<\/strong> Mar\u00eda Jos\u00e9 Moro Pizarro &amp;&nbsp; Roc\u00edo Barrios Mesa<\/li>\n<\/ul>\n<p><strong>Instrucciones de ayuda para la matr\u00edcula telem\u00e1tica 21-22<\/strong><\/p>\n<ul>\n<li><a href=\"https:\/\/blogsaverroes.juntadeandalucia.es\/iesolontigi\/instrucciones-matricula\/\"><strong>Instrucciones<\/strong><\/a>&nbsp;<\/li>\n<\/ul>\n<p><strong>Impresos:<\/strong><\/p>\n<p><a title=\"Pulse para visualizar el documento\" href=\"http:\/\/portals.ced.junta-andalucia.es\/educacion\/portals\/abaco-portlet\/content\/7e1d7b27-eaa4-42e7-bfa3-ac436db80ed6?a=true\">Solicitud de admisi\u00f3n en segundo ciclo de Educaci\u00f3n Infantil, Educaci\u00f3n Primaria, Educaci\u00f3n Especial, E.S.O. y Bachillerato (v\u00e1lido del 1 al 31 de Marzo de 2017).<\/a><\/p>\n<p><a title=\"Pulse para visualizar el documento\" href=\"http:\/\/portals.ced.junta-andalucia.es\/educacion\/portals\/abaco-portlet\/content\/dcec9582-b20c-494b-bfbd-2886c7b8be94?a=true\">Solicitud Procedimiento Extraordinario de Admisi\u00f3n<\/a><\/p>\n<p><strong>Decreto<\/strong><strong>:<\/strong><\/p>\n<p><a href=\"http:\/\/juntadeandalucia.es\/boja\/2011\/40\/d2.pdf\">Decreto 40\/2011, de 22 de febrero, por el que se regulan los criterios y el procedimiento de admisi\u00f3n del alumnado en los centros docentes p\u00fablicos y privados concertados para cursar las ense\u00f1anzas de segundo ciclo de educaci\u00f3n infantil, educaci\u00f3n primaria, educaci\u00f3n especial, educaci\u00f3n secundaria obligatoria y bachillerato (BOJA 25-02-2011)<\/a><\/p>\n<p><strong>Becas: <\/strong><\/p>\n<p><a href=\"https:\/\/sede.educacion.gob.es\/tramite\/login\/inicio.jjsp?convocatoriaForm.idTema=89\">Para Primaria y Secundaria<\/a><\/p>\n<p><a href=\"https:\/\/sede.educacion.gob.es\/tramite\/login\/inicio.jjsp?convocatoriaForm.idTema=40\">Para la realizaci\u00f3n de actividades extraescolares<\/a><\/p>\n<p><a href=\"https:\/\/sede.educacion.gob.es\/tramite\/login\/inicio.jjsp?convocatoriaForm.idTema=95\">Para aprender idiomas<\/a><\/p>\n<p><a href=\"https:\/\/sede.educacion.gob.es\/tramite\/login\/inicio.jjsp?convocatoriaForm.idTema=105\">Premios<\/a><\/p>\n<p>&nbsp;<\/p>\n<h1 class=\"titulo\">&nbsp;<\/h1>\n<p>&nbsp;<\/p>\n","protected":false},"excerpt":{"rendered":"<p>La Secretar\u00eda desarrolla muchas funciones importantes en la vida de un centro, especialmente en la relaci\u00f3n que mantiene con las familias en los diferentes tr\u00e1mites administrativos a lo largo de la escolarizaci\u00f3n: admisi\u00f3n, matr\u00edcula, comedor escolar, becas, etc. Horario: 09:00h &#8211; 14:00h Personal de secretar\u00eda: Secretaria: Mar\u00eda del Pilar Moreno Campos Administrativas: Mar\u00eda Jos\u00e9 Moro &hellip; <\/p>\n<p><a class=\"more-link btn\" href=\"https:\/\/blogsaverroes.juntadeandalucia.es\/iesolontigi\/secretaria\/\">Seguir leyendo<\/a><\/p>\n","protected":false},"author":1,"featured_media":0,"parent":0,"menu_order":0,"comment_status":"open","ping_status":"open","template":"","meta":{"ngg_post_thumbnail":0,"footnotes":"","_mc_calendar":[]},"aioseo_notices":[],"_links":{"self":[{"href":"https:\/\/blogsaverroes.juntadeandalucia.es\/iesolontigi\/wp-json\/wp\/v2\/pages\/77"}],"collection":[{"href":"https:\/\/blogsaverroes.juntadeandalucia.es\/iesolontigi\/wp-json\/wp\/v2\/pages"}],"about":[{"href":"https:\/\/blogsaverroes.juntadeandalucia.es\/iesolontigi\/wp-json\/wp\/v2\/types\/page"}],"author":[{"embeddable":true,"href":"https:\/\/blogsaverroes.juntadeandalucia.es\/iesolontigi\/wp-json\/wp\/v2\/users\/1"}],"replies":[{"embeddable":true,"href":"https:\/\/blogsaverroes.juntadeandalucia.es\/iesolontigi\/wp-json\/wp\/v2\/comments?post=77"}],"version-history":[{"count":12,"href":"https:\/\/blogsaverroes.juntadeandalucia.es\/iesolontigi\/wp-json\/wp\/v2\/pages\/77\/revisions"}],"predecessor-version":[{"id":3361,"href":"https:\/\/blogsaverroes.juntadeandalucia.es\/iesolontigi\/wp-json\/wp\/v2\/pages\/77\/revisions\/3361"}],"wp:attachment":[{"href":"https:\/\/blogsaverroes.juntadeandalucia.es\/iesolontigi\/wp-json\/wp\/v2\/media?parent=77"}],"curies":[{"name":"wp","href":"https:\/\/api.w.org\/{rel}","templated":true}]}}

Secretaría

<p>La <strong>Secretaría</strong> desarrolla muchas funciones importantes en la vida de un centro, especialmente en la relación que mantiene con las familias en los diferentes trámites administrativos a lo largo de la escolarización: admisión, matrícula, comedor escolar, becas, etc.</p>
<p><strong>Horario: </strong>09:00h &#8211; 14:00h<strong><br />
</strong></p>
<p><strong>Personal de secretaría:</strong></p>
<ul>
<li><strong>Secretaria:</strong> María del Pilar Moreno Campos</li>
<li><strong>Administrativas:</strong> María José Moro Pizarro &amp;&nbsp; Rocío Barrios Mesa</li>
</ul>
<p><strong>Instrucciones de ayuda para la matrícula telemática 21-22</strong></p>
<ul>
<li><a href="https://blogsaverroes.juntadeandalucia.es/iesolontigi/instrucciones-matricula/"><strong>Instrucciones</strong></a>&nbsp;</li>
</ul>
<p><strong>Impresos:</strong></p>
<p><a title="Pulse para visualizar el documento" href="http://portals.ced.junta-andalucia.es/educacion/portals/abaco-portlet/content/7e1d7b27-eaa4-42e7-bfa3-ac436db80ed6?a=true">Solicitud de admisión en segundo ciclo de Educación Infantil, Educación Primaria, Educación Especial, E.S.O. y Bachillerato (válido del 1 al 31 de Marzo de 2017).</a></p>
<p><a title="Pulse para visualizar el documento" href="http://portals.ced.junta-andalucia.es/educacion/portals/abaco-portlet/content/dcec9582-b20c-494b-bfbd-2886c7b8be94?a=true">Solicitud Procedimiento Extraordinario de Admisión</a></p>
<p><strong>Decreto</strong><strong>:</strong></p>
<p><a href="http://juntadeandalucia.es/boja/2011/40/d2.pdf">Decreto 40/2011, de 22 de febrero, por el que se regulan los criterios y el procedimiento de admisión del alumnado en los centros docentes públicos y privados concertados para cursar las enseñanzas de segundo ciclo de educación infantil, educación primaria, educación especial, educación secundaria obligatoria y bachillerato (BOJA 25-02-2011)</a></p>
<p><strong>Becas: </strong></p>
<p><a href="https://sede.educacion.gob.es/tramite/login/inicio.jjsp?convocatoriaForm.idTema=89">Para Primaria y Secundaria</a></p>
<p><a href="https://sede.educacion.gob.es/tramite/login/inicio.jjsp?convocatoriaForm.idTema=40">Para la realización de actividades extraescolares</a></p>
<p><a href="https://sede.educacion.gob.es/tramite/login/inicio.jjsp?convocatoriaForm.idTema=95">Para aprender idiomas</a></p>
<p><a href="https://sede.educacion.gob.es/tramite/login/inicio.jjsp?convocatoriaForm.idTema=105">Premios</a></p>
<p>&nbsp;</p>
<h1 class="titulo">&nbsp;</h1>
<p>&nbsp;</p>

<p>La Secretaría desarrolla muchas funciones importantes en la vida de un centro, especialmente en la relación que mantiene con las familias en los diferentes trámites administrativos a lo largo de la escolarización: admisión, matrícula, comedor escolar, becas, etc. Horario: 09:00h &#8211; 14:00h Personal de secretaría: Secretaria: María del Pilar Moreno Campos Administrativas: María José Moro &hellip; </p>
<p><a class="more-link btn" href="https://blogsaverroes.juntadeandalucia.es/iesolontigi/secretaria/">Seguir leyendo</a></p>
