{"id":3007,"date":"2021-07-27T17:49:11","date_gmt":"2021-07-27T16:49:11","guid":{"rendered":"https:\/\/blogsaverroes.juntadeandalucia.es\/iespabloneruda\/?page_id=3007"},"modified":"2021-07-28T17:56:17","modified_gmt":"2021-07-28T16:56:17","slug":"quienes-somos","status":"publish","type":"page","link":"https:\/\/blogsaverroes.juntadeandalucia.es\/iespabloneruda\/quienes-somos\/","title":{"rendered":"\u00bfQUI\u00c9NES SOMOS?"},"content":{"rendered":"<h3 style=\"text-align: center\"><a href=\"https:\/\/blogsaverroes.juntadeandalucia.es\/iespabloneruda\/files\/2021\/07\/AMPA-LOS-NARANJOS.png\"><img loading=\"lazy\" decoding=\"async\" class=\"alignnone size-full wp-image-3028\" src=\"https:\/\/blogsaverroes.juntadeandalucia.es\/iespabloneruda\/files\/2021\/07\/AMPA-LOS-NARANJOS.png\" alt=\"\" width=\"254\" height=\"67\"><\/a><\/h3>\n<h3>&nbsp;<\/h3>\n<h3 style=\"text-align: center\"><span style=\"color: #f16007\"><strong>\u00bfQUI\u00c9NES SOMOS?<\/strong><\/span><\/h3>\n<p>&nbsp;<\/p>\n<p style=\"text-align: left\"><span style=\"color: #31cbf6\">Somos la asociaci\u00f3n de padres y madres del alumnado del IES PABLO NERUDA. Nos preocupa la educaci\u00f3n y estar asociados es una forma de participar en ella.<\/span><br \/>\n<span style=\"color: #31cbf6\">Como ente al servicio de la comunidad educativa, atendemos y acompa\u00f1amos a los padres y madres en su relaci\u00f3n con el centro.<\/span><br \/>\n<span style=\"color: #31cbf6\">Te animamos a que colabores y participes en ella. \u00a1Te estamos esperando!<\/span><\/p>\n","protected":false},"excerpt":{"rendered":"<p>&nbsp; \u00bfQUI\u00c9NES SOMOS? &nbsp; Somos la asociaci\u00f3n de padres y madres del alumnado del IES PABLO NERUDA. Nos preocupa la educaci\u00f3n y estar asociados es una forma de participar en ella. Como ente al&#46;&#46;&#46;<\/p>\n","protected":false},"author":11374,"featured_media":0,"parent":0,"menu_order":0,"comment_status":"closed","ping_status":"closed","template":"","meta":{"ngg_post_thumbnail":0,"footnotes":"","_mc_calendar":[]},"aioseo_notices":[],"_links":{"self":[{"href":"https:\/\/blogsaverroes.juntadeandalucia.es\/iespabloneruda\/wp-json\/wp\/v2\/pages\/3007"}],"collection":[{"href":"https:\/\/blogsaverroes.juntadeandalucia.es\/iespabloneruda\/wp-json\/wp\/v2\/pages"}],"about":[{"href":"https:\/\/blogsaverroes.juntadeandalucia.es\/iespabloneruda\/wp-json\/wp\/v2\/types\/page"}],"author":[{"embeddable":true,"href":"https:\/\/blogsaverroes.juntadeandalucia.es\/iespabloneruda\/wp-json\/wp\/v2\/users\/11374"}],"replies":[{"embeddable":true,"href":"https:\/\/blogsaverroes.juntadeandalucia.es\/iespabloneruda\/wp-json\/wp\/v2\/comments?post=3007"}],"version-history":[{"count":4,"href":"https:\/\/blogsaverroes.juntadeandalucia.es\/iespabloneruda\/wp-json\/wp\/v2\/pages\/3007\/revisions"}],"predecessor-version":[{"id":3046,"href":"https:\/\/blogsaverroes.juntadeandalucia.es\/iespabloneruda\/wp-json\/wp\/v2\/pages\/3007\/revisions\/3046"}],"wp:attachment":[{"href":"https:\/\/blogsaverroes.juntadeandalucia.es\/iespabloneruda\/wp-json\/wp\/v2\/media?parent=3007"}],"curies":[{"name":"wp","href":"https:\/\/api.w.org\/{rel}","templated":true}]}}