{"id":3125,"date":"2021-07-31T09:46:51","date_gmt":"2021-07-31T08:46:51","guid":{"rendered":"https:\/\/blogsaverroes.juntadeandalucia.es\/iespabloneruda\/?page_id=3125"},"modified":"2021-07-31T09:46:51","modified_gmt":"2021-07-31T08:46:51","slug":"otros","status":"publish","type":"page","link":"https:\/\/blogsaverroes.juntadeandalucia.es\/iespabloneruda\/otros\/","title":{"rendered":"OTROS"},"content":{"rendered":"<h3 style=\"text-align: center\"><span style=\"color: #e11a1a\">OTROS<\/span><\/h3>\n<p><a href=\"https:\/\/blogsaverroes.juntadeandalucia.es\/iespabloneruda\/files\/2021\/07\/OTROS.png\"><img loading=\"lazy\" decoding=\"async\" class=\"size-full wp-image-3126 aligncenter\" src=\"https:\/\/blogsaverroes.juntadeandalucia.es\/iespabloneruda\/files\/2021\/07\/OTROS.png\" alt=\"\" width=\"284\" height=\"178\"><\/a><\/p>\n<p>&nbsp;<\/p>\n<ul>\n<li><span class=\"font-size-10 lh-1\" style=\"color: #5d91bf\"><b><a style=\"color: #5d91bf\" href=\"https:\/\/photos.app.goo.gl\/rt184HTBimhGxHfR8\" target=\"_blank\" rel=\"noopener noreferrer\">V\u00cdDEO PROMOCI\u00d3N<\/a><\/b><\/span><\/li>\n<li><span class=\"font-size-10 lh-1\" style=\"color: #5d91bf\"><b><a style=\"color: #5d91bf\" href=\"https:\/\/photos.app.goo.gl\/4EhRsmSGeAZBDVNK7\" target=\"_blank\" rel=\"noopener noreferrer\">CORTOMETRAJES Y V\u00cdDEOS<\/a><br \/>\n<\/b><\/span><\/li>\n<li><span style=\"color: #5d91bf\"><span class=\"font-size-10 lh-1\"><b><a style=\"color: #5d91bf\" href=\"https:\/\/photos.app.goo.gl\/ysHCwayuDZ76xGWt9\" target=\"_blank\" rel=\"noopener noreferrer\">CLIP EN PAZ 2012\/2013<\/a><\/b><\/span><span class=\"font-size-10 lh-1\"><br \/>\n<\/span><\/span><\/li>\n<li><span class=\"font-size-10 lh-1\" style=\"color: #5d91bf\"><b><a style=\"color: #5d91bf\" href=\"https:\/\/photos.app.goo.gl\/iphuR2SJRSExjig48\" target=\"_blank\" rel=\"noopener noreferrer\">FORO IDEA<\/a> (2014)<\/b><br \/>\n<\/span><\/li>\n<li><span style=\"color: #5d91bf\"><span class=\"font-size-10 lh-1\"><b><a style=\"color: #5d91bf\" href=\"https:\/\/photos.app.goo.gl\/ADUDpeWvoxj9JhYeA\" target=\"_blank\" rel=\"noopener noreferrer\">JACE 2015<\/a><\/b><\/span><span class=\"font-size-10 lh-1\"><br \/>\n<\/span><\/span><\/li>\n<li><span class=\"font-size-10 lh-1\" style=\"color: #5d91bf\"><b><a style=\"color: #5d91bf\" href=\"https:\/\/goo.gl\/photos\/cMiuDKr92vQQRZqd6\" target=\"_blank\" rel=\"noopener noreferrer\">IV CONCURSO DE TALENTOS<\/a> (2015)<\/b><br \/>\n<\/span><\/li>\n<li><span class=\"font-size-10 lh-1\" style=\"color: #5d91bf\"><b><span class=\"lh-1\"><a style=\"color: #5d91bf\" href=\"https:\/\/goo.gl\/photos\/KBacukUA4DwsbXDu5\" target=\"_blank\" rel=\"noopener noreferrer\">D\u00cdA INTERNACIONAL CONTRA LA VIOLENCIA DE G\u00c9NERO<\/a> (2015)<\/span><\/b><\/span><\/li>\n<li><span style=\"color: #5d91bf\"><span class=\"font-size-10 lh-1\"><b><span class=\"lh-1\"><a style=\"color: #5d91bf\" href=\"https:\/\/goo.gl\/photos\/6RPKDUfeWtrtRpFBA\" target=\"_blank\" rel=\"noopener noreferrer\">ESCUELA DE ARTE 4\u00ba ESO<\/a><\/span><\/b><\/span><span class=\"font-size-10 lh-1\"><b> <span class=\"lh-1\"> (2016)<br \/>\n<\/span><\/b><\/span><\/span><\/li>\n<li><span style=\"color: #5d91bf\"><span class=\"font-size-10 lh-1\"><b><a style=\"color: #5d91bf\" href=\"https:\/\/goo.gl\/photos\/8UcsnQzr7cays8Vi9\" target=\"_blank\" rel=\"noopener noreferrer\">V CONCURSO DE TALENTOS<\/a><\/b><\/span> <span class=\"font-size-10 lh-1\"> <b>(2016)<\/b><br \/>\n<\/span><\/span><\/li>\n<li><span class=\"font-size-10 lh-1\" style=\"color: #5d91bf\"><b><a style=\"color: #5d91bf\" href=\"https:\/\/goo.gl\/photos\/ifuEfXpZHRf4HHST9\" target=\"_blank\" rel=\"noopener noreferrer\">CONCURSO entreREdes<\/a> (2016)<\/b><br \/>\n<\/span><\/li>\n<li><span class=\"font-size-10 lh-1\" style=\"color: #5d91bf\"><b><a style=\"color: #5d91bf\" href=\"https:\/\/goo.gl\/photos\/6HZyNGdgcXCwEvZC8\" target=\"_blank\" rel=\"noopener noreferrer\">PREPARACI\u00d3N BEL\u00c9N<\/a> (2016)<\/b><\/span><\/li>\n<li><span class=\"font-size-10 lh-1\" style=\"color: #5d91bf\"><b><a style=\"color: #5d91bf\" href=\"https:\/\/goo.gl\/photos\/hGff1uUWhDUAagKN6\" target=\"_blank\" rel=\"noopener noreferrer\">VIAJO CON MIS SENTIDOS<\/a> (2016)<\/b><\/span><\/li>\n<li><span class=\"lh-1 font-size-9\" style=\"color: #5d91bf\"><b><span class=\"lh-1\"><a style=\"color: #5d91bf\" href=\"https:\/\/goo.gl\/photos\/ttFNuAUV7giLa72x9\" target=\"_blank\" rel=\"noopener noreferrer\">ERASE UNA VEZ UN PICTOGRAMA<\/a> (2016)<\/span><\/b><\/span><\/li>\n<li><span class=\"font-size-10 lh-1\" style=\"color: #5d91bf\"><b><span class=\"lh-1\"><a style=\"color: #5d91bf\" href=\"https:\/\/goo.gl\/photos\/pGztBmWytetwUWrZ8\" target=\"_blank\" rel=\"noopener noreferrer\">D\u00cdA DE LA PAZ<\/a> (2017)<\/span><\/b><b><span class=\"lh-1\"><br \/>\n<\/span><\/b><\/span><\/li>\n<li><span style=\"color: #5d91bf\"><b><span class=\"lh-1 font-size-10\"><a style=\"color: #5d91bf\" href=\"https:\/\/photos.app.goo.gl\/t82KFi6nDxqeLrNT7\" target=\"_blank\" rel=\"noopener noreferrer\">OLIMPIADAS DEPORTIVAS<\/a>&nbsp; (2018)<\/span><\/b><\/span><\/li>\n<\/ul>\n<p>&nbsp;<\/p>\n","protected":false},"excerpt":{"rendered":"<p>OTROS &nbsp; V\u00cdDEO PROMOCI\u00d3N CORTOMETRAJES Y V\u00cdDEOS CLIP EN PAZ 2012\/2013 FORO IDEA (2014) JACE 2015 IV CONCURSO DE TALENTOS (2015) D\u00cdA INTERNACIONAL CONTRA LA VIOLENCIA DE G\u00c9NERO (2015) ESCUELA DE ARTE 4\u00ba ESO&#46;&#46;&#46;<\/p>\n","protected":false},"author":11374,"featured_media":0,"parent":0,"menu_order":0,"comment_status":"closed","ping_status":"closed","template":"","meta":{"ngg_post_thumbnail":0,"footnotes":"","_mc_calendar":[]},"aioseo_notices":[],"_links":{"self":[{"href":"https:\/\/blogsaverroes.juntadeandalucia.es\/iespabloneruda\/wp-json\/wp\/v2\/pages\/3125"}],"collection":[{"href":"https:\/\/blogsaverroes.juntadeandalucia.es\/iespabloneruda\/wp-json\/wp\/v2\/pages"}],"about":[{"href":"https:\/\/blogsaverroes.juntadeandalucia.es\/iespabloneruda\/wp-json\/wp\/v2\/types\/page"}],"author":[{"embeddable":true,"href":"https:\/\/blogsaverroes.juntadeandalucia.es\/iespabloneruda\/wp-json\/wp\/v2\/users\/11374"}],"replies":[{"embeddable":true,"href":"https:\/\/blogsaverroes.juntadeandalucia.es\/iespabloneruda\/wp-json\/wp\/v2\/comments?post=3125"}],"version-history":[{"count":1,"href":"https:\/\/blogsaverroes.juntadeandalucia.es\/iespabloneruda\/wp-json\/wp\/v2\/pages\/3125\/revisions"}],"predecessor-version":[{"id":3127,"href":"https:\/\/blogsaverroes.juntadeandalucia.es\/iespabloneruda\/wp-json\/wp\/v2\/pages\/3125\/revisions\/3127"}],"wp:attachment":[{"href":"https:\/\/blogsaverroes.juntadeandalucia.es\/iespabloneruda\/wp-json\/wp\/v2\/media?parent=3125"}],"curies":[{"name":"wp","href":"https:\/\/api.w.org\/{rel}","templated":true}]}}

<h3 style="text-align: center"><span style="color: #e11a1a">OTROS</span></h3>
<p><a href="https://blogsaverroes.juntadeandalucia.es/iespabloneruda/files/2021/07/OTROS.png"><img loading="lazy" decoding="async" class="size-full wp-image-3126 aligncenter" src="https://blogsaverroes.juntadeandalucia.es/iespabloneruda/files/2021/07/OTROS.png" alt="" width="284" height="178"></a></p>
<p>&nbsp;</p>
<ul>
<li><span class="font-size-10 lh-1" style="color: #5d91bf"><b><a style="color: #5d91bf" href="https://photos.app.goo.gl/rt184HTBimhGxHfR8" target="_blank" rel="noopener noreferrer">VÍDEO PROMOCIÓN</a></b></span></li>
<li><span class="font-size-10 lh-1" style="color: #5d91bf"><b><a style="color: #5d91bf" href="https://photos.app.goo.gl/4EhRsmSGeAZBDVNK7" target="_blank" rel="noopener noreferrer">CORTOMETRAJES Y VÍDEOS</a><br />
</b></span></li>
<li><span style="color: #5d91bf"><span class="font-size-10 lh-1"><b><a style="color: #5d91bf" href="https://photos.app.goo.gl/ysHCwayuDZ76xGWt9" target="_blank" rel="noopener noreferrer">CLIP EN PAZ 2012/2013</a></b></span><span class="font-size-10 lh-1"><br />
</span></span></li>
<li><span class="font-size-10 lh-1" style="color: #5d91bf"><b><a style="color: #5d91bf" href="https://photos.app.goo.gl/iphuR2SJRSExjig48" target="_blank" rel="noopener noreferrer">FORO IDEA</a> (2014)</b><br />
</span></li>
<li><span style="color: #5d91bf"><span class="font-size-10 lh-1"><b><a style="color: #5d91bf" href="https://photos.app.goo.gl/ADUDpeWvoxj9JhYeA" target="_blank" rel="noopener noreferrer">JACE 2015</a></b></span><span class="font-size-10 lh-1"><br />
</span></span></li>
<li><span class="font-size-10 lh-1" style="color: #5d91bf"><b><a style="color: #5d91bf" href="https://goo.gl/photos/cMiuDKr92vQQRZqd6" target="_blank" rel="noopener noreferrer">IV CONCURSO DE TALENTOS</a> (2015)</b><br />
</span></li>
<li><span class="font-size-10 lh-1" style="color: #5d91bf"><b><span class="lh-1"><a style="color: #5d91bf" href="https://goo.gl/photos/KBacukUA4DwsbXDu5" target="_blank" rel="noopener noreferrer">DÍA INTERNACIONAL CONTRA LA VIOLENCIA DE GÉNERO</a> (2015)</span></b></span></li>
<li><span style="color: #5d91bf"><span class="font-size-10 lh-1"><b><span class="lh-1"><a style="color: #5d91bf" href="https://goo.gl/photos/6RPKDUfeWtrtRpFBA" target="_blank" rel="noopener noreferrer">ESCUELA DE ARTE 4º ESO</a></span></b></span><span class="font-size-10 lh-1"><b> <span class="lh-1"> (2016)<br />
</span></b></span></span></li>
<li><span style="color: #5d91bf"><span class="font-size-10 lh-1"><b><a style="color: #5d91bf" href="https://goo.gl/photos/8UcsnQzr7cays8Vi9" target="_blank" rel="noopener noreferrer">V CONCURSO DE TALENTOS</a></b></span> <span class="font-size-10 lh-1"> <b>(2016)</b><br />
</span></span></li>
<li><span class="font-size-10 lh-1" style="color: #5d91bf"><b><a style="color: #5d91bf" href="https://goo.gl/photos/ifuEfXpZHRf4HHST9" target="_blank" rel="noopener noreferrer">CONCURSO entreREdes</a> (2016)</b><br />
</span></li>
<li><span class="font-size-10 lh-1" style="color: #5d91bf"><b><a style="color: #5d91bf" href="https://goo.gl/photos/6HZyNGdgcXCwEvZC8" target="_blank" rel="noopener noreferrer">PREPARACIÓN BELÉN</a> (2016)</b></span></li>
<li><span class="font-size-10 lh-1" style="color: #5d91bf"><b><a style="color: #5d91bf" href="https://goo.gl/photos/hGff1uUWhDUAagKN6" target="_blank" rel="noopener noreferrer">VIAJO CON MIS SENTIDOS</a> (2016)</b></span></li>
<li><span class="lh-1 font-size-9" style="color: #5d91bf"><b><span class="lh-1"><a style="color: #5d91bf" href="https://goo.gl/photos/ttFNuAUV7giLa72x9" target="_blank" rel="noopener noreferrer">ERASE UNA VEZ UN PICTOGRAMA</a> (2016)</span></b></span></li>
<li><span class="font-size-10 lh-1" style="color: #5d91bf"><b><span class="lh-1"><a style="color: #5d91bf" href="https://goo.gl/photos/pGztBmWytetwUWrZ8" target="_blank" rel="noopener noreferrer">DÍA DE LA PAZ</a> (2017)</span></b><b><span class="lh-1"><br />
</span></b></span></li>
<li><span style="color: #5d91bf"><b><span class="lh-1 font-size-10"><a style="color: #5d91bf" href="https://photos.app.goo.gl/t82KFi6nDxqeLrNT7" target="_blank" rel="noopener noreferrer">OLIMPIADAS DEPORTIVAS</a>&nbsp; (2018)</span></b></span></li>
</ul>
<p>&nbsp;</p>

<p>OTROS &nbsp; VÍDEO PROMOCIÓN CORTOMETRAJES Y VÍDEOS CLIP EN PAZ 2012/2013 FORO IDEA (2014) JACE 2015 IV CONCURSO DE TALENTOS (2015) DÍA INTERNACIONAL CONTRA LA VIOLENCIA DE GÉNERO (2015) ESCUELA DE ARTE 4º ESO&#46;&#46;&#46;</p>
