{"id":23,"date":"2020-01-10T07:41:50","date_gmt":"2020-01-10T06:41:50","guid":{"rendered":"http:\/\/blogsaverroes.juntadeandalucia.es\/pre\/nuevoiesv2\/?page_id=23"},"modified":"2025-09-29T14:17:10","modified_gmt":"2025-09-29T12:17:10","slug":"smr","status":"publish","type":"page","link":"https:\/\/blogsaverroes.juntadeandalucia.es\/iespablopicasso\/smr\/","title":{"rendered":"FP DUAL &#8211; CFGM Sistemas Microinform\u00e1ticos y Redes"},"content":{"rendered":"<p>[et_pb_section fb_built=&#8221;1&#8243; _builder_version=&#8221;4.16&#8243; custom_padding=&#8221;0px||0px|&#8221; z_index_tablet=&#8221;500&#8243; box_shadow_horizontal_tablet=&#8221;0px&#8221; box_shadow_vertical_tablet=&#8221;0px&#8221; box_shadow_blur_tablet=&#8221;40px&#8221; box_shadow_spread_tablet=&#8221;0px&#8221; global_colors_info=&#8221;{}&#8221;][et_pb_row _builder_version=&#8221;4.16&#8243; background_size=&#8221;initial&#8221; background_position=&#8221;top_left&#8221; background_repeat=&#8221;repeat&#8221; global_colors_info=&#8221;{}&#8221;][et_pb_column type=&#8221;4_4&#8243; _builder_version=&#8221;4.16&#8243; custom_padding=&#8221;|||&#8221; global_colors_info=&#8221;{}&#8221; custom_padding__hover=&#8221;|||&#8221;][et_pb_image src=&#8221;https:\/\/blogsaverroes.juntadeandalucia.es\/iespablopicasso\/files\/2020\/01\/cabecera-interior-ies-3-2.png&#8221; disabled_on=&#8221;on|on|on&#8221; admin_label=&#8221;Imagen de la portada&#8221; _builder_version=&#8221;4.16&#8243; vertical_offset_tablet=&#8221;0&#8243; horizontal_offset_tablet=&#8221;0&#8243; z_index_tablet=&#8221;500&#8243; box_shadow_horizontal_tablet=&#8221;0px&#8221; box_shadow_vertical_tablet=&#8221;0px&#8221; box_shadow_blur_tablet=&#8221;40px&#8221; box_shadow_spread_tablet=&#8221;0px&#8221; disabled=&#8221;on&#8221; global_colors_info=&#8221;{}&#8221;][\/et_pb_image][et_pb_text admin_label=&#8221;Texto descriptivo&#8221; _builder_version=&#8221;4.24.2&#8243; hover_enabled=&#8221;0&#8243; z_index_tablet=&#8221;500&#8243; text_text_shadow_horizontal_length_tablet=&#8221;0px&#8221; text_text_shadow_vertical_length_tablet=&#8221;0px&#8221; text_text_shadow_blur_strength_tablet=&#8221;1px&#8221; link_text_shadow_horizontal_length_tablet=&#8221;0px&#8221; link_text_shadow_vertical_length_tablet=&#8221;0px&#8221; link_text_shadow_blur_strength_tablet=&#8221;1px&#8221; ul_text_shadow_horizontal_length_tablet=&#8221;0px&#8221; ul_text_shadow_vertical_length_tablet=&#8221;0px&#8221; ul_text_shadow_blur_strength_tablet=&#8221;1px&#8221; ol_text_shadow_horizontal_length_tablet=&#8221;0px&#8221; ol_text_shadow_vertical_length_tablet=&#8221;0px&#8221; ol_text_shadow_blur_strength_tablet=&#8221;1px&#8221; quote_text_shadow_horizontal_length_tablet=&#8221;0px&#8221; quote_text_shadow_vertical_length_tablet=&#8221;0px&#8221; quote_text_shadow_blur_strength_tablet=&#8221;1px&#8221; header_text_shadow_horizontal_length_tablet=&#8221;0px&#8221; header_text_shadow_vertical_length_tablet=&#8221;0px&#8221; header_text_shadow_blur_strength_tablet=&#8221;1px&#8221; header_2_text_shadow_horizontal_length_tablet=&#8221;0px&#8221; header_2_text_shadow_vertical_length_tablet=&#8221;0px&#8221; header_2_text_shadow_blur_strength_tablet=&#8221;1px&#8221; header_3_text_shadow_horizontal_length_tablet=&#8221;0px&#8221; header_3_text_shadow_vertical_length_tablet=&#8221;0px&#8221; header_3_text_shadow_blur_strength_tablet=&#8221;1px&#8221; header_4_text_shadow_horizontal_length_tablet=&#8221;0px&#8221; header_4_text_shadow_vertical_length_tablet=&#8221;0px&#8221; header_4_text_shadow_blur_strength_tablet=&#8221;1px&#8221; header_5_text_shadow_horizontal_length_tablet=&#8221;0px&#8221; header_5_text_shadow_vertical_length_tablet=&#8221;0px&#8221; header_5_text_shadow_blur_strength_tablet=&#8221;1px&#8221; header_6_text_shadow_horizontal_length_tablet=&#8221;0px&#8221; header_6_text_shadow_vertical_length_tablet=&#8221;0px&#8221; header_6_text_shadow_blur_strength_tablet=&#8221;1px&#8221; box_shadow_horizontal_tablet=&#8221;0px&#8221; box_shadow_vertical_tablet=&#8221;0px&#8221; box_shadow_blur_tablet=&#8221;40px&#8221; box_shadow_spread_tablet=&#8221;0px&#8221; global_colors_info=&#8221;{}&#8221; sticky_enabled=&#8221;0&#8243;]<\/p>\n<h2>FP Dual &#8211; Ciclo Formativo de Grado Medio en Sistemas Microinform\u00e1ticos y Redes<\/h2>\n<p>&nbsp;<\/p>\n<p><span style=\"font-size: 14pt\">La&nbsp;<b>modalidad dual<\/b> te permite compaginar la realizaci\u00f3n de la formaci\u00f3n en el centro educativo y la formaci\u00f3n en la empresa. Nuestros proyectos tienen todos los m\u00f3dulos formativos en modalidad dual.<\/span><\/p>\n<p><span style=\"font-size: 14pt\">Las&nbsp;<strong>ventajas<\/strong> de esta modalidad son:<\/span><\/p>\n<ul>\n<li><span style=\"font-size: 14pt\">Incorporaci\u00f3n de herramientas y destrezas imprescindibles para ser parte del mundo laboral.<\/span><\/li>\n<li><span style=\"font-size: 14pt\">Formaci\u00f3n totalmente conectada con las necesidades reales de las empresas.<\/span><\/li>\n<li><span style=\"font-size: 14pt\">Alto porcentaje de inserci\u00f3n laboral en las empresas colaboradoras.<\/span><\/li>\n<li><span style=\"font-size: 14pt\">Proyecto formativo del centro educativo totalmente vinculado con la demanda actual de las empresas.<\/span><\/li>\n<li><span style=\"font-size: 14pt\">Profesorado formado y actualizado en contenidos punteros en las empresas.<\/span><\/li>\n<li><span style=\"font-size: 14pt\">Gran cantera de alumnado en las empresas formado para sus necesidades y facilitando as\u00ed la contrataci\u00f3n de nuevo personal.<\/span><\/li>\n<\/ul>\n<p>&nbsp;<\/p>\n<div class=\"WaaZC\">\n<div class=\"rPeykc\" data-hveid=\"CDkQAQ\" data-ved=\"2ahUKEwiukuX8kLyOAxWIVaQEHWQoITsQo_EKegQIORAB\"><span style=\"font-size: 14pt\" data-huuid=\"3146144498323699829\">El ciclo formativo de grado medio prepara a los estudiantes para instalar, configurar y mantener sistemas inform\u00e1ticos, tantos aislados como en red, as\u00ed como redes locales en peque\u00f1os entornos.&nbsp;<\/span><span data-huuid=\"3146144498323700114\"><span style=\"font-size: 14pt\">Este ciclo formativo capacita para trabajar en empresas de instalaci\u00f3n y mantenimiento de redes, servicios microinform\u00e1ticos, o departamentos de soporte inform\u00e1tico<\/span>.<\/span><\/div>\n<\/div>\n<div class=\"kHtcsd\">&nbsp;<\/div>\n<div>&nbsp;<\/div>\n<div class=\"WaaZC\">\n<div class=\"rPeykc pyPiTc\" data-hveid=\"CC0QAQ\" data-ved=\"2ahUKEwiukuX8kLyOAxWIVaQEHWQoITsQo_EKegQILRAB\"><strong><span style=\"font-size: 18pt\" data-huuid=\"3146144498323700684\">\u00bfQu\u00e9 aprender\u00e1s?<\/span><\/strong><\/div>\n<div data-hveid=\"CC0QAQ\" data-ved=\"2ahUKEwiukuX8kLyOAxWIVaQEHWQoITsQo_EKegQILRAB\">&nbsp;<\/div>\n<\/div>\n<div class=\"WaaZC\">\n<div class=\"rPeykc uP58nb MNX06c\" data-hveid=\"CDEQAQ\" data-ved=\"2ahUKEwiukuX8kLyOAxWIVaQEHWQoITsQo_EKegQIMRAB\"><span style=\"font-size: 14pt\" data-huuid=\"3146144498323701254\">Este ciclo formativo abarca una variedad de temas relacionados con la inform\u00e1tica y las redes, incluyendo:<\/span><\/div>\n<div data-hveid=\"CDEQAQ\" data-ved=\"2ahUKEwiukuX8kLyOAxWIVaQEHWQoITsQo_EKegQIMRAB\">&nbsp;<\/div>\n<\/div>\n<div class=\"WaaZC\">\n<ul>\n<li><span style=\"font-size: 14pt\"><strong>Montaje y mantenimiento de equipos:<\/strong>&nbsp;Aprender\u00e1s a ensamblar, configurar y reparar equipos inform\u00e1ticos. <\/span><\/li>\n<li><span style=\"font-size: 14pt\"><strong>Sistemas operativos:<\/strong>&nbsp;Dominar\u00e1s tanto sistemas operativos de un solo usuario como sistemas operativos en red. <\/span><\/li>\n<li><span style=\"font-size: 14pt\"><strong>Redes locales:<\/strong>&nbsp;Adquirir\u00e1s conocimientos sobre la instalaci\u00f3n, configuraci\u00f3n y administraci\u00f3n de redes locales. <\/span><\/li>\n<li><span style=\"font-size: 14pt\"><strong>Seguridad inform\u00e1tica:<\/strong>&nbsp;Aprender\u00e1s a proteger los sistemas y redes contra amenazas inform\u00e1ticas. <\/span><\/li>\n<li><span style=\"font-size: 14pt\"><strong>Servicios en red:<\/strong>&nbsp;Comprender\u00e1s c\u00f3mo funcionan y se configuran los servicios que se ofrecen a trav\u00e9s de redes. <\/span><\/li>\n<li><span style=\"font-size: 14pt\"><strong>Aplicaciones ofim\u00e1ticas y web:<\/strong> Te familiarizar\u00e1s con el uso de aplicaciones de oficina y el desarrollo de aplicaciones web b\u00e1sicas.<\/span>\n<div class=\"BMebGe btku5b fCrZyc LwdV0e FR7ZSc OJeuxf\" role=\"button\" aria-label=\"Ver enlaces relacionados\" data-hveid=\"CKoBEAE\" data-ved=\"2ahUKEwiukuX8kLyOAxWIVaQEHWQoITsQ3fYKegUIqgEQAQ\">\n<div class=\"niO4u\">\n<div class=\"kHtcsd\">&nbsp;<\/div>\n<\/div>\n<\/div>\n<\/li>\n<\/ul>\n<\/div>\n<div class=\"WaaZC\">\n<div id=\"zNp0aK78F4irkdUP5NCE2QM__83\" class=\"bsmXxe\">&nbsp;<\/div>\n<\/div>\n<div data-hveid=\"CJYBEAE\" data-ved=\"2ahUKEwiukuX8kLyOAxWIVaQEHWQoITsQo_EKegUIlgEQAQ\">&nbsp;<strong><span style=\"font-size: 18pt\" data-huuid=\"3146144498323699047\">Salidas profesionales<\/span><\/strong><\/div>\n<div class=\"WaaZC\">\n<div id=\"zNp0aK78F4irkdUP5NCE2QM__83\" class=\"bsmXxe\">\n<div data-hveid=\"CJYBEAE\" data-ved=\"2ahUKEwiukuX8kLyOAxWIVaQEHWQoITsQo_EKegUIlgEQAQ\">&nbsp;<\/div>\n<\/div>\n<\/div>\n<div class=\"WaaZC\">\n<div id=\"zNp0aK78F4irkdUP5NCE2QM__54\" class=\"bsmXxe\">\n<div class=\"rPeykc\" data-hveid=\"CKUBEAE\" data-ved=\"2ahUKEwiukuX8kLyOAxWIVaQEHWQoITsQo_EKegUIpQEQAQ\"><span style=\"font-size: 14pt\" data-huuid=\"3146144498323699617\">Los t\u00e9cnicos\/as en Sistemas Microinform\u00e1ticos y Redes pueden optar a diversos puestos de trabajo, como:<\/span><\/div>\n<div data-hveid=\"CKUBEAE\" data-ved=\"2ahUKEwiukuX8kLyOAxWIVaQEHWQoITsQo_EKegUIpQEQAQ\">&nbsp;<\/div>\n<ul>\n<li class=\"rPeykc\" data-hveid=\"CKUBEAE\" data-ved=\"2ahUKEwiukuX8kLyOAxWIVaQEHWQoITsQo_EKegUIpQEQAQ\"><span style=\"font-size: 14pt\">reparador\/a de equipos inform\u00e1ticos<\/span><\/li>\n<li class=\"rPeykc\" data-hveid=\"CKUBEAE\" data-ved=\"2ahUKEwiukuX8kLyOAxWIVaQEHWQoITsQo_EKegUIpQEQAQ\"><span style=\"font-size: 14pt\">t\u00e9cnico\/a de soporte inform\u00e1tico<\/span><\/li>\n<li class=\"rPeykc\" data-hveid=\"CKUBEAE\" data-ved=\"2ahUKEwiukuX8kLyOAxWIVaQEHWQoITsQo_EKegUIpQEQAQ\"><span style=\"font-size: 14pt\">t\u00e9cnico\/a de redes de datos<\/span><\/li>\n<li class=\"rPeykc\" data-hveid=\"CKUBEAE\" data-ved=\"2ahUKEwiukuX8kLyOAxWIVaQEHWQoITsQo_EKegUIpQEQAQ\"><span style=\"font-size: 14pt\">comercial de microinform\u00e1tica<\/span><\/li>\n<li class=\"rPeykc\" data-hveid=\"CKUBEAE\" data-ved=\"2ahUKEwiukuX8kLyOAxWIVaQEHWQoITsQo_EKegUIpQEQAQ\"><span style=\"font-size: 14pt\">operador\/a de teleasistencia<\/span><\/li>\n<\/ul>\n<p>&nbsp;<\/p>\n<p><span style=\"font-size: 14pt\">Pode\u00eds consultar m\u00e1s informaci\u00f3n sobre nuestros ciclos en este<a href=\"https:\/\/fpiespablopicasso.es\/\"><strong> enlace<\/strong>.<\/a><\/span><\/p>\n<\/div>\n<\/div>\n<p>[\/et_pb_text][\/et_pb_column][\/et_pb_row][\/et_pb_section]<\/p>\n","protected":false},"excerpt":{"rendered":"<p>FP Dual &#8211; Ciclo Formativo de Grado Medio en Sistemas Microinform\u00e1ticos y Redes &nbsp; La&nbsp;modalidad dual te permite compaginar la realizaci\u00f3n de la formaci\u00f3n en el centro educativo y la formaci\u00f3n en la empresa. Nuestros proyectos tienen todos los m\u00f3dulos formativos en modalidad dual. Las&nbsp;ventajas de esta modalidad son: Incorporaci\u00f3n de herramientas y destrezas imprescindibles [&hellip;]<\/p>\n","protected":false},"author":7051,"featured_media":0,"parent":0,"menu_order":0,"comment_status":"closed","ping_status":"closed","template":"","meta":{"_et_pb_use_builder":"on","_et_pb_old_content":"","_et_gb_content_width":"","ngg_post_thumbnail":0,"footnotes":""},"aioseo_notices":[],"_links":{"self":[{"href":"https:\/\/blogsaverroes.juntadeandalucia.es\/iespablopicasso\/wp-json\/wp\/v2\/pages\/23"}],"collection":[{"href":"https:\/\/blogsaverroes.juntadeandalucia.es\/iespablopicasso\/wp-json\/wp\/v2\/pages"}],"about":[{"href":"https:\/\/blogsaverroes.juntadeandalucia.es\/iespablopicasso\/wp-json\/wp\/v2\/types\/page"}],"author":[{"embeddable":true,"href":"https:\/\/blogsaverroes.juntadeandalucia.es\/iespablopicasso\/wp-json\/wp\/v2\/users\/7051"}],"replies":[{"embeddable":true,"href":"https:\/\/blogsaverroes.juntadeandalucia.es\/iespablopicasso\/wp-json\/wp\/v2\/comments?post=23"}],"version-history":[{"count":13,"href":"https:\/\/blogsaverroes.juntadeandalucia.es\/iespablopicasso\/wp-json\/wp\/v2\/pages\/23\/revisions"}],"predecessor-version":[{"id":1049,"href":"https:\/\/blogsaverroes.juntadeandalucia.es\/iespablopicasso\/wp-json\/wp\/v2\/pages\/23\/revisions\/1049"}],"wp:attachment":[{"href":"https:\/\/blogsaverroes.juntadeandalucia.es\/iespablopicasso\/wp-json\/wp\/v2\/media?parent=23"}],"curies":[{"name":"wp","href":"https:\/\/api.w.org\/{rel}","templated":true}]}}