{"id":26,"date":"2020-01-10T07:42:54","date_gmt":"2020-01-10T06:42:54","guid":{"rendered":"http:\/\/blogsaverroes.juntadeandalucia.es\/pre\/nuevoiesv2\/?page_id=26"},"modified":"2025-09-29T14:16:51","modified_gmt":"2025-09-29T12:16:51","slug":"dam","status":"publish","type":"page","link":"https:\/\/blogsaverroes.juntadeandalucia.es\/iespablopicasso\/dam\/","title":{"rendered":"FP DUAL &#8211; CFGS Desarrollo de Aplicaciones Inform\u00e1ticas"},"content":{"rendered":"<p>[et_pb_section fb_built=&#8221;1&#8243; _builder_version=&#8221;4.16&#8243; custom_padding=&#8221;0px||0px|&#8221; z_index_tablet=&#8221;500&#8243; box_shadow_horizontal_tablet=&#8221;0px&#8221; box_shadow_vertical_tablet=&#8221;0px&#8221; box_shadow_blur_tablet=&#8221;40px&#8221; box_shadow_spread_tablet=&#8221;0px&#8221; global_colors_info=&#8221;{}&#8221;][et_pb_row _builder_version=&#8221;4.16&#8243; background_size=&#8221;initial&#8221; background_position=&#8221;top_left&#8221; background_repeat=&#8221;repeat&#8221; global_colors_info=&#8221;{}&#8221;][et_pb_column type=&#8221;4_4&#8243; _builder_version=&#8221;4.16&#8243; custom_padding=&#8221;|||&#8221; global_colors_info=&#8221;{}&#8221; custom_padding__hover=&#8221;|||&#8221;][et_pb_image src=&#8221;https:\/\/blogsaverroes.juntadeandalucia.es\/iespablopicasso\/files\/2020\/01\/cabecera-interior-ies-3-3.png&#8221; disabled_on=&#8221;on|on|on&#8221; admin_label=&#8221;Imagen de la portada&#8221; _builder_version=&#8221;4.16&#8243; vertical_offset_tablet=&#8221;0&#8243; horizontal_offset_tablet=&#8221;0&#8243; z_index_tablet=&#8221;500&#8243; box_shadow_horizontal_tablet=&#8221;0px&#8221; box_shadow_vertical_tablet=&#8221;0px&#8221; box_shadow_blur_tablet=&#8221;40px&#8221; box_shadow_spread_tablet=&#8221;0px&#8221; disabled=&#8221;on&#8221; global_colors_info=&#8221;{}&#8221;][\/et_pb_image][et_pb_text admin_label=&#8221;Texto descriptivo&#8221; _builder_version=&#8221;4.24.2&#8243; hover_enabled=&#8221;0&#8243; z_index_tablet=&#8221;500&#8243; text_text_shadow_horizontal_length_tablet=&#8221;0px&#8221; text_text_shadow_vertical_length_tablet=&#8221;0px&#8221; text_text_shadow_blur_strength_tablet=&#8221;1px&#8221; link_text_shadow_horizontal_length_tablet=&#8221;0px&#8221; link_text_shadow_vertical_length_tablet=&#8221;0px&#8221; link_text_shadow_blur_strength_tablet=&#8221;1px&#8221; ul_text_shadow_horizontal_length_tablet=&#8221;0px&#8221; ul_text_shadow_vertical_length_tablet=&#8221;0px&#8221; ul_text_shadow_blur_strength_tablet=&#8221;1px&#8221; ol_text_shadow_horizontal_length_tablet=&#8221;0px&#8221; ol_text_shadow_vertical_length_tablet=&#8221;0px&#8221; ol_text_shadow_blur_strength_tablet=&#8221;1px&#8221; quote_text_shadow_horizontal_length_tablet=&#8221;0px&#8221; quote_text_shadow_vertical_length_tablet=&#8221;0px&#8221; quote_text_shadow_blur_strength_tablet=&#8221;1px&#8221; header_text_shadow_horizontal_length_tablet=&#8221;0px&#8221; header_text_shadow_vertical_length_tablet=&#8221;0px&#8221; header_text_shadow_blur_strength_tablet=&#8221;1px&#8221; header_2_text_shadow_horizontal_length_tablet=&#8221;0px&#8221; header_2_text_shadow_vertical_length_tablet=&#8221;0px&#8221; header_2_text_shadow_blur_strength_tablet=&#8221;1px&#8221; header_3_text_shadow_horizontal_length_tablet=&#8221;0px&#8221; header_3_text_shadow_vertical_length_tablet=&#8221;0px&#8221; header_3_text_shadow_blur_strength_tablet=&#8221;1px&#8221; header_4_text_shadow_horizontal_length_tablet=&#8221;0px&#8221; header_4_text_shadow_vertical_length_tablet=&#8221;0px&#8221; header_4_text_shadow_blur_strength_tablet=&#8221;1px&#8221; header_5_text_shadow_horizontal_length_tablet=&#8221;0px&#8221; header_5_text_shadow_vertical_length_tablet=&#8221;0px&#8221; header_5_text_shadow_blur_strength_tablet=&#8221;1px&#8221; header_6_text_shadow_horizontal_length_tablet=&#8221;0px&#8221; header_6_text_shadow_vertical_length_tablet=&#8221;0px&#8221; header_6_text_shadow_blur_strength_tablet=&#8221;1px&#8221; box_shadow_horizontal_tablet=&#8221;0px&#8221; box_shadow_vertical_tablet=&#8221;0px&#8221; box_shadow_blur_tablet=&#8221;40px&#8221; box_shadow_spread_tablet=&#8221;0px&#8221; global_colors_info=&#8221;{}&#8221; sticky_enabled=&#8221;0&#8243;]<\/p>\n<h2>FP Dual &#8211; Ciclo Formativo de Grado Superior en Desarrollo de Aplicaciones Multiplataforma<\/h2>\n<p>&nbsp;<\/p>\n<p><span style=\"font-size: 14pt\">La&nbsp;<b>modalidad dual<\/b> te permite compaginar la realizaci\u00f3n de la formaci\u00f3n en el centro educativo y la formaci\u00f3n en la empresa. Nuestros proyectos tienen todos los m\u00f3dulos formativos en modalidad dual.<\/span><\/p>\n<p><span style=\"font-size: 14pt\">Las&nbsp;<strong>ventajas<\/strong> de esta modalidad son:<\/span><\/p>\n<ul>\n<li><span style=\"font-size: 14pt\">Incorporaci\u00f3n de herramientas y destrezas imprescindibles para ser parte del mundo laboral.<\/span><\/li>\n<li><span style=\"font-size: 14pt\">Formaci\u00f3n totalmente conectada con las necesidades reales de las empresas.<\/span><\/li>\n<li><span style=\"font-size: 14pt\">Alto porcentaje de inserci\u00f3n laboral en las empresas colaboradoras.<\/span><\/li>\n<li><span style=\"font-size: 14pt\">Proyecto formativo del centro educativo totalmente vinculado con la demanda actual de las empresas.<\/span><\/li>\n<li><span style=\"font-size: 14pt\">Profesorado formado y actualizado en contenidos punteros en las empresas.<\/span><\/li>\n<li><span style=\"font-size: 14pt\">Gran cantera de alumnado en las empresas formado para sus necesidades y facilitando as\u00ed la contrataci\u00f3n de nuevo personal.<\/span><\/li>\n<\/ul>\n<p>&nbsp;<\/p>\n<div class=\"WaaZC\">\n<div class=\"rPeykc\" data-hveid=\"CDkQAQ\" data-ved=\"2ahUKEwiukuX8kLyOAxWIVaQEHWQoITsQo_EKegQIORAB\"><span style=\"font-size: 14pt\" data-huuid=\"3146144498323700114\">Los m\u00f3dulos de un ciclo formativo de Desarrollo de Aplicaciones Multiplataforma (DAM) incluyen materias como sistemas inform\u00e1ticos, bases de datos, programaci\u00f3n, lenguaje de marcas, entornos de desarrollo, acceso a datos, desarrollo de interfaces, programaci\u00f3n en dispositivos m\u00f3viles, programaci\u00f3n de servicios, sistemas de gesti\u00f3n empresarial e ingl\u00e9s profesional, entre otras.<\/span><\/div>\n<\/div>\n<div class=\"kHtcsd\">&nbsp;<\/div>\n<div>&nbsp;<\/div>\n<div class=\"WaaZC\">\n<div class=\"rPeykc pyPiTc\" data-hveid=\"CC0QAQ\" data-ved=\"2ahUKEwiukuX8kLyOAxWIVaQEHWQoITsQo_EKegQILRAB\"><strong><span style=\"font-size: 18pt\" data-huuid=\"3146144498323700684\">\u00bfQu\u00e9 aprender\u00e1s?<\/span><\/strong><\/div>\n<div data-hveid=\"CC0QAQ\" data-ved=\"2ahUKEwiukuX8kLyOAxWIVaQEHWQoITsQo_EKegQILRAB\">&nbsp;<\/div>\n<div data-hveid=\"CC0QAQ\" data-ved=\"2ahUKEwiukuX8kLyOAxWIVaQEHWQoITsQo_EKegQILRAB\"><span style=\"font-size: 14pt\">A continuaci\u00f3n, se detallan algunos de los m\u00f3dulos m\u00e1s importantes:<\/span><\/div>\n<div data-hveid=\"CC0QAQ\" data-ved=\"2ahUKEwiukuX8kLyOAxWIVaQEHWQoITsQo_EKegQILRAB\">&nbsp;<\/div>\n<\/div>\n<div class=\"WaaZC\">\n<div class=\"rPeykc uP58nb MNX06c\" data-hveid=\"CDEQAQ\" data-ved=\"2ahUKEwiukuX8kLyOAxWIVaQEHWQoITsQo_EKegQIMRAB\">\n<div class=\"WaaZC\">\n<div class=\"RJPOee EIJn2\">\n<ul data-hveid=\"CDMQAQ\" data-ved=\"2ahUKEwjc2sjplbyOAxWNTKQEHcV6KL4Qm_YKegQIMxAB\">\n<li class=\"K3KsMc\">\n<div class=\"zMgcWd dSKvsb\" data-il=\"\">\n<div data-crb-p=\"\">\n<div class=\"xFTqob\">\n<div class=\"Gur8Ad\"><span style=\"font-size: 14pt\"><strong>Sistemas Inform\u00e1ticos: <\/strong>este m\u00f3dulo abarca el estudio de la arquitectura de computadoras, sistemas operativos y redes, proporcionando una base s\u00f3lida para comprender el entorno donde se ejecutan las aplicaciones.<span class=\"pjBG2e\" data-cid=\"70a5d361-e1bf-460e-8b5f-2d7fae7890ee\"><span class=\"UV3uM\">&nbsp;<\/span><\/span><\/span><\/div>\n<\/div>\n<\/div>\n<\/div>\n<\/li>\n<li class=\"K3KsMc\">\n<div class=\"zMgcWd dSKvsb\" data-il=\"\">\n<div data-crb-p=\"\">\n<div class=\"xFTqob\">\n<div class=\"Gur8Ad\"><span style=\"font-size: 14pt\"><strong>Bases de Datos: <\/strong>se centra en el dise\u00f1o, implementaci\u00f3n y gesti\u00f3n de bases de datos, incluyendo bases de datos relacionales y no relacionales, as\u00ed como la manipulaci\u00f3n de datos.<span class=\"pjBG2e\" data-cid=\"ab3171b5-7477-4e67-9a64-2b4aa3b838f1\"><span class=\"UV3uM\">&nbsp;<\/span><\/span><\/span><\/div>\n<\/div>\n<\/div>\n<\/div>\n<\/li>\n<li class=\"K3KsMc\">\n<div class=\"zMgcWd dSKvsb\" data-il=\"\">\n<div data-crb-p=\"\">\n<div class=\"xFTqob\">\n<div class=\"Gur8Ad\"><span style=\"font-size: 14pt\"><strong>Programaci\u00f3n: <\/strong>este m\u00f3dulo introduce los fundamentos de la programaci\u00f3n, incluyendo diferentes lenguajes de programaci\u00f3n y paradigmas, preparando a los estudiantes para desarrollar aplicaciones.<span class=\"pjBG2e\" data-cid=\"b443561f-dc38-46fe-b1e7-840af6e5bc06\"><span class=\"UV3uM\">&nbsp;<\/span><\/span><\/span><\/div>\n<\/div>\n<\/div>\n<\/div>\n<\/li>\n<li class=\"K3KsMc\">\n<div class=\"zMgcWd dSKvsb\" data-il=\"\">\n<div data-crb-p=\"\">\n<div class=\"xFTqob\">\n<div class=\"Gur8Ad\"><span style=\"font-size: 14pt\"><strong>Entornos de Desarrollo: <\/strong>se exploran las herramientas y metodolog\u00edas utilizadas en el proceso de desarrollo de software, incluyendo sistemas de control de versiones y pruebas automatizadas.<span class=\"pjBG2e\" data-cid=\"589f0568-18df-4f8e-a2fd-0a86168a7c41\"><span class=\"UV3uM\">&nbsp;<\/span><\/span><\/span><\/div>\n<\/div>\n<\/div>\n<\/div>\n<\/li>\n<li class=\"K3KsMc\">\n<div class=\"zMgcWd dSKvsb\" data-il=\"\">\n<div data-crb-p=\"\">\n<div class=\"xFTqob\">\n<div class=\"Gur8Ad\"><span style=\"font-size: 14pt\"><strong>Desarrollo de Interfaces: <\/strong>este m\u00f3dulo se enfoca en el dise\u00f1o y creaci\u00f3n de interfaces de usuario atractivas e intuitivas para diferentes plataformas.<span class=\"pjBG2e\" data-cid=\"652e0113-2df3-4f4a-8e82-f068543483ff\"><span class=\"UV3uM\">&nbsp;<\/span><\/span><\/span><\/div>\n<\/div>\n<\/div>\n<\/div>\n<\/li>\n<li class=\"K3KsMc\">\n<div class=\"zMgcWd dSKvsb\" data-il=\"\">\n<div data-crb-p=\"\">\n<div class=\"xFTqob\">\n<div class=\"Gur8Ad\"><span style=\"font-size: 14pt\"><strong>Programaci\u00f3n Multimedia y Dispositivos M\u00f3viles: <\/strong>se estudian las tecnolog\u00edas y herramientas necesarias para desarrollar aplicaciones para dispositivos m\u00f3viles, como tel\u00e9fonos inteligentes y tabletas.<span class=\"pjBG2e\" data-cid=\"37197776-92eb-49f9-89f9-3d1b5107e3f5\"><span class=\"UV3uM\">&nbsp;<\/span><\/span><\/span><\/div>\n<\/div>\n<\/div>\n<\/div>\n<\/li>\n<li class=\"K3KsMc\">\n<div class=\"zMgcWd dSKvsb\" data-il=\"\">\n<div data-crb-p=\"\">\n<div class=\"xFTqob\">\n<div class=\"Gur8Ad\"><span style=\"font-size: 14pt\" data-huuid=\"11003304418701296846\"><strong>Proyecto de Desarrollo de Aplicaciones Multiplataforma: <\/strong><\/span><span data-huuid=\"11003304418701299659\"><span style=\"font-size: 14pt\">es un m\u00f3dulo final donde se aplica todo lo aprendido en el ciclo para desarrollar un proyecto completo de una aplicaci\u00f3n multiplatafor<\/span>ma.<\/span><\/div>\n<\/div>\n<\/div>\n<div class=\"niO4u\">\n<div class=\"kHtcsd\">&nbsp;<\/div>\n<\/div>\n<\/div>\n<\/li>\n<\/ul>\n<\/div>\n<\/div>\n<\/div>\n<\/div>\n<div class=\"WaaZC\">&nbsp;<\/div>\n<div class=\"WaaZC\">\n<div id=\"zNp0aK78F4irkdUP5NCE2QM__83\" class=\"bsmXxe\">&nbsp;<\/div>\n<\/div>\n<div data-hveid=\"CJYBEAE\" data-ved=\"2ahUKEwiukuX8kLyOAxWIVaQEHWQoITsQo_EKegUIlgEQAQ\">&nbsp;<strong><span style=\"font-size: 18pt\" data-huuid=\"3146144498323699047\">Salidas profesionales<\/span><\/strong><\/div>\n<div class=\"WaaZC\">\n<div id=\"zNp0aK78F4irkdUP5NCE2QM__83\" class=\"bsmXxe\">\n<div data-hveid=\"CJYBEAE\" data-ved=\"2ahUKEwiukuX8kLyOAxWIVaQEHWQoITsQo_EKegUIlgEQAQ\">&nbsp;<\/div>\n<\/div>\n<\/div>\n<div class=\"WaaZC\">\n<div id=\"zNp0aK78F4irkdUP5NCE2QM__54\" class=\"bsmXxe\">\n<div class=\"rPeykc\" data-hveid=\"CKUBEAE\" data-ved=\"2ahUKEwiukuX8kLyOAxWIVaQEHWQoITsQo_EKegUIpQEQAQ\">\n<div class=\"WaaZC\">\n<div class=\"RJPOee EIJn2\">\n<div class=\"rPeykc\" data-hveid=\"CAMQAQ\" data-ved=\"2ahUKEwiIxauFl7yOAxVgdqQEHR-4HBUQo_EKegQIAxAB\">\n<p><span style=\"font-size: 14pt\">El desarrollo de aplicaciones multiplataforma ofrece diversas salidas profesionales, incluyendo desarrollador de aplicaciones m\u00f3viles, t\u00e9cnico de sistemas, programador inform\u00e1tico, desarrollador de software, gestor de bases de datos, dise\u00f1ador web y t\u00e9cnico en seguridad inform\u00e1tica.&nbsp;Tambi\u00e9n, puedes trabajar en el an\u00e1lisis, dise\u00f1o, y gesti\u00f3n de proyectos tanto en el sector p\u00fablico como privado. Adem\u00e1s, puedes especializarte en \u00e1reas como desarrollo de videojuegos o consultor\u00eda en estrategia digital.<span class=\"pjBG2e\" data-cid=\"0f59cd9c-444b-4d9d-afae-b79494d0da2a\"><span class=\"UV3uM\">&nbsp;<\/span><\/span><\/span><\/p>\n<div class=\"NPrrbc\" data-cid=\"0f59cd9c-444b-4d9d-afae-b79494d0da2a\" data-uuids=\"17119031776210289362,17119031776210288799,17119031776210292332\">\n<div class=\"BMebGe btku5b fCrZyc LwdV0e FR7ZSc OJeuxf\" role=\"button\" aria-label=\"Ver enlaces relacionados\" data-hveid=\"CAUQAQ\" data-ved=\"2ahUKEwiIxauFl7yOAxVgdqQEHR-4HBUQ3fYKegQIBRAB\">\n<div class=\"niO4u\">\n<div class=\"kHtcsd\">&nbsp;<\/div>\n<\/div>\n<\/div>\n<\/div>\n<\/div>\n<\/div>\n<\/div>\n<div class=\"WaaZC\">\n<div class=\"RJPOee EIJn2\">\n<div class=\"rPeykc pyPiTc\" data-hveid=\"CA0QAQ\" data-ved=\"2ahUKEwiIxauFl7yOAxVgdqQEHR-4HBUQo_EKegQIDRAB\"><span style=\"font-size: 14pt\" data-huuid=\"17119031776210289011\">Posibles roles y \u00e1reas de especializaci\u00f3n:<\/span><\/div>\n<div data-hveid=\"CA0QAQ\" data-ved=\"2ahUKEwiIxauFl7yOAxVgdqQEHR-4HBUQo_EKegQIDRAB\">&nbsp;<\/div>\n<\/div>\n<\/div>\n<div class=\"WaaZC\">\n<div class=\"RJPOee EIJn2\">\n<ul data-hveid=\"CDUQAQ\" data-ved=\"2ahUKEwiIxauFl7yOAxVgdqQEHR-4HBUQm_YKegQINRAB\">\n<li><span style=\"font-size: 14pt\"><strong>Desarrollador de aplicaciones m\u00f3viles:<\/strong> crea aplicaciones que funcionan en diferentes sistemas operativos m\u00f3viles como Android e iOS.<span class=\"pjBG2e\" data-cid=\"63fbed52-0fc0-4ca6-abe5-3b6346caac36\"><span class=\"UV3uM\">&nbsp;<\/span><\/span><\/span>\n<div class=\"NPrrbc\" data-cid=\"63fbed52-0fc0-4ca6-abe5-3b6346caac36\" data-uuids=\"17119031776210291418,17119031776210290855\">\n<div class=\"BMebGe btku5b fCrZyc LwdV0e FR7ZSc OJeuxf\" role=\"button\" aria-label=\"Ver enlaces relacionados\" data-hveid=\"CC4QAQ\" data-ved=\"2ahUKEwiIxauFl7yOAxVgdqQEHR-4HBUQ3fYKegQILhAB\">\n<div class=\"niO4u\">\n<div class=\"kHtcsd\">&nbsp;<\/div>\n<\/div>\n<\/div>\n<\/div>\n<\/li>\n<li><span style=\"font-size: 14pt\"><strong>Desarrollador de software:<\/strong> dise\u00f1a, crea y mantiene software para diversas plataformas.<span class=\"pjBG2e\" data-cid=\"e61c5bae-0cee-4c4a-91a7-35ad7880edf0\"><span class=\"UV3uM\">&nbsp;<\/span><\/span><\/span>\n<div class=\"NPrrbc\" data-cid=\"e61c5bae-0cee-4c4a-91a7-35ad7880edf0\" data-uuids=\"17119031776210289729,17119031776210289166\">\n<div class=\"BMebGe btku5b fCrZyc LwdV0e FR7ZSc OJeuxf\" role=\"button\" aria-label=\"Ver enlaces relacionados\" data-hveid=\"CCsQAQ\" data-ved=\"2ahUKEwiIxauFl7yOAxVgdqQEHR-4HBUQ3fYKegQIKxAB\">\n<div class=\"niO4u\">\n<div class=\"kHtcsd\">&nbsp;<\/div>\n<\/div>\n<\/div>\n<\/div>\n<\/li>\n<li><span style=\"font-size: 14pt\"><strong>Analista de sistemas:<\/strong> planifica el desarrollo de software, analizando requisitos y habilidades.<span class=\"pjBG2e\" data-cid=\"edc4da1a-c4a0-4f6e-aba0-72f7569cf185\"><span class=\"UV3uM\">&nbsp;<\/span><\/span><\/span>\n<div class=\"NPrrbc\" data-cid=\"edc4da1a-c4a0-4f6e-aba0-72f7569cf185\" data-uuids=\"17119031776210292136,17119031776210291573\">\n<div class=\"BMebGe btku5b fCrZyc LwdV0e FR7ZSc OJeuxf\" role=\"button\" aria-label=\"Ver enlaces relacionados\" data-hveid=\"CCwQAQ\" data-ved=\"2ahUKEwiIxauFl7yOAxVgdqQEHR-4HBUQ3fYKegQILBAB\">\n<div class=\"niO4u\">\n<div class=\"kHtcsd\">&nbsp;<\/div>\n<\/div>\n<\/div>\n<\/div>\n<\/li>\n<li><span style=\"font-size: 14pt\"><strong>Arquitecto de software:<\/strong> dise\u00f1a la estructura y arquitectura del software.<span class=\"pjBG2e\" data-cid=\"1f704d4d-4955-405b-910e-09d5670db7d0\"><span class=\"UV3uM\">&nbsp;<\/span><\/span><\/span>\n<div class=\"NPrrbc\" data-cid=\"1f704d4d-4955-405b-910e-09d5670db7d0\" data-uuids=\"17119031776210290447,17119031776210289884\">\n<div class=\"BMebGe btku5b fCrZyc LwdV0e FR7ZSc OJeuxf\" role=\"button\" aria-label=\"Ver enlaces relacionados\" data-hveid=\"CCQQAQ\" data-ved=\"2ahUKEwiIxauFl7yOAxVgdqQEHR-4HBUQ3fYKegQIJBAB\">\n<div class=\"niO4u\">\n<div class=\"kHtcsd\">&nbsp;<\/div>\n<\/div>\n<\/div>\n<\/div>\n<\/li>\n<li><span style=\"font-size: 14pt\"><strong>Desarrollador de videojuegos:<\/strong> crea videojuegos para diferentes plataformas.<span class=\"pjBG2e\" data-cid=\"83442e51-1980-4d72-a2e0-f4468a37a4a2\"><span class=\"UV3uM\">&nbsp;<\/span><\/span><\/span>\n<div class=\"NPrrbc\" data-cid=\"83442e51-1980-4d72-a2e0-f4468a37a4a2\" data-uuids=\"17119031776210288758,17119031776210292291\">\n<div class=\"BMebGe btku5b fCrZyc LwdV0e FR7ZSc OJeuxf\" role=\"button\" aria-label=\"Ver enlaces relacionados\" data-hveid=\"CCoQAQ\" data-ved=\"2ahUKEwiIxauFl7yOAxVgdqQEHR-4HBUQ3fYKegQIKhAB\">\n<div class=\"niO4u\">\n<div class=\"kHtcsd\">&nbsp;<\/div>\n<\/div>\n<\/div>\n<\/div>\n<\/li>\n<li><span style=\"font-size: 14pt\"><strong>Consultor de estrategia digital:<\/strong> ofrece asesoramiento sobre estrategias digitales, incluyendo desarrollo multiplataforma.<span class=\"pjBG2e\" data-cid=\"188d8be6-00c8-4458-be75-d2ffc330cace\"><span class=\"UV3uM\">&nbsp;<\/span><\/span><\/span>\n<div class=\"NPrrbc\" data-cid=\"188d8be6-00c8-4458-be75-d2ffc330cace\" data-uuids=\"17119031776210291165,17119031776210290602\">\n<div class=\"BMebGe btku5b fCrZyc LwdV0e FR7ZSc OJeuxf\" role=\"button\" aria-label=\"Ver enlaces relacionados\" data-hveid=\"CCIQAQ\" data-ved=\"2ahUKEwiIxauFl7yOAxVgdqQEHR-4HBUQ3fYKegQIIhAB\">\n<div class=\"niO4u\">\n<div class=\"kHtcsd\">&nbsp;<\/div>\n<\/div>\n<\/div>\n<\/div>\n<\/li>\n<li><span style=\"font-size: 14pt\"><strong>Gestor de bases de datos:<\/strong> se encarga de la seguridad y gesti\u00f3n de bases de datos.<span class=\"pjBG2e\" data-cid=\"fe6b71ca-e1ef-42a6-bc5b-ca98f10c5a63\"><span class=\"UV3uM\">&nbsp;<\/span><\/span><\/span>\n<div class=\"NPrrbc\" data-cid=\"fe6b71ca-e1ef-42a6-bc5b-ca98f10c5a63\" data-uuids=\"17119031776210289476,17119031776210288913\">\n<div class=\"BMebGe btku5b fCrZyc LwdV0e FR7ZSc OJeuxf\" role=\"button\" aria-label=\"Ver enlaces relacionados\" data-hveid=\"CDAQAQ\" data-ved=\"2ahUKEwiIxauFl7yOAxVgdqQEHR-4HBUQ3fYKegQIMBAB\">\n<div class=\"niO4u\">\n<div class=\"kHtcsd\">&nbsp;<\/div>\n<\/div>\n<\/div>\n<\/div>\n<\/li>\n<li><span style=\"font-size: 14pt\"><strong>T\u00e9cnico de seguridad:<\/strong> garantiza la seguridad de las aplicaciones y sistemas.<span class=\"pjBG2e\" data-cid=\"dfbb0dba-ef82-4d8f-8884-3654fe13c894\"><span class=\"UV3uM\">&nbsp;<\/span><\/span><\/span>\n<div class=\"NPrrbc\" data-cid=\"dfbb0dba-ef82-4d8f-8884-3654fe13c894\" data-uuids=\"17119031776210291883,17119031776210291320\">\n<div class=\"BMebGe btku5b fCrZyc LwdV0e FR7ZSc OJeuxf\" role=\"button\" aria-label=\"Ver enlaces relacionados\" data-hveid=\"CCYQAQ\" data-ved=\"2ahUKEwiIxauFl7yOAxVgdqQEHR-4HBUQ3fYKegQIJhAB\">\n<div class=\"niO4u\">\n<div class=\"kHtcsd\">&nbsp;<\/div>\n<\/div>\n<\/div>\n<\/div>\n<\/li>\n<li><span style=\"font-size: 14pt\"><strong>Analista de calidad de software:<\/strong> realiza pruebas y revisiones para asegurar la calidad del software.<span class=\"pjBG2e\" data-cid=\"13a156ce-c3b6-4319-9a46-42dfea9f4561\"><span class=\"UV3uM\">&nbsp;<\/span><\/span><\/span><\/li>\n<\/ul>\n<p>&nbsp;<\/p>\n<p><span style=\"font-size: 14pt\">Pode\u00eds consultar m\u00e1s informaci\u00f3n sobre nuestros ciclos en el siguiente<a href=\"https:\/\/fpiespablopicasso.es\/\"><strong> enlace<\/strong>.<\/a><\/span><\/p>\n<\/div>\n<\/div>\n<\/div>\n<\/div>\n<\/div>\n<p>[\/et_pb_text][\/et_pb_column][\/et_pb_row][\/et_pb_section]<\/p>\n","protected":false},"excerpt":{"rendered":"<p>FP Dual &#8211; Ciclo Formativo de Grado Superior en Desarrollo de Aplicaciones Multiplataforma &nbsp; La&nbsp;modalidad dual te permite compaginar la realizaci\u00f3n de la formaci\u00f3n en el centro educativo y la formaci\u00f3n en la empresa. Nuestros proyectos tienen todos los m\u00f3dulos formativos en modalidad dual. Las&nbsp;ventajas de esta modalidad son: Incorporaci\u00f3n de herramientas y destrezas imprescindibles [&hellip;]<\/p>\n","protected":false},"author":7051,"featured_media":0,"parent":0,"menu_order":0,"comment_status":"closed","ping_status":"closed","template":"","meta":{"_et_pb_use_builder":"on","_et_pb_old_content":"","_et_gb_content_width":"","ngg_post_thumbnail":0,"footnotes":""},"aioseo_notices":[],"_links":{"self":[{"href":"https:\/\/blogsaverroes.juntadeandalucia.es\/iespablopicasso\/wp-json\/wp\/v2\/pages\/26"}],"collection":[{"href":"https:\/\/blogsaverroes.juntadeandalucia.es\/iespablopicasso\/wp-json\/wp\/v2\/pages"}],"about":[{"href":"https:\/\/blogsaverroes.juntadeandalucia.es\/iespablopicasso\/wp-json\/wp\/v2\/types\/page"}],"author":[{"embeddable":true,"href":"https:\/\/blogsaverroes.juntadeandalucia.es\/iespablopicasso\/wp-json\/wp\/v2\/users\/7051"}],"replies":[{"embeddable":true,"href":"https:\/\/blogsaverroes.juntadeandalucia.es\/iespablopicasso\/wp-json\/wp\/v2\/comments?post=26"}],"version-history":[{"count":9,"href":"https:\/\/blogsaverroes.juntadeandalucia.es\/iespablopicasso\/wp-json\/wp\/v2\/pages\/26\/revisions"}],"predecessor-version":[{"id":1051,"href":"https:\/\/blogsaverroes.juntadeandalucia.es\/iespablopicasso\/wp-json\/wp\/v2\/pages\/26\/revisions\/1051"}],"wp:attachment":[{"href":"https:\/\/blogsaverroes.juntadeandalucia.es\/iespablopicasso\/wp-json\/wp\/v2\/media?parent=26"}],"curies":[{"name":"wp","href":"https:\/\/api.w.org\/{rel}","templated":true}]}}