{"id":2983,"date":"2022-01-09T12:10:47","date_gmt":"2022-01-09T11:10:47","guid":{"rendered":"https:\/\/blogsaverroes.juntadeandalucia.es\/iespdelaguila\/?page_id=2983"},"modified":"2023-12-23T09:33:31","modified_gmt":"2023-12-23T08:33:31","slug":"geografia-e-historia","status":"publish","type":"page","link":"https:\/\/blogsaverroes.juntadeandalucia.es\/iespdelaguila\/geografia-e-historia\/","title":{"rendered":"Geograf\u00eda e Historia"},"content":{"rendered":"<p>[et_pb_section fb_built=&#8221;1&#8243; _builder_version=&#8221;3.23.3&#8243; custom_padding=&#8221;0px||0px|&#8221; z_index_tablet=&#8221;500&#8243; box_shadow_horizontal_tablet=&#8221;0px&#8221; box_shadow_vertical_tablet=&#8221;0px&#8221; box_shadow_blur_tablet=&#8221;40px&#8221; box_shadow_spread_tablet=&#8221;0px&#8221; global_colors_info=&#8221;{}&#8221;][et_pb_row _builder_version=&#8221;3.25&#8243; background_size=&#8221;initial&#8221; background_position=&#8221;top_left&#8221; background_repeat=&#8221;repeat&#8221; global_colors_info=&#8221;{}&#8221;][et_pb_column type=&#8221;4_4&#8243; _builder_version=&#8221;3.0.47&#8243; custom_padding=&#8221;|||&#8221; global_colors_info=&#8221;{}&#8221; custom_padding__hover=&#8221;|||&#8221;][et_pb_image src=&#8221;https:\/\/blogsaverroes.juntadeandalucia.es\/iespdelaguila\/files\/2022\/01\/03_geh.jpg&#8221; alt=&#8221;Banner Geograf\u00eda e Historia&#8221; title_text=&#8221;03_geh&#8221; force_fullwidth=&#8221;on&#8221; admin_label=&#8221;Imagen de la portada&#8221; _builder_version=&#8221;4.14.5&#8243; vertical_offset_tablet=&#8221;0&#8243; horizontal_offset_tablet=&#8221;0&#8243; z_index_tablet=&#8221;500&#8243; box_shadow_horizontal_tablet=&#8221;0px&#8221; box_shadow_vertical_tablet=&#8221;0px&#8221; box_shadow_blur_tablet=&#8221;40px&#8221; box_shadow_spread_tablet=&#8221;0px&#8221; global_colors_info=&#8221;{}&#8221;][\/et_pb_image][et_pb_text admin_label=&#8221;Cabecera de la p\u00e1gina&#8221; _builder_version=&#8221;4.14.5&#8243; _module_preset=&#8221;default&#8221; global_colors_info=&#8221;{}&#8221;]<\/p>\n<h1 style=\"text-align: center\"><strong>Departamento de Geograf\u00eda e Historia<\/strong><\/h1>\n<p>[\/et_pb_text][et_pb_text admin_label=&#8221;Texto descriptivo&#8221; _builder_version=&#8221;4.14.5&#8243; hover_enabled=&#8221;0&#8243; z_index_tablet=&#8221;500&#8243; text_text_shadow_horizontal_length_tablet=&#8221;0px&#8221; text_text_shadow_vertical_length_tablet=&#8221;0px&#8221; text_text_shadow_blur_strength_tablet=&#8221;1px&#8221; link_text_shadow_horizontal_length_tablet=&#8221;0px&#8221; link_text_shadow_vertical_length_tablet=&#8221;0px&#8221; link_text_shadow_blur_strength_tablet=&#8221;1px&#8221; ul_text_shadow_horizontal_length_tablet=&#8221;0px&#8221; ul_text_shadow_vertical_length_tablet=&#8221;0px&#8221; ul_text_shadow_blur_strength_tablet=&#8221;1px&#8221; ol_text_shadow_horizontal_length_tablet=&#8221;0px&#8221; ol_text_shadow_vertical_length_tablet=&#8221;0px&#8221; ol_text_shadow_blur_strength_tablet=&#8221;1px&#8221; quote_text_shadow_horizontal_length_tablet=&#8221;0px&#8221; quote_text_shadow_vertical_length_tablet=&#8221;0px&#8221; quote_text_shadow_blur_strength_tablet=&#8221;1px&#8221; header_text_shadow_horizontal_length_tablet=&#8221;0px&#8221; header_text_shadow_vertical_length_tablet=&#8221;0px&#8221; header_text_shadow_blur_strength_tablet=&#8221;1px&#8221; header_2_text_shadow_horizontal_length_tablet=&#8221;0px&#8221; header_2_text_shadow_vertical_length_tablet=&#8221;0px&#8221; header_2_text_shadow_blur_strength_tablet=&#8221;1px&#8221; header_3_text_shadow_horizontal_length_tablet=&#8221;0px&#8221; header_3_text_shadow_vertical_length_tablet=&#8221;0px&#8221; header_3_text_shadow_blur_strength_tablet=&#8221;1px&#8221; header_4_text_shadow_horizontal_length_tablet=&#8221;0px&#8221; header_4_text_shadow_vertical_length_tablet=&#8221;0px&#8221; header_4_text_shadow_blur_strength_tablet=&#8221;1px&#8221; header_5_text_shadow_horizontal_length_tablet=&#8221;0px&#8221; header_5_text_shadow_vertical_length_tablet=&#8221;0px&#8221; header_5_text_shadow_blur_strength_tablet=&#8221;1px&#8221; header_6_text_shadow_horizontal_length_tablet=&#8221;0px&#8221; header_6_text_shadow_vertical_length_tablet=&#8221;0px&#8221; header_6_text_shadow_blur_strength_tablet=&#8221;1px&#8221; box_shadow_horizontal_tablet=&#8221;0px&#8221; box_shadow_vertical_tablet=&#8221;0px&#8221; box_shadow_blur_tablet=&#8221;40px&#8221; box_shadow_spread_tablet=&#8221;0px&#8221; global_colors_info=&#8221;{}&#8221; sticky_enabled=&#8221;0&#8243;]<\/p>\n<div dir=\"auto\" style=\"text-align: justify\">La Historia tiene m\u00faltiples prop\u00f3sitos y funciones en la sociedad. A continuaci\u00f3n, te mencionar\u00e9 algunas de las principales:<\/div>\n<div dir=\"auto\" style=\"text-align: justify\">&nbsp;<\/div>\n<div dir=\"auto\" style=\"text-align: justify\">1. Comprender el pasado: La Historia nos permite comprender y estudiar c\u00f3mo han evolucionado las sociedades y las civilizaciones a lo largo del tiempo. Nos brinda informaci\u00f3n sobre los acontecimientos pasados, las acciones de individuos y grupos, y c\u00f3mo han influido en la configuraci\u00f3n del mundo actual.<\/div>\n<div dir=\"auto\" style=\"text-align: justify\">&nbsp;<\/div>\n<div dir=\"auto\" style=\"text-align: justify\">2. Identidad y sentido de pertenencia: La Historia juega un papel fundamental en la formaci\u00f3n de la identidad individual y colectiva. Nos ayuda a comprender nuestras ra\u00edces, tradiciones y valores culturales, proporcionando un sentido de pertenencia a una comunidad o naci\u00f3n.<\/div>\n<div dir=\"auto\" style=\"text-align: justify\">&nbsp;<\/div>\n<div dir=\"auto\" style=\"text-align: justify\">3. Toma de decisiones: El conocimiento hist\u00f3rico nos ayuda a tomar decisiones informadas en el presente y a planificar el futuro. Al analizar eventos pasados y sus consecuencias, podemos aprender lecciones y evitar cometer los mismos errores.<\/div>\n<div dir=\"auto\" style=\"text-align: justify\">&nbsp;<\/div>\n<div dir=\"auto\" style=\"text-align: justify\">4. Entender el cambio social: La Historia nos muestra c\u00f3mo han cambiado las estructuras sociales, las instituciones y las relaciones de poder a lo largo del tiempo. Esto nos permite entender los procesos de transformaci\u00f3n social y los factores que han influido en ellos.<\/div>\n<div dir=\"auto\" style=\"text-align: justify\">&nbsp;<\/div>\n<div dir=\"auto\" style=\"text-align: justify\">5. Desarrollo de la conciencia cr\u00edtica: El estudio de la Historia fomenta el pensamiento cr\u00edtico y la capacidad de an\u00e1lisis. Nos ayuda a cuestionar narrativas establecidas, a examinar diferentes perspectivas y a evaluar la validez de las fuentes de informaci\u00f3n.<\/div>\n<div dir=\"auto\" style=\"text-align: justify\">&nbsp;<\/div>\n<div dir=\"auto\" style=\"text-align: justify\">6. Preservaci\u00f3n de la memoria colectiva: La Historia es un medio para preservar la memoria colectiva de una sociedad. A trav\u00e9s de la investigaci\u00f3n y la documentaci\u00f3n de eventos pasados, se conserva y transmite el conocimiento para las generaciones futuras.<\/div>\n<div dir=\"auto\" style=\"text-align: justify\">&nbsp;<\/div>\n<div dir=\"auto\" style=\"text-align: justify\">7. Reflexi\u00f3n sobre la condici\u00f3n humana: La Historia nos permite reflexionar sobre la experiencia humana en diferentes contextos y per\u00edodos de tiempo. Nos ayuda a entender la diversidad de culturas, valores y creencias, as\u00ed como a comprender mejor la naturaleza humana y nuestra capacidad para el progreso y la superaci\u00f3n.<\/div>\n<div dir=\"auto\" style=\"text-align: justify\">&nbsp;<\/div>\n<div dir=\"auto\" style=\"text-align: justify\">Estos son solo algunos ejemplos de c\u00f3mo la Historia cumple una funci\u00f3n vital en la sociedad. Cabe destacar que su importancia radica en el an\u00e1lisis cr\u00edtico y en el uso responsable de la informaci\u00f3n hist\u00f3rica para promover el conocimiento, la comprensi\u00f3n y el di\u00e1logo entre las personas.<\/div>\n<div dir=\"auto\" style=\"text-align: justify\">&nbsp;<\/div>\n<div dir=\"auto\" style=\"text-align: right\"><span style=\"font-size: 8pt\">Texto escrito con IA<br \/><\/span><\/div>\n<p>[\/et_pb_text][et_pb_accordion open_toggle_text_color=&#8221;#8300E9&#8243; toggle_icon=&#8221;&#x50;||divi||400&#8243; icon_color=&#8221;#0C71C3&#8243; _builder_version=&#8221;4.14.5&#8243; _module_preset=&#8221;default&#8221; toggle_text_color=&#8221;RGBA(255,255,255,0)&#8221; body_line_height=&#8221;1.6em&#8221; custom_margin=&#8221;10px||||false|false&#8221; custom_padding=&#8221;20px||||false|false&#8221; closed_toggle_text_shadow_style=&#8221;preset1&#8243; box_shadow_style=&#8221;preset3&#8243; text_shadow_style=&#8221;preset1&#8243; global_colors_info=&#8221;{}&#8221;][et_pb_accordion_item title=&#8221;Miembros&#8221; open=&#8221;on&#8221; _builder_version=&#8221;4.14.5&#8243; _module_preset=&#8221;default&#8221; global_colors_info=&#8221;{}&#8221;]<\/p>\n<ul>\n<li><strong>D.&nbsp;Jos\u00e9 Manuel Maga\u00f1a Af\u00e1n de Ribera<\/strong>&nbsp;<strong>(Jefe de Departamento)<\/strong><\/li>\n<li>D\u00f1a. Beatriz La Torre Ju\u00e1rez<\/li>\n<li>D. Mois\u00e9s S\u00e1nchez Prieto Jim\u00e9nez<\/li>\n<li>D. Daniel Villarroel Castro<\/li>\n<\/ul>\n<p>[\/et_pb_accordion_item][et_pb_accordion_item title=&#8221;Blogs de Aula&#8221; _builder_version=&#8221;4.14.5&#8243; _module_preset=&#8221;default&#8221; global_colors_info=&#8221;{}&#8221; open=&#8221;off&#8221;][\/et_pb_accordion_item][et_pb_accordion_item title=&#8221;Enlaces de inter\u00e9s&#8221; _builder_version=&#8221;4.14.5&#8243; _module_preset=&#8221;default&#8221; global_colors_info=&#8221;{}&#8221; open=&#8221;off&#8221;]<\/p>\n<ul>\n<li><a href=\"https:\/\/patrimonioiespdelaguila.wordpress.com\/\" target=\"_blank\" rel=\"noopener noreferrer\">Blog vivir y sentir el patrimonio<\/a><\/li>\n<\/ul>\n<p>[\/et_pb_accordion_item][et_pb_accordion_item title=&#8221;Programaciones&#8221; _builder_version=&#8221;4.14.5&#8243; _module_preset=&#8221;default&#8221; global_colors_info=&#8221;{}&#8221; open=&#8221;off&#8221;]\u21d3 Programaci\u00f3n 1<\/p>\n<p>\u21d3 Programaci\u00f3n 2<\/p>\n<p>\u21d3 Programaci\u00f3n 3<\/p>\n<p>&nbsp;<br \/>\n[\/et_pb_accordion_item][\/et_pb_accordion][\/et_pb_column][\/et_pb_row][\/et_pb_section]<\/p>\n","protected":false},"excerpt":{"rendered":"<p>Departamento de Geograf\u00eda e Historia La Historia tiene m\u00faltiples prop\u00f3sitos y funciones en la sociedad. A continuaci\u00f3n, te mencionar\u00e9 algunas de las principales: &nbsp; 1. Comprender el pasado: La Historia nos permite comprender y estudiar c\u00f3mo han evolucionado las sociedades y las civilizaciones a lo largo del tiempo. Nos brinda informaci\u00f3n sobre los acontecimientos pasados, [&hellip;]<\/p>\n","protected":false},"author":7025,"featured_media":0,"parent":0,"menu_order":0,"comment_status":"closed","ping_status":"closed","template":"","meta":{"_et_pb_use_builder":"on","_et_pb_old_content":"","_et_gb_content_width":"","footnotes":""},"aioseo_notices":[],"_links":{"self":[{"href":"https:\/\/blogsaverroes.juntadeandalucia.es\/iespdelaguila\/wp-json\/wp\/v2\/pages\/2983"}],"collection":[{"href":"https:\/\/blogsaverroes.juntadeandalucia.es\/iespdelaguila\/wp-json\/wp\/v2\/pages"}],"about":[{"href":"https:\/\/blogsaverroes.juntadeandalucia.es\/iespdelaguila\/wp-json\/wp\/v2\/types\/page"}],"author":[{"embeddable":true,"href":"https:\/\/blogsaverroes.juntadeandalucia.es\/iespdelaguila\/wp-json\/wp\/v2\/users\/7025"}],"replies":[{"embeddable":true,"href":"https:\/\/blogsaverroes.juntadeandalucia.es\/iespdelaguila\/wp-json\/wp\/v2\/comments?post=2983"}],"version-history":[{"count":16,"href":"https:\/\/blogsaverroes.juntadeandalucia.es\/iespdelaguila\/wp-json\/wp\/v2\/pages\/2983\/revisions"}],"predecessor-version":[{"id":6316,"href":"https:\/\/blogsaverroes.juntadeandalucia.es\/iespdelaguila\/wp-json\/wp\/v2\/pages\/2983\/revisions\/6316"}],"wp:attachment":[{"href":"https:\/\/blogsaverroes.juntadeandalucia.es\/iespdelaguila\/wp-json\/wp\/v2\/media?parent=2983"}],"curies":[{"name":"wp","href":"https:\/\/api.w.org\/{rel}","templated":true}]}}