{"id":2524,"date":"2017-02-04T17:09:34","date_gmt":"2017-02-04T17:09:34","guid":{"rendered":"http:\/\/blogsaverroes.juntadeandalucia.es\/iespeperuizvela\/?page_id=2524"},"modified":"2017-02-04T19:37:22","modified_gmt":"2017-02-04T19:37:22","slug":"historia","status":"publish","type":"page","link":"https:\/\/blogsaverroes.juntadeandalucia.es\/iespeperuizvela\/historia\/","title":{"rendered":"Historia"},"content":{"rendered":"<p align=\"justify\">En el <strong>curso 1988\/89<\/strong> se crea en Villaverde del R\u00edo una extensi\u00f3n del <strong>I.E.S. \u201cCantillana\u201d<\/strong>, que tendr\u00eda su sede en el edificio del antiguo colegio que luego ser\u00eda el <strong>I.E.S. \u201cAlpesa\u201d<\/strong>, situado en la Avda. Santa Teresa s\/n.<\/p>\n<p align=\"justify\">En el <strong>curso 1991\/92<\/strong> la extensi\u00f3n del I.E.S. \u201cCantillana\u201d pasa a ser el <strong>I.E.S. \u201cVillaverde del R\u00edo\u201d<\/strong>, a\u00fan sin el nombre actual, ocupando un nuevo edificio situado en la Avenida de Aguas Santas 114, ubicaci\u00f3n actual del centro. En ese momento se impart\u00edan ense\u00f1anzas del antiguo B.U.P. (Bachillerato Unificado Polivalente) y C.O.U. (Curso de Orientaci\u00f3n a la Universidad) y se anticipaba la L.O.G.S.E.<\/p>\n<p align=\"justify\">En el <strong>curso 1994\/95<\/strong> fallece en accidente de tr\u00e1fico el profesor, que tambi\u00e9n hab\u00eda sido Jefe de Estudios del centro, <strong>D. Jos\u00e9 Ruiz Vela<\/strong>. En reconocimiento a su labor docente se decide asignar su nombre al mismo, pasando a partir del curso siguiente a denominarse <strong>I.E.S. \u201cPepe Ruiz Vela\u201d.<\/strong><\/p>\n<p align=\"justify\">En el <strong>curso 1996\/97<\/strong> se crea la secci\u00f3n del I.E.S. \u201cPepe Ruiz Vela\u201d en la Avda. Santa Teresa s\/n. con alumnado de 1\u00ba y 2\u00ba de la E.S.O, ocupando el antiguo edificio en que tuvo su sede el I.E.S. \u201cPepe Ruiz Vela\u201d como extensi\u00f3n del I.E.S. \u201cCantillana\u201d. En el <strong>curso escolar 1998\/99<\/strong> esta secci\u00f3n se transforma en el segundo centro de secundaria denominado <strong>I.E.S. \u201cAlpesa\u201d<\/strong>.<\/p>\n<p align=\"justify\">En el <strong>curso 1999\/2000<\/strong> se amplia la oferta educativa del I.E.S. \u201cPepe Ruiz Vela\u201d con la implantaci\u00f3n de un Ciclo Formativo de Grado Medio de Equipos e Instalaciones Electrot\u00e9cnicas.<\/p>\n<p align=\"justify\">En el <strong>curso 2007\/2008<\/strong> se produce la unificaci\u00f3n de los dos I.E.S. de la localidad de Villaverde del R\u00edo, I.E.S. \u201cAlpesa\u201d, que desaparece, e I.E.S. \u201cPepe Ruiz Vela\u201d que acoge al alumnado y a la plantilla del personal del primero.<\/p>\n<p align=\"justify\">Durante el <strong>curso 2008\/2009<\/strong> se realizan las obras de construcci\u00f3n de dos nuevos edificios anexos al del I.E.S. \u201cPepe Ruiz Vela\u201d. Un aulario, destinado a albergar el incremento del alumnado provocado por unificaci\u00f3n de centros y un gimnasio cubierto, del que carec\u00eda las instalaciones del centro.<\/p>\n<p align=\"justify\">Durante esos dos cursos el I.E.S. \u201cPepe Ruiz Vela\u201d funciona en dos sedes, a la espera de la finalizaci\u00f3n de las obras antes mencionadas. No ser\u00e1 hasta el inicio del <strong>curso 2009\/2010<\/strong> cuando se ocupe el nuevo edificio, unificando a todo el alumnado en una misma sede.<\/p>\n<p align=\"justify\">Para el <strong>curso 2010\/2011<\/strong> se complet\u00f3 la oferta educativa con la implantaci\u00f3n de un Programa de Cualificaci\u00f3n Profesional Inicial (PCPI) de la familia profesional del ciclo Formativo de Instalaciones Electrot\u00e9cnicas.<\/p>\n<p>&nbsp;<\/p>\n","protected":false},"excerpt":{"rendered":"<p>En el curso 1988\/89 se crea en Villaverde del R\u00edo una extensi\u00f3n del I.E.S. \u201cCantillana\u201d, que tendr\u00eda su sede en el edificio del antiguo colegio que luego ser\u00eda el I.E.S. \u201cAlpesa\u201d, situado en la&#46;&#46;&#46;<\/p>\n","protected":false},"author":4694,"featured_media":0,"parent":0,"menu_order":0,"comment_status":"open","ping_status":"open","template":"","meta":{"ngg_post_thumbnail":0,"footnotes":"","_mc_calendar":[]},"aioseo_notices":[],"_links":{"self":[{"href":"https:\/\/blogsaverroes.juntadeandalucia.es\/iespeperuizvela\/wp-json\/wp\/v2\/pages\/2524"}],"collection":[{"href":"https:\/\/blogsaverroes.juntadeandalucia.es\/iespeperuizvela\/wp-json\/wp\/v2\/pages"}],"about":[{"href":"https:\/\/blogsaverroes.juntadeandalucia.es\/iespeperuizvela\/wp-json\/wp\/v2\/types\/page"}],"author":[{"embeddable":true,"href":"https:\/\/blogsaverroes.juntadeandalucia.es\/iespeperuizvela\/wp-json\/wp\/v2\/users\/4694"}],"replies":[{"embeddable":true,"href":"https:\/\/blogsaverroes.juntadeandalucia.es\/iespeperuizvela\/wp-json\/wp\/v2\/comments?post=2524"}],"version-history":[{"count":2,"href":"https:\/\/blogsaverroes.juntadeandalucia.es\/iespeperuizvela\/wp-json\/wp\/v2\/pages\/2524\/revisions"}],"predecessor-version":[{"id":2571,"href":"https:\/\/blogsaverroes.juntadeandalucia.es\/iespeperuizvela\/wp-json\/wp\/v2\/pages\/2524\/revisions\/2571"}],"wp:attachment":[{"href":"https:\/\/blogsaverroes.juntadeandalucia.es\/iespeperuizvela\/wp-json\/wp\/v2\/media?parent=2524"}],"curies":[{"name":"wp","href":"https:\/\/api.w.org\/{rel}","templated":true}]}}

<p align="justify">En el <strong>curso 1988/89</strong> se crea en Villaverde del Río una extensión del <strong>I.E.S. “Cantillana”</strong>, que tendría su sede en el edificio del antiguo colegio que luego sería el <strong>I.E.S. “Alpesa”</strong>, situado en la Avda. Santa Teresa s/n.</p>
<p align="justify">En el <strong>curso 1991/92</strong> la extensión del I.E.S. “Cantillana” pasa a ser el <strong>I.E.S. “Villaverde del Río”</strong>, aún sin el nombre actual, ocupando un nuevo edificio situado en la Avenida de Aguas Santas 114, ubicación actual del centro. En ese momento se impartían enseñanzas del antiguo B.U.P. (Bachillerato Unificado Polivalente) y C.O.U. (Curso de Orientación a la Universidad) y se anticipaba la L.O.G.S.E.</p>
<p align="justify">En el <strong>curso 1994/95</strong> fallece en accidente de tráfico el profesor, que también había sido Jefe de Estudios del centro, <strong>D. José Ruiz Vela</strong>. En reconocimiento a su labor docente se decide asignar su nombre al mismo, pasando a partir del curso siguiente a denominarse <strong>I.E.S. “Pepe Ruiz Vela”.</strong></p>
<p align="justify">En el <strong>curso 1996/97</strong> se crea la sección del I.E.S. “Pepe Ruiz Vela” en la Avda. Santa Teresa s/n. con alumnado de 1º y 2º de la E.S.O, ocupando el antiguo edificio en que tuvo su sede el I.E.S. “Pepe Ruiz Vela” como extensión del I.E.S. “Cantillana”. En el <strong>curso escolar 1998/99</strong> esta sección se transforma en el segundo centro de secundaria denominado <strong>I.E.S. “Alpesa”</strong>.</p>
<p align="justify">En el <strong>curso 1999/2000</strong> se amplia la oferta educativa del I.E.S. “Pepe Ruiz Vela” con la implantación de un Ciclo Formativo de Grado Medio de Equipos e Instalaciones Electrotécnicas.</p>
<p align="justify">En el <strong>curso 2007/2008</strong> se produce la unificación de los dos I.E.S. de la localidad de Villaverde del Río, I.E.S. “Alpesa”, que desaparece, e I.E.S. “Pepe Ruiz Vela” que acoge al alumnado y a la plantilla del personal del primero.</p>
<p align="justify">Durante el <strong>curso 2008/2009</strong> se realizan las obras de construcción de dos nuevos edificios anexos al del I.E.S. “Pepe Ruiz Vela”. Un aulario, destinado a albergar el incremento del alumnado provocado por unificación de centros y un gimnasio cubierto, del que carecía las instalaciones del centro.</p>
<p align="justify">Durante esos dos cursos el I.E.S. “Pepe Ruiz Vela” funciona en dos sedes, a la espera de la finalización de las obras antes mencionadas. No será hasta el inicio del <strong>curso 2009/2010</strong> cuando se ocupe el nuevo edificio, unificando a todo el alumnado en una misma sede.</p>
<p align="justify">Para el <strong>curso 2010/2011</strong> se completó la oferta educativa con la implantación de un Programa de Cualificación Profesional Inicial (PCPI) de la familia profesional del ciclo Formativo de Instalaciones Electrotécnicas.</p>
<p>&nbsp;</p>

<p>En el curso 1988/89 se crea en Villaverde del Río una extensión del I.E.S. “Cantillana”, que tendría su sede en el edificio del antiguo colegio que luego sería el I.E.S. “Alpesa”, situado en la&#46;&#46;&#46;</p>
