{"id":2538,"date":"2017-02-04T17:42:17","date_gmt":"2017-02-04T17:42:17","guid":{"rendered":"http:\/\/blogsaverroes.juntadeandalucia.es\/iespeperuizvela\/?page_id=2538"},"modified":"2022-10-03T18:09:19","modified_gmt":"2022-10-03T18:09:19","slug":"pendientes-de-3o-eso","status":"publish","type":"page","link":"https:\/\/blogsaverroes.juntadeandalucia.es\/iespeperuizvela\/pendientes-de-3o-eso\/","title":{"rendered":"Pendientes de 3\u00ba ESO &#8211; Tecnolog\u00eda"},"content":{"rendered":"<h1><span style=\"color: #ff0000\"><strong>1\u00aa EVALUACI\u00d3N<\/strong><\/span><\/h1>\n<p><strong>ELECTRICIDAD<\/strong><\/p>\n<p><a href=\"https:\/\/blogsaverroes.juntadeandalucia.es\/iespeperuizvela\/files\/2017\/02\/electricidad.pdf\" target=\"_blank\" rel=\"noopener noreferrer\">Electricidad<\/a><\/p>\n<p><a href=\"https:\/\/blogsaverroes.juntadeandalucia.es\/iespeperuizvela\/files\/2017\/02\/tabla_magnitudes.pdf\" target=\"_blank\" rel=\"noopener noreferrer\">Tabla_de magnitudes el\u00e9ctricas y unidades<\/a><\/p>\n<p><a href=\"https:\/\/blogsaverroes.juntadeandalucia.es\/iespeperuizvela\/files\/2017\/02\/actividades.pdf\" target=\"_blank\" rel=\"noopener noreferrer\">Actividades de Electricidad<\/a><\/p>\n<p>&nbsp;<\/p>\n<h1><span style=\"color: #ff0000\"><strong>2\u00aa EVALUACI\u00d3N<\/strong><\/span><\/h1>\n<p><strong>ELECTR\u00d3NICA<\/strong><\/p>\n<p><a href=\"https:\/\/blogsaverroes.juntadeandalucia.es\/iespeperuizvela\/files\/2020\/04\/electronica_teoria.pdf\" target=\"_blank\" rel=\"noopener noreferrer\">Electr\u00f3nica<\/a><\/p>\n<p>&nbsp;<\/p>\n<h1><span style=\"color: #ff0000\"><strong>3\u00aa EVALUACI\u00d3N<\/strong><\/span><\/h1>\n<p><strong>MECANISMOS<\/strong><\/p>\n<p><a href=\"https:\/\/blogsaverroes.juntadeandalucia.es\/iespeperuizvela\/files\/2021\/10\/mecanismos_transmisi\u00f3n_lineal.pdf\" target=\"_blank\" rel=\"noopener noreferrer\">Mecanismos de transmisi\u00f3n lineal<\/a><\/p>\n<p><a href=\"https:\/\/blogsaverroes.juntadeandalucia.es\/iespeperuizvela\/files\/2021\/10\/mecanismos_transmisi\u00f3n_rotativos.pdf\" target=\"_blank\" rel=\"noopener noreferrer\">Mecanismos de transmisi\u00f3n rotativos<\/a><\/p>\n<p><a href=\"https:\/\/blogsaverroes.juntadeandalucia.es\/iespeperuizvela\/files\/2021\/10\/mecanismos_transformaci\u00f3n.pdf\" target=\"_blank\" rel=\"noopener noreferrer\">Mecanismos de transformaci\u00f3n del movimiento<\/a><\/p>\n<p>&nbsp;<\/p>\n<p>&nbsp;<\/p>\n","protected":false},"excerpt":{"rendered":"<p>1\u00aa EVALUACI\u00d3N ELECTRICIDAD Electricidad Tabla_de magnitudes el\u00e9ctricas y unidades Actividades de Electricidad &nbsp; 2\u00aa EVALUACI\u00d3N ELECTR\u00d3NICA Electr\u00f3nica &nbsp; 3\u00aa EVALUACI\u00d3N MECANISMOS Mecanismos de transmisi\u00f3n lineal Mecanismos de transmisi\u00f3n rotativos Mecanismos de transformaci\u00f3n del movimiento&#46;&#46;&#46;<\/p>\n","protected":false},"author":4694,"featured_media":0,"parent":0,"menu_order":0,"comment_status":"open","ping_status":"open","template":"","meta":{"ngg_post_thumbnail":0,"footnotes":"","_mc_calendar":[]},"aioseo_notices":[],"_links":{"self":[{"href":"https:\/\/blogsaverroes.juntadeandalucia.es\/iespeperuizvela\/wp-json\/wp\/v2\/pages\/2538"}],"collection":[{"href":"https:\/\/blogsaverroes.juntadeandalucia.es\/iespeperuizvela\/wp-json\/wp\/v2\/pages"}],"about":[{"href":"https:\/\/blogsaverroes.juntadeandalucia.es\/iespeperuizvela\/wp-json\/wp\/v2\/types\/page"}],"author":[{"embeddable":true,"href":"https:\/\/blogsaverroes.juntadeandalucia.es\/iespeperuizvela\/wp-json\/wp\/v2\/users\/4694"}],"replies":[{"embeddable":true,"href":"https:\/\/blogsaverroes.juntadeandalucia.es\/iespeperuizvela\/wp-json\/wp\/v2\/comments?post=2538"}],"version-history":[{"count":17,"href":"https:\/\/blogsaverroes.juntadeandalucia.es\/iespeperuizvela\/wp-json\/wp\/v2\/pages\/2538\/revisions"}],"predecessor-version":[{"id":5112,"href":"https:\/\/blogsaverroes.juntadeandalucia.es\/iespeperuizvela\/wp-json\/wp\/v2\/pages\/2538\/revisions\/5112"}],"wp:attachment":[{"href":"https:\/\/blogsaverroes.juntadeandalucia.es\/iespeperuizvela\/wp-json\/wp\/v2\/media?parent=2538"}],"curies":[{"name":"wp","href":"https:\/\/api.w.org\/{rel}","templated":true}]}}