{"id":591,"date":"2022-11-14T20:58:18","date_gmt":"2022-11-14T19:58:18","guid":{"rendered":"https:\/\/blogsaverroes.juntadeandalucia.es\/iesperezmercader\/?page_id=591"},"modified":"2025-11-08T20:16:12","modified_gmt":"2025-11-08T19:16:12","slug":"departamentos","status":"publish","type":"page","link":"https:\/\/blogsaverroes.juntadeandalucia.es\/iesperezmercader\/departamentos\/","title":{"rendered":"Departamentos"},"content":{"rendered":"<p>[et_pb_section fb_built=&#8221;1&#8243; _builder_version=&#8221;4.16&#8243; _module_preset=&#8221;default&#8221; global_colors_info=&#8221;{}&#8221;][et_pb_row _builder_version=&#8221;4.16&#8243; _module_preset=&#8221;default&#8221; global_colors_info=&#8221;{}&#8221;][et_pb_column type=&#8221;4_4&#8243; _builder_version=&#8221;4.16&#8243; _module_preset=&#8221;default&#8221; global_colors_info=&#8221;{}&#8221;][et_pb_text admin_label=&#8221;DEPARTAMENTOS. PROGRAMACIONES&#8221; _builder_version=&#8221;4.16&#8243; _module_preset=&#8221;default&#8221; text_font_size=&#8221;20px&#8221; background_color=&#8221;#0C71C3&#8243; box_shadow_style=&#8221;preset1&#8243; box_shadow_horizontal=&#8221;5px&#8221; global_colors_info=&#8221;{}&#8221;]<\/p>\n<p><span style=\"color: #ffffff\"><span style=\"font-size: 36pt\">DEPARTAMENTOS. PROGRAMACIONES<\/span><\/span><\/p>\n<p>[\/et_pb_text][\/et_pb_column][\/et_pb_row][et_pb_row column_structure=&#8221;1_4,1_4,1_4,1_4&#8243; _builder_version=&#8221;4.16&#8243; _module_preset=&#8221;default&#8221; global_colors_info=&#8221;{}&#8221;][et_pb_column type=&#8221;1_4&#8243; _builder_version=&#8221;4.16&#8243; _module_preset=&#8221;default&#8221; global_colors_info=&#8221;{}&#8221;][et_pb_blurb title=&#8221;BIOLOG\u00cdA Y GEOLOG\u00cdA&#8221; url_new_window=&#8221;on&#8221; admin_label=&#8221;Biolog\u00eda y Geolog\u00eda&#8221; _builder_version=&#8221;4.24.2&#8243; _module_preset=&#8221;default&#8221; link_option_url=&#8221;https:\/\/blogsaverroes.juntadeandalucia.es\/iesperezmercader\/departamento-de-biologia-y-geologia\/&#8221; link_option_url_new_window=&#8221;on&#8221; border_width_all=&#8221;3px&#8221; border_color_all=&#8221;#0C71C3&#8243; box_shadow_style=&#8221;preset1&#8243; global_colors_info=&#8221;{}&#8221;]<\/p>\n<p><span style=\"font-family: arial, helvetica, sans-serif\">Ramirez Aletta, Rosa M\u00aa (J.D)<\/span><\/p>\n<p><span style=\"font-family: arial, helvetica, sans-serif\">Fern\u00e1ndez Gil Berm\u00fadez, Mar\u00eda Bel\u00e9n<\/span><\/p>\n<p><span style=\"font-family: arial, helvetica, sans-serif\">Torres Fern\u00e1ndez, Mariano Lucas<\/span><\/p>\n<p><span style=\"font-family: arial, helvetica, sans-serif\">V\u00e1zquez P\u00e9rez, Benjam\u00edn<\/span><\/p>\n<p>[\/et_pb_blurb][et_pb_blurb title=&#8221;FILOSOF\u00cdA&#8221; url=&#8221;https:\/\/blogsaverroes.juntadeandalucia.es\/iesperezmercader\/departamento-de-filosofia\/&#8221; url_new_window=&#8221;on&#8221; admin_label=&#8221;Filosof\u00eda&#8221; _builder_version=&#8221;4.24.2&#8243; _module_preset=&#8221;default&#8221; link_option_url=&#8221;https:\/\/blogsaverroes.juntadeandalucia.es\/iesperezmercader\/departamento-de-filosofia\/&#8221; link_option_url_new_window=&#8221;on&#8221; border_width_all=&#8221;3px&#8221; border_color_all=&#8221;#0C71C3&#8243; box_shadow_style=&#8221;preset1&#8243; global_colors_info=&#8221;{}&#8221;]<\/p>\n<p><span style=\"font-family: arial, helvetica, sans-serif\">D\u00edez Cruz, Irene (J.D)<\/span><\/p>\n<p><span style=\"font-family: arial, helvetica, sans-serif\">Montero Dom\u00ednguez, Marcos&nbsp;<\/span><\/p>\n<p>[\/et_pb_blurb][et_pb_blurb title=&#8221;GEOGRAF\u00cdA E HISTORIA&#8221; url=&#8221;https:\/\/blogsaverroes.juntadeandalucia.es\/iesperezmercader\/departamento-de-geografia-e-historia\/&#8221; url_new_window=&#8221;on&#8221; admin_label=&#8221;GeH&#8221; _builder_version=&#8221;4.24.2&#8243; _module_preset=&#8221;default&#8221; link_option_url=&#8221;https:\/\/blogsaverroes.juntadeandalucia.es\/iesperezmercader\/departamento-de-geografia-e-historia\/&#8221; link_option_url_new_window=&#8221;on&#8221; border_width_all=&#8221;3px&#8221; border_color_all=&#8221;#0C71C3&#8243; box_shadow_style=&#8221;preset1&#8243; global_colors_info=&#8221;{}&#8221;]<\/p>\n<p><span style=\"font-family: arial, helvetica, sans-serif\">Guijarro G\u00f3mez, Ana&nbsp;<\/span><\/p>\n<p><span style=\"font-family: arial, helvetica, sans-serif\">Monge Manso, Julio Alejandro<\/span><\/p>\n<p><span style=\"font-family: arial, helvetica, sans-serif\">P\u00e9rez Flores, Miguel \u00c1ngel (J.D)<\/span><\/p>\n<p><span style=\"font-family: arial, helvetica, sans-serif\">Quintero Mac\u00edas, Ricardo Manuel<\/span><\/p>\n<p><span style=\"font-family: arial, helvetica, sans-serif\">Robles Esparcia, Santiago<\/span><\/p>\n<p><span style=\"font-family: arial, helvetica, sans-serif\">Villegas Fernandez, V\u00edctor Manuel<\/span><\/p>\n<p><span style=\"font-family: arial, helvetica, sans-serif\">Villena Villar, Manuel<\/span><\/p>\n<p>[\/et_pb_blurb][et_pb_blurb title=&#8221;M\u00daSICA&#8221; url=&#8221;https:\/\/blogsaverroes.juntadeandalucia.es\/iesperezmercader\/departamento-de-musica\/&#8221; url_new_window=&#8221;on&#8221; admin_label=&#8221;M\u00fasica&#8221; _builder_version=&#8221;4.24.2&#8243; _module_preset=&#8221;default&#8221; link_option_url=&#8221;https:\/\/blogsaverroes.juntadeandalucia.es\/iesperezmercader\/departamento-de-musica\/&#8221; link_option_url_new_window=&#8221;on&#8221; border_width_all=&#8221;3px&#8221; border_color_all=&#8221;#0C71C3&#8243; box_shadow_style=&#8221;preset1&#8243; global_colors_info=&#8221;{}&#8221;]<\/p>\n<p><span style=\"font-family: arial, helvetica, sans-serif\">Caballero Gonz\u00e1lez, Jos\u00e9 \u00c1ngel (J.D)<\/span><\/p>\n<p><span style=\"font-family: arial, helvetica, sans-serif\">Mairena P\u00e9rez, Francisco Javier<\/span><\/p>\n<p>[\/et_pb_blurb][et_pb_blurb title=&#8221;RELIGI\u00d3N&#8221; url=&#8221;https:\/\/blogsaverroes.juntadeandalucia.es\/iesperezmercader\/departamento-de-religion\/&#8221; url_new_window=&#8221;on&#8221; admin_label=&#8221;Religi\u00f3n&#8221; _builder_version=&#8221;4.24.2&#8243; _module_preset=&#8221;default&#8221; link_option_url=&#8221;https:\/\/blogsaverroes.juntadeandalucia.es\/iesperezmercader\/departamento-de-religion\/&#8221; link_option_url_new_window=&#8221;on&#8221; border_width_all=&#8221;3px&#8221; border_color_all=&#8221;#0C71C3&#8243; box_shadow_style=&#8221;preset1&#8243; global_colors_info=&#8221;{}&#8221;]<\/p>\n<p><span style=\"font-family: arial, helvetica, sans-serif\">Carmona Toscano, M\u00aa Jos\u00e9. Religi\u00f3n Cat\u00f3lica<\/span><\/p>\n<p><span style=\"font-family: arial, helvetica, sans-serif\">De la Corte Bulnes, Amalia. Religi\u00f3n Cat\u00f3lica<\/span><\/p>\n<p><span style=\"font-family: arial, helvetica, sans-serif\">Perea D\u00edaz, Mar\u00eda Dolores. Religi\u00f3n Cat\u00f3lica<\/span><\/p>\n<p><span style=\"font-family: arial, helvetica, sans-serif\">Vela Aguilera, Diego. Religi\u00f3n Evang\u00e9lica<\/span><\/p>\n<p>[\/et_pb_blurb][\/et_pb_column][et_pb_column type=&#8221;1_4&#8243; _builder_version=&#8221;4.16&#8243; _module_preset=&#8221;default&#8221; global_colors_info=&#8221;{}&#8221;][et_pb_blurb title=&#8221;CULTURA CL\u00c1SICA&#8221; url=&#8221;https:\/\/blogsaverroes.juntadeandalucia.es\/iesperezmercader\/departamento-de-cultura-clasica\/&#8221; url_new_window=&#8221;on&#8221; admin_label=&#8221;Cultura Cl\u00e1sica \/ Franc\u00e9s&#8221; _builder_version=&#8221;4.24.2&#8243; _module_preset=&#8221;default&#8221; link_option_url=&#8221;https:\/\/blogsaverroes.juntadeandalucia.es\/iesperezmercader\/departamento-de-cultura-clasica\/&#8221; link_option_url_new_window=&#8221;on&#8221; border_width_all=&#8221;3px&#8221; border_color_all=&#8221;#0C71C3&#8243; border_color_all_image=&#8221;#0C71C3&#8243; box_shadow_style=&#8221;preset1&#8243; box_shadow_style_image=&#8221;preset1&#8243; global_colors_info=&#8221;{}&#8221;]<\/p>\n<p><span style=\"font-family: arial, helvetica, sans-serif\">CULTURA CL\u00c1SICA<\/span><\/p>\n<p><span style=\"font-family: arial, helvetica, sans-serif\">Zambrano Lociga, Ana Mar\u00eda (J.D)<\/span><\/p>\n<p><span style=\"font-family: arial, helvetica, sans-serif\">FRANC\u00c9S<\/span><\/p>\n<p><span style=\"font-family: arial, helvetica, sans-serif\">Escabias Toledano, Marta<\/span><\/p>\n<p><span style=\"font-family: arial, helvetica, sans-serif\">M\u00e1rquez \u00c1lvarez, \u00c1lvaro<\/span><\/p>\n<p>[\/et_pb_blurb][et_pb_blurb title=&#8221;F\u00cdSICA Y QU\u00cdMICA&#8221; url=&#8221;https:\/\/blogsaverroes.juntadeandalucia.es\/iesperezmercader\/departamento-fisica-y-quimica\/&#8221; url_new_window=&#8221;on&#8221; admin_label=&#8221;F\u00edsica y Qu\u00edmica&#8221; _builder_version=&#8221;4.24.2&#8243; _module_preset=&#8221;default&#8221; link_option_url=&#8221;https:\/\/blogsaverroes.juntadeandalucia.es\/iesperezmercader\/departamento-fisica-y-quimica\/&#8221; link_option_url_new_window=&#8221;on&#8221; border_width_all=&#8221;3px&#8221; border_color_all=&#8221;#0C71C3&#8243; box_shadow_style=&#8221;preset1&#8243; global_colors_info=&#8221;{}&#8221;]<\/p>\n<p><span style=\"font-family: arial, helvetica, sans-serif\">Mart\u00edn M\u00e9ndez, Roc\u00edo<\/span><\/p>\n<p><span style=\"font-family: arial, helvetica, sans-serif\">Reina Aguirre, Juan Jos\u00e9<\/span><\/p>\n<p><span style=\"font-family: arial, helvetica, sans-serif\">Rodr\u00edguez G\u00f3mez, Cristian (J.D)<\/span><\/p>\n<p><span style=\"font-family: arial, helvetica, sans-serif\">Zarauza Gonz\u00e1lez, Marta<\/span><\/p>\n<p>[\/et_pb_blurb][et_pb_blurb title=&#8221;INGL\u00c9S&#8221; url=&#8221;https:\/\/blogsaverroes.juntadeandalucia.es\/iesperezmercader\/departamento-de-ingles\/&#8221; url_new_window=&#8221;on&#8221; admin_label=&#8221;Ingl\u00e9s&#8221; _builder_version=&#8221;4.24.2&#8243; _module_preset=&#8221;default&#8221; link_option_url=&#8221;https:\/\/blogsaverroes.juntadeandalucia.es\/iesperezmercader\/departamento-de-ingles\/&#8221; link_option_url_new_window=&#8221;on&#8221; hover_enabled=&#8221;0&#8243; border_width_all=&#8221;3px&#8221; border_color_all=&#8221;#0C71C3&#8243; box_shadow_style=&#8221;preset1&#8243; global_colors_info=&#8221;{}&#8221; sticky_enabled=&#8221;0&#8243;]<\/p>\n<p><span style=\"font-family: arial, helvetica, sans-serif\">De la Rosa Garc\u00eda, Manuel<\/span><\/p>\n<p><span style=\"font-family: arial, helvetica, sans-serif\">Drago Torrej\u00f3n, Luis Manuel<\/span><\/p>\n<p><span style=\"font-family: arial, helvetica, sans-serif\">Flores G\u00f3mez, Isabel Rosa<\/span><\/p>\n<p><span style=\"font-family: arial, helvetica, sans-serif\">G\u00f3mez Dom\u00ednguez, Mar\u00eda<\/span><\/p>\n<p><span style=\"font-family: arial, helvetica, sans-serif\">Lozano Ladrero, Marta<\/span><\/p>\n<p><span style=\"font-family: arial, helvetica, sans-serif\">Rold\u00e1n Serra, Mar\u00eda Luisa (J.D)<\/span><\/p>\n<p><span style=\"font-family: arial, helvetica, sans-serif\">Valladares Moyo, Beatriz<\/span><\/p>\n<p>[\/et_pb_blurb][et_pb_blurb title=&#8221;F.E.I.E&#8221; url=&#8221;https:\/\/blogsaverroes.juntadeandalucia.es\/iesperezmercader\/departamento-f-e-i-e\/&#8221; url_new_window=&#8221;on&#8221; admin_label=&#8221;FEIE&#8221; _builder_version=&#8221;4.24.2&#8243; _module_preset=&#8221;default&#8221; link_option_url=&#8221;https:\/\/blogsaverroes.juntadeandalucia.es\/iesperezmercader\/departamento-f-e-i-e\/&#8221; link_option_url_new_window=&#8221;on&#8221; border_width_all=&#8221;3px&#8221; border_color_all=&#8221;#0C71C3&#8243; box_shadow_style=&#8221;preset1&#8243; global_colors_info=&#8221;{}&#8221;]<\/p>\n<p><span style=\"font-family: arial, helvetica, sans-serif\">Acu\u00f1a P\u00e9rez, Jos\u00e9 Prudencio (J.D)<\/span><\/p>\n<p>[\/et_pb_blurb][et_pb_blurb title=&#8221;EXTRAESCOLARES&#8221; url=&#8221;https:\/\/blogsaverroes.juntadeandalucia.es\/iesperezmercader\/departamento-de-extraescolares\/&#8221; url_new_window=&#8221;on&#8221; admin_label=&#8221;Extraescolares&#8221; _builder_version=&#8221;4.24.2&#8243; _module_preset=&#8221;default&#8221; link_option_url=&#8221;https:\/\/blogsaverroes.juntadeandalucia.es\/iesperezmercader\/departamento-de-extraescolares\/&#8221; link_option_url_new_window=&#8221;on&#8221; border_width_all=&#8221;3px&#8221; border_color_all=&#8221;#0C71C3&#8243; box_shadow_style=&#8221;preset1&#8243; global_colors_info=&#8221;{}&#8221;]<\/p>\n<p><span style=\"font-family: arial, helvetica, sans-serif\">Monteagudo Jarque, Alicia (J.D)<\/span><\/p>\n<p>[\/et_pb_blurb][\/et_pb_column][et_pb_column type=&#8221;1_4&#8243; _builder_version=&#8221;4.16&#8243; _module_preset=&#8221;default&#8221; global_colors_info=&#8221;{}&#8221;][et_pb_blurb title=&#8221;DIBUJO&#8221; url=&#8221;https:\/\/blogsaverroes.juntadeandalucia.es\/iesperezmercader\/departamento-de-dibujo\/&#8221; url_new_window=&#8221;on&#8221; admin_label=&#8221;Dibujo&#8221; _builder_version=&#8221;4.24.2&#8243; _module_preset=&#8221;default&#8221; link_option_url=&#8221;https:\/\/blogsaverroes.juntadeandalucia.es\/iesperezmercader\/departamento-de-dibujo\/&#8221; link_option_url_new_window=&#8221;on&#8221; border_width_all=&#8221;3px&#8221; border_color_all=&#8221;#0C71C3&#8243; box_shadow_style=&#8221;preset1&#8243; global_colors_info=&#8221;{}&#8221;]<\/p>\n<p><span style=\"font-family: arial, helvetica, sans-serif\">Magro Lorenzo, Isabel<\/span><\/p>\n<p><span style=\"font-family: arial, helvetica, sans-serif\">Rodr\u00edguez Mora, Mar\u00eda del Mar (J.D)<\/span><\/p>\n<p><span style=\"font-family: arial, helvetica, sans-serif\">Vacas Mu\u00f1oz, Marina Pilar<\/span><\/p>\n<p>[\/et_pb_blurb][et_pb_blurb title=&#8221;ECONOM\u00cdA&#8221; url=&#8221;https:\/\/blogsaverroes.juntadeandalucia.es\/iesperezmercader\/departamento-de-economia\/&#8221; url_new_window=&#8221;on&#8221; admin_label=&#8221;Econom\u00eda&#8221; _builder_version=&#8221;4.24.2&#8243; _module_preset=&#8221;default&#8221; link_option_url=&#8221;https:\/\/blogsaverroes.juntadeandalucia.es\/iesperezmercader\/departamento-de-economia\/&#8221; link_option_url_new_window=&#8221;on&#8221; border_width_all=&#8221;3px&#8221; border_color_all=&#8221;#0C71C3&#8243; box_shadow_style=&#8221;preset1&#8243; global_colors_info=&#8221;{}&#8221;]<\/p>\n<p><span style=\"font-family: arial, helvetica, sans-serif\">Fernandez Navarro, Beatriz (JD)<\/span><\/p>\n<p><span style=\"font-family: arial, helvetica, sans-serif\">Gonz\u00e1lez Guerrero, Lorenzo<\/span><\/p>\n<p>[\/et_pb_blurb][et_pb_blurb title=&#8221;LENGUA CASTELLANA Y LITERATURA&#8221; url=&#8221;https:\/\/blogsaverroes.juntadeandalucia.es\/iesperezmercader\/departamento-de-lengua-castellana-y-literatura\/&#8221; url_new_window=&#8221;on&#8221; admin_label=&#8221;LCL&#8221; _builder_version=&#8221;4.24.2&#8243; _module_preset=&#8221;default&#8221; link_option_url=&#8221;https:\/\/blogsaverroes.juntadeandalucia.es\/iesperezmercader\/departamento-de-lengua-castellana-y-literatura\/&#8221; link_option_url_new_window=&#8221;on&#8221; border_width_all=&#8221;3px&#8221; border_color_all=&#8221;#0C71C3&#8243; box_shadow_style=&#8221;preset1&#8243; global_colors_info=&#8221;{}&#8221;]<\/p>\n<p><span style=\"font-family: arial, helvetica, sans-serif\">Camacho Camacho, Leticia<\/span><\/p>\n<p><span style=\"font-family: arial, helvetica, sans-serif\">L\u00f3pez Maldonado, Bel\u00e9n<\/span><\/p>\n<p><span style=\"font-family: arial, helvetica, sans-serif\">Madera Romero, Isabel Mar\u00eda<\/span><\/p>\n<p><span style=\"font-family: arial, helvetica, sans-serif\">Mart\u00ednez Navarro, Mar\u00eda Dolores<\/span><\/p>\n<p><span style=\"font-family: arial, helvetica, sans-serif\">Medina Ruiz, Mar\u00eda<\/span><\/p>\n<p><span style=\"font-family: arial, helvetica, sans-serif\">Mora Hern\u00e1ndez, Mar\u00eda Jos\u00e9<\/span><\/p>\n<p><span style=\"font-family: arial, helvetica, sans-serif\">Ortega Garc\u00eda, Mar\u00eda Jos\u00e9<\/span><\/p>\n<p><span style=\"font-family: arial, helvetica, sans-serif\">V\u00e1zquez Terr\u00f3n, Ismael (J.D)<\/span><\/p>\n<p><span style=\"font-family: arial, helvetica, sans-serif\">Velardo Garc\u00eda, Ana Jos\u00e9<\/span><\/p>\n<p>[\/et_pb_blurb][et_pb_blurb title=&#8221;ORIENTACI\u00d3N EDUCATIVA&#8221; url=&#8221;https:\/\/blogsaverroes.juntadeandalucia.es\/iesperezmercader\/departamento-orientacion\/&#8221; url_new_window=&#8221;on&#8221; admin_label=&#8221;Orientaci\u00f3n&#8221; _builder_version=&#8221;4.24.2&#8243; _module_preset=&#8221;default&#8221; link_option_url=&#8221;https:\/\/blogsaverroes.juntadeandalucia.es\/iesperezmercader\/departamento-orientacion\/&#8221; link_option_url_new_window=&#8221;on&#8221; border_width_all=&#8221;3px&#8221; border_color_all=&#8221;#0C71C3&#8243; box_shadow_style=&#8221;preset1&#8243; global_colors_info=&#8221;{}&#8221;]<\/p>\n<p><span style=\"font-family: arial, helvetica, sans-serif\">Beaumont Jim\u00e9nez, Rosa Mar\u00eda. Orientadora<\/span><\/p>\n<p><span style=\"font-family: arial, helvetica, sans-serif\">Dom\u00ednguez Vidal, Delfina. Orientadora&nbsp;<\/span><\/p>\n<p><span style=\"font-family: arial, helvetica, sans-serif\">D\u00edaz Mora, Francisca. Pedagog\u00eda Terapeutica. (J. D)<\/span><\/p>\n<p><span style=\"font-family: arial, helvetica, sans-serif\">Mu\u00f1oz Crist\u00f3bal, Inmaculada. Pedagog\u00eda Terapeutica<\/span><\/p>\n<p><span style=\"font-family: arial, helvetica, sans-serif\">L\u00f3pez Fern\u00e1ndez, Mar\u00eda Jos\u00e9. P.T.I.S. Monitor de Educaci\u00f3n Especial&nbsp;<\/span><\/p>\n<p>[\/et_pb_blurb][\/et_pb_column][et_pb_column type=&#8221;1_4&#8243; _builder_version=&#8221;4.16&#8243; _module_preset=&#8221;default&#8221; global_colors_info=&#8221;{}&#8221;][et_pb_blurb title=&#8221;EDUCACI\u00d3N F\u00cdSICA&#8221; url=&#8221;https:\/\/blogsaverroes.juntadeandalucia.es\/iesperezmercader\/departamento-de-educacion-fisica\/&#8221; url_new_window=&#8221;on&#8221; admin_label=&#8221;Educaci\u00f3n F\u00edsica&#8221; _builder_version=&#8221;4.24.2&#8243; _module_preset=&#8221;default&#8221; link_option_url=&#8221;https:\/\/blogsaverroes.juntadeandalucia.es\/iesperezmercader\/departamento-de-educacion-fisica\/&#8221; link_option_url_new_window=&#8221;on&#8221; border_width_all=&#8221;3px&#8221; border_color_all=&#8221;#0C71C3&#8243; box_shadow_style=&#8221;preset1&#8243; global_colors_info=&#8221;{}&#8221;]<\/p>\n<p><span style=\"font-family: arial, helvetica, sans-serif\">Cruz Cordero, Jaime (J.D)<\/span><\/p>\n<p><span style=\"font-family: arial, helvetica, sans-serif\">Machado Romero, \u00c1ngel Mar\u00eda&nbsp;<\/span><\/p>\n<p><span style=\"font-family: arial, helvetica, sans-serif\">Mar\u00edn Gonz\u00e1lez, Rafael<\/span><\/p>\n<p>[\/et_pb_blurb][et_pb_blurb title=&#8221;MATEM\u00c1TICAS&#8221; url=&#8221;https:\/\/blogsaverroes.juntadeandalucia.es\/iesperezmercader\/departamento-de-matematicas\/&#8221; url_new_window=&#8221;on&#8221; admin_label=&#8221;Matem\u00e1ticas&#8221; _builder_version=&#8221;4.24.2&#8243; _module_preset=&#8221;default&#8221; link_option_url=&#8221;https:\/\/blogsaverroes.juntadeandalucia.es\/iesperezmercader\/departamento-de-matematicas\/&#8221; link_option_url_new_window=&#8221;on&#8221; border_width_all=&#8221;3px&#8221; border_color_all=&#8221;#0C71C3&#8243; box_shadow_style=&#8221;preset1&#8243; global_colors_info=&#8221;{}&#8221;]<\/p>\n<p><span style=\"font-family: arial, helvetica, sans-serif\">Arias G\u00f3mez, Loreto Salom\u00e9<\/span><\/p>\n<p><span style=\"font-family: arial, helvetica, sans-serif\">Bustamante Sainz, Carolina<\/span><\/p>\n<p><span style=\"font-family: arial, helvetica, sans-serif\">Contreras Beltr\u00e1n, Luis<\/span><\/p>\n<p><span style=\"font-family: arial, helvetica, sans-serif\">Delgado Garrido, Sonia<\/span><\/p>\n<p><span style=\"font-family: arial, helvetica, sans-serif\">Monteagudo Jarque, Alicia<\/span><\/p>\n<p><span style=\"font-family: arial, helvetica, sans-serif\">Rodr\u00edguez Mojeda, Inmaculada Concepci\u00f3n<\/span><\/p>\n<p><span style=\"font-family: arial, helvetica, sans-serif\">Rodr\u00edguez Velasco, Carlos<\/span><\/p>\n<p><span style=\"font-family: arial, helvetica, sans-serif\">Sandia Fernandez, Cristina Mar\u00eda<\/span><\/p>\n<p><span style=\"font-family: arial, helvetica, sans-serif\">Santos Joaqu\u00edn, Jos\u00e9 Manuel (J.D)<\/span><\/p>\n<p><span style=\"font-family: arial, helvetica, sans-serif\">Siles Jordan, Nazaret<\/span><\/p>\n<p>[\/et_pb_blurb][et_pb_blurb title=&#8221;INFORM\u00c1TICA&#8221; url=&#8221;https:\/\/blogsaverroes.juntadeandalucia.es\/iesperezmercader\/departamento-de-informatica\/&#8221; url_new_window=&#8221;on&#8221; admin_label=&#8221;Inform\u00e1tica&#8221; _builder_version=&#8221;4.24.2&#8243; _module_preset=&#8221;default&#8221; link_option_url=&#8221;https:\/\/blogsaverroes.juntadeandalucia.es\/iesperezmercader\/departamento-de-informatica\/&#8221; link_option_url_new_window=&#8221;on&#8221; border_width_all=&#8221;3px&#8221; border_color_all=&#8221;#0C71C3&#8243; box_shadow_style=&#8221;preset1&#8243; global_colors_info=&#8221;{}&#8221;]<\/p>\n<p><span style=\"font-family: arial, helvetica, sans-serif\">Cordero G\u00e1mez, Manuela (J.D)<\/span><\/p>\n<p><span style=\"font-family: arial, helvetica, sans-serif\">Jim\u00e9nez Cumbreras, Isabel Mar\u00eda<\/span><\/p>\n<p>[\/et_pb_blurb][et_pb_blurb title=&#8221;TECNOLOG\u00cdA &#8221; url=&#8221;https:\/\/blogsaverroes.juntadeandalucia.es\/iesperezmercader\/departamento-de-tecnologia\/&#8221; url_new_window=&#8221;on&#8221; admin_label=&#8221;Tecnolog\u00eda&#8221; _builder_version=&#8221;4.24.2&#8243; _module_preset=&#8221;default&#8221; link_option_url=&#8221;https:\/\/blogsaverroes.juntadeandalucia.es\/iesperezmercader\/departamento-de-tecnologia\/&#8221; link_option_url_new_window=&#8221;on&#8221; border_width_all=&#8221;3px&#8221; border_color_all=&#8221;#0C71C3&#8243; box_shadow_style=&#8221;preset1&#8243; global_colors_info=&#8221;{}&#8221;]<\/p>\n<p><span style=\"font-family: arial, helvetica, sans-serif\">Acu\u00f1a P\u00e9rez, Jos\u00e9 Prudencio&nbsp;<\/span><\/p>\n<p><span style=\"font-family: arial, helvetica, sans-serif\">De la Rosa Mac\u00edas, Mar\u00eda del Mar<\/span><\/p>\n<p><span style=\"font-family: arial, helvetica, sans-serif\">Gonz\u00e1lez L\u00f3pez, Vanesa del Roc\u00edo (J.D)<\/span><\/p>\n<p>[\/et_pb_blurb][\/et_pb_column][\/et_pb_row][\/et_pb_section]<\/p>\n","protected":false},"excerpt":{"rendered":"<p>DEPARTAMENTOS. PROGRAMACIONESRamirez Aletta, Rosa M\u00aa (J.D) Fern\u00e1ndez Gil Berm\u00fadez, Mar\u00eda Bel\u00e9n Torres Fern\u00e1ndez, Mariano Lucas V\u00e1zquez P\u00e9rez, Benjam\u00ednD\u00edez Cruz, Irene (J.D) Montero Dom\u00ednguez, Marcos&nbsp;Guijarro G\u00f3mez, Ana&nbsp; Monge Manso, Julio Alejandro P\u00e9rez Flores, Miguel \u00c1ngel (J.D) Quintero Mac\u00edas, Ricardo Manuel Robles Esparcia, Santiago Villegas Fernandez, V\u00edctor Manuel Villena Villar, ManuelCaballero Gonz\u00e1lez, Jos\u00e9 \u00c1ngel (J.D) Mairena P\u00e9rez, [&hellip;]<\/p>\n","protected":false},"author":16057,"featured_media":0,"parent":0,"menu_order":0,"comment_status":"closed","ping_status":"closed","template":"","meta":{"_et_pb_use_builder":"on","_et_pb_old_content":"","_et_gb_content_width":"","ngg_post_thumbnail":0,"footnotes":""},"aioseo_notices":[],"_links":{"self":[{"href":"https:\/\/blogsaverroes.juntadeandalucia.es\/iesperezmercader\/wp-json\/wp\/v2\/pages\/591"}],"collection":[{"href":"https:\/\/blogsaverroes.juntadeandalucia.es\/iesperezmercader\/wp-json\/wp\/v2\/pages"}],"about":[{"href":"https:\/\/blogsaverroes.juntadeandalucia.es\/iesperezmercader\/wp-json\/wp\/v2\/types\/page"}],"author":[{"embeddable":true,"href":"https:\/\/blogsaverroes.juntadeandalucia.es\/iesperezmercader\/wp-json\/wp\/v2\/users\/16057"}],"replies":[{"embeddable":true,"href":"https:\/\/blogsaverroes.juntadeandalucia.es\/iesperezmercader\/wp-json\/wp\/v2\/comments?post=591"}],"version-history":[{"count":182,"href":"https:\/\/blogsaverroes.juntadeandalucia.es\/iesperezmercader\/wp-json\/wp\/v2\/pages\/591\/revisions"}],"predecessor-version":[{"id":6813,"href":"https:\/\/blogsaverroes.juntadeandalucia.es\/iesperezmercader\/wp-json\/wp\/v2\/pages\/591\/revisions\/6813"}],"wp:attachment":[{"href":"https:\/\/blogsaverroes.juntadeandalucia.es\/iesperezmercader\/wp-json\/wp\/v2\/media?parent=591"}],"curies":[{"name":"wp","href":"https:\/\/api.w.org\/{rel}","templated":true}]}}