{"id":153,"date":"2020-11-29T13:49:56","date_gmt":"2020-11-29T13:49:56","guid":{"rendered":"http:\/\/blogsaverroes.juntadeandalucia.es\/pre\/ceip\/?page_id=153"},"modified":"2021-12-09T13:59:09","modified_gmt":"2021-12-09T13:59:09","slug":"geografia-e-historia","status":"publish","type":"page","link":"https:\/\/blogsaverroes.juntadeandalucia.es\/iespintorjosemariafernandez\/geografia-e-historia\/","title":{"rendered":"Geograf\u00eda e Historia"},"content":{"rendered":"<p><img loading=\"lazy\" decoding=\"async\" class=\"aligncenter size-medium wp-image-2109\" src=\"http:\/\/blogsaverroes.juntadeandalucia.es\/temahuemanies\/files\/2015\/03\/geografia_historia-300x225.png\" alt=\"geografia_historia\" width=\"300\" height=\"225\" srcset=\"https:\/\/blogsaverroes.juntadeandalucia.es\/iespintorjosemariafernandez\/files\/2015\/03\/geografia_historia-300x225.png 300w, https:\/\/blogsaverroes.juntadeandalucia.es\/iespintorjosemariafernandez\/files\/2015\/03\/geografia_historia.png 640w\" sizes=\"(max-width: 300px) 100vw, 300px\" \/><\/p>\n<p class=\"titulo\" style=\"text-align: center\"><span style=\"font-family: times new roman,times;font-size: 18pt\"><span style=\"color: #008f39\">DEPARTAMENTO DE COORDINACI\u00d3N DID\u00c1CTICA DE GEOGRAF\u00cdA E HISTORIA<br \/>\n<\/span><\/span><\/p>\n<p style=\"text-align: center\"><span style=\"font-family: comic sans ms,sans-serif\"><span style=\"color: #cc0000;font-size: 16pt\"><span style=\"color: #0000ff\">PROGRAMACI\u00d3N<\/span><\/span><\/span><\/p>\n<p>&nbsp;<br \/>\n<object data=\"https:\/\/blogsaverroes.juntadeandalucia.es\/iespintorjosemariafernandez\/files\/2021\/12\/2021-2022.-Geograf\u00eda-Historia.pdf?#zoom=100&amp;scrollbar=0&amp;toolbar=0&amp;navpanes=0\" type=\"application\/pdf\" width=\"900\" height=\"600\"><span data-mce-type=\"bookmark\" style=\"width: 0px;overflow: hidden;line-height: 0\" class=\"mce_SELRES_start\">\ufeff<\/span> <span data-mce-type=\"bookmark\" style=\"width: 0px;overflow: hidden;line-height: 0\" class=\"mce_SELRES_start\">\ufeff<\/span><\/object><\/p>\n","protected":false},"excerpt":{"rendered":"<p>DEPARTAMENTO DE COORDINACI\u00d3N DID\u00c1CTICA DE GEOGRAF\u00cdA E HISTORIA PROGRAMACI\u00d3N &nbsp; \ufeff \ufeff<\/p>\n","protected":false},"author":1,"featured_media":0,"parent":0,"menu_order":0,"comment_status":"open","ping_status":"open","template":"page-templates\/child-menu.php","meta":{"ngg_post_thumbnail":0,"footnotes":"","_mc_calendar":[]},"aioseo_notices":[],"_links":{"self":[{"href":"https:\/\/blogsaverroes.juntadeandalucia.es\/iespintorjosemariafernandez\/wp-json\/wp\/v2\/pages\/153"}],"collection":[{"href":"https:\/\/blogsaverroes.juntadeandalucia.es\/iespintorjosemariafernandez\/wp-json\/wp\/v2\/pages"}],"about":[{"href":"https:\/\/blogsaverroes.juntadeandalucia.es\/iespintorjosemariafernandez\/wp-json\/wp\/v2\/types\/page"}],"author":[{"embeddable":true,"href":"https:\/\/blogsaverroes.juntadeandalucia.es\/iespintorjosemariafernandez\/wp-json\/wp\/v2\/users\/1"}],"replies":[{"embeddable":true,"href":"https:\/\/blogsaverroes.juntadeandalucia.es\/iespintorjosemariafernandez\/wp-json\/wp\/v2\/comments?post=153"}],"version-history":[{"count":6,"href":"https:\/\/blogsaverroes.juntadeandalucia.es\/iespintorjosemariafernandez\/wp-json\/wp\/v2\/pages\/153\/revisions"}],"predecessor-version":[{"id":3367,"href":"https:\/\/blogsaverroes.juntadeandalucia.es\/iespintorjosemariafernandez\/wp-json\/wp\/v2\/pages\/153\/revisions\/3367"}],"wp:attachment":[{"href":"https:\/\/blogsaverroes.juntadeandalucia.es\/iespintorjosemariafernandez\/wp-json\/wp\/v2\/media?parent=153"}],"curies":[{"name":"wp","href":"https:\/\/api.w.org\/{rel}","templated":true}]}}

Geografía e Historia

<p><img loading="lazy" decoding="async" class="aligncenter size-medium wp-image-2109" src="http://blogsaverroes.juntadeandalucia.es/temahuemanies/files/2015/03/geografia_historia-300x225.png" alt="geografia_historia" width="300" height="225" srcset="https://blogsaverroes.juntadeandalucia.es/iespintorjosemariafernandez/files/2015/03/geografia_historia-300x225.png 300w, https://blogsaverroes.juntadeandalucia.es/iespintorjosemariafernandez/files/2015/03/geografia_historia.png 640w" sizes="(max-width: 300px) 100vw, 300px" /></p>
<p class="titulo" style="text-align: center"><span style="font-family: times new roman,times;font-size: 18pt"><span style="color: #008f39">DEPARTAMENTO DE COORDINACIÓN DIDÁCTICA DE GEOGRAFÍA E HISTORIA<br />
</span></span></p>
<p style="text-align: center"><span style="font-family: comic sans ms,sans-serif"><span style="color: #cc0000;font-size: 16pt"><span style="color: #0000ff">PROGRAMACIÓN</span></span></span></p>
<p>&nbsp;<br />
<object data="https://blogsaverroes.juntadeandalucia.es/iespintorjosemariafernandez/files/2021/12/2021-2022.-Geografía-Historia.pdf?#zoom=100&amp;scrollbar=0&amp;toolbar=0&amp;navpanes=0" type="application/pdf" width="900" height="600"><span data-mce-type="bookmark" style="width: 0px;overflow: hidden;line-height: 0" class="mce_SELRES_start">﻿</span> <span data-mce-type="bookmark" style="width: 0px;overflow: hidden;line-height: 0" class="mce_SELRES_start">﻿</span></object></p>

<p>DEPARTAMENTO DE COORDINACIÓN DIDÁCTICA DE GEOGRAFÍA E HISTORIA PROGRAMACIÓN &nbsp; ﻿ ﻿</p>
