{"id":168,"date":"2020-11-29T13:48:01","date_gmt":"2020-11-29T13:48:01","guid":{"rendered":"http:\/\/blogsaverroes.juntadeandalucia.es\/pre\/ceip\/?page_id=168"},"modified":"2021-11-30T14:55:47","modified_gmt":"2021-11-30T14:55:47","slug":"filosofia-2","status":"publish","type":"page","link":"https:\/\/blogsaverroes.juntadeandalucia.es\/iespintorjosemariafernandez\/filosofia-2\/","title":{"rendered":"Filosof\u00eda y Religi\u00f3n"},"content":{"rendered":"<p><img loading=\"lazy\" decoding=\"async\" class=\"aligncenter size-medium wp-image-2068\" src=\"http:\/\/blogsaverroes.juntadeandalucia.es\/temahuemanies\/files\/2015\/03\/filosofia-199x300.jpg\" alt=\"filosofia\" width=\"199\" height=\"300\" srcset=\"https:\/\/blogsaverroes.juntadeandalucia.es\/iespintorjosemariafernandez\/files\/2015\/03\/filosofia-199x300.jpg 199w, https:\/\/blogsaverroes.juntadeandalucia.es\/iespintorjosemariafernandez\/files\/2015\/03\/filosofia-680x1024.jpg 680w, https:\/\/blogsaverroes.juntadeandalucia.es\/iespintorjosemariafernandez\/files\/2015\/03\/filosofia.jpg 1063w\" sizes=\"(max-width: 199px) 100vw, 199px\" \/><\/p>\n<p class=\"titulo\" style=\"text-align: center\"><span style=\"font-family: times new roman,times;font-size: 18pt\"><span style=\"color: #008f39\">DEPARTAMENTO DE COORDINACI\u00d3N DID\u00c1CTICA DE FILOSOF\u00cdA Y RELIGI\u00d3N<br \/>\n<\/span><\/span><\/p>\n<p style=\"text-align: center\"><span style=\"font-family: comic sans ms,sans-serif\"><span style=\"color: #cc0000;font-size: 16pt\"><span style=\"color: #0000ff\">PROGRAMACI\u00d3N<\/span><\/span><\/span><\/p>\n<p>&nbsp;<br \/>\n<object data=\"https:\/\/blogsaverroes.juntadeandalucia.es\/iespintorjosemariafernandez\/files\/2021\/11\/2021-2022.-Filosof\u00eda.pdf?#zoom=100&amp;scrollbar=0&amp;toolbar=0&amp;navpanes=0\" type=\"application\/pdf\" width=\"900\" height=\"600\"><span data-mce-type=\"bookmark\" style=\"width: 0px;overflow: hidden;line-height: 0\" class=\"mce_SELRES_start\">\ufeff<\/span> <span data-mce-type=\"bookmark\" style=\"width: 0px;overflow: hidden;line-height: 0\" class=\"mce_SELRES_start\">\ufeff<\/span><\/object><\/p>\n","protected":false},"excerpt":{"rendered":"<p>DEPARTAMENTO DE COORDINACI\u00d3N DID\u00c1CTICA DE FILOSOF\u00cdA Y RELIGI\u00d3N PROGRAMACI\u00d3N &nbsp; \ufeff \ufeff<\/p>\n","protected":false},"author":1,"featured_media":0,"parent":0,"menu_order":0,"comment_status":"open","ping_status":"open","template":"page-templates\/child-menu.php","meta":{"ngg_post_thumbnail":0,"footnotes":"","_mc_calendar":[]},"aioseo_notices":[],"_links":{"self":[{"href":"https:\/\/blogsaverroes.juntadeandalucia.es\/iespintorjosemariafernandez\/wp-json\/wp\/v2\/pages\/168"}],"collection":[{"href":"https:\/\/blogsaverroes.juntadeandalucia.es\/iespintorjosemariafernandez\/wp-json\/wp\/v2\/pages"}],"about":[{"href":"https:\/\/blogsaverroes.juntadeandalucia.es\/iespintorjosemariafernandez\/wp-json\/wp\/v2\/types\/page"}],"author":[{"embeddable":true,"href":"https:\/\/blogsaverroes.juntadeandalucia.es\/iespintorjosemariafernandez\/wp-json\/wp\/v2\/users\/1"}],"replies":[{"embeddable":true,"href":"https:\/\/blogsaverroes.juntadeandalucia.es\/iespintorjosemariafernandez\/wp-json\/wp\/v2\/comments?post=168"}],"version-history":[{"count":8,"href":"https:\/\/blogsaverroes.juntadeandalucia.es\/iespintorjosemariafernandez\/wp-json\/wp\/v2\/pages\/168\/revisions"}],"predecessor-version":[{"id":3358,"href":"https:\/\/blogsaverroes.juntadeandalucia.es\/iespintorjosemariafernandez\/wp-json\/wp\/v2\/pages\/168\/revisions\/3358"}],"wp:attachment":[{"href":"https:\/\/blogsaverroes.juntadeandalucia.es\/iespintorjosemariafernandez\/wp-json\/wp\/v2\/media?parent=168"}],"curies":[{"name":"wp","href":"https:\/\/api.w.org\/{rel}","templated":true}]}}

Filosofía y Religión

<p><img loading="lazy" decoding="async" class="aligncenter size-medium wp-image-2068" src="http://blogsaverroes.juntadeandalucia.es/temahuemanies/files/2015/03/filosofia-199x300.jpg" alt="filosofia" width="199" height="300" srcset="https://blogsaverroes.juntadeandalucia.es/iespintorjosemariafernandez/files/2015/03/filosofia-199x300.jpg 199w, https://blogsaverroes.juntadeandalucia.es/iespintorjosemariafernandez/files/2015/03/filosofia-680x1024.jpg 680w, https://blogsaverroes.juntadeandalucia.es/iespintorjosemariafernandez/files/2015/03/filosofia.jpg 1063w" sizes="(max-width: 199px) 100vw, 199px" /></p>
<p class="titulo" style="text-align: center"><span style="font-family: times new roman,times;font-size: 18pt"><span style="color: #008f39">DEPARTAMENTO DE COORDINACIÓN DIDÁCTICA DE FILOSOFÍA Y RELIGIÓN<br />
</span></span></p>
<p style="text-align: center"><span style="font-family: comic sans ms,sans-serif"><span style="color: #cc0000;font-size: 16pt"><span style="color: #0000ff">PROGRAMACIÓN</span></span></span></p>
<p>&nbsp;<br />
<object data="https://blogsaverroes.juntadeandalucia.es/iespintorjosemariafernandez/files/2021/11/2021-2022.-Filosofía.pdf?#zoom=100&amp;scrollbar=0&amp;toolbar=0&amp;navpanes=0" type="application/pdf" width="900" height="600"><span data-mce-type="bookmark" style="width: 0px;overflow: hidden;line-height: 0" class="mce_SELRES_start">﻿</span> <span data-mce-type="bookmark" style="width: 0px;overflow: hidden;line-height: 0" class="mce_SELRES_start">﻿</span></object></p>

<p>DEPARTAMENTO DE COORDINACIÓN DIDÁCTICA DE FILOSOFÍA Y RELIGIÓN PROGRAMACIÓN &nbsp; ﻿ ﻿</p>
