{"id":2647,"date":"2020-11-07T19:27:52","date_gmt":"2020-11-07T19:27:52","guid":{"rendered":"https:\/\/blogsaverroes.juntadeandalucia.es\/iespintorjosemariafernandez\/?page_id=2647"},"modified":"2020-11-08T17:24:30","modified_gmt":"2020-11-08T17:24:30","slug":"profesorado","status":"publish","type":"page","link":"https:\/\/blogsaverroes.juntadeandalucia.es\/iespintorjosemariafernandez\/profesorado\/","title":{"rendered":"Profesorado"},"content":{"rendered":"<div id=\"tituloItem\" class=\"blockTituloItem\"><span class=\"tituloItem\">Profesorado del Centro<\/span><\/div>\n<div id=\"contenido_sitio\">\n<p style=\"text-align: center\">&nbsp;<\/p>\n<p style=\"text-align: center\"><span style=\"font-size: 14pt;color: #844800;background-color: #deb887\"><strong>Curso 2020 \/ 2021<\/strong><\/span><\/p>\n<p>&nbsp;<\/p>\n<table class=\"borde\" style=\"border-color: #ffe4e1;border-width: 0px;background-color: #f4a460\" border=\"0\">\n<tbody>\n<tr style=\"background-color: #ffdab9\">\n<td style=\"text-align: left\"><strong><span style=\"font-size: 10pt\">Administraci\u00f3n de Empresas &nbsp;<\/span><strong style=\"font-size: 10pt\">P.E.S.<\/strong><\/strong><\/td>\n<td style=\"width: 275px;text-align: left\"><strong><span style=\"font-size: 12pt\">G\u00f3mez P\u00e1ez, Antonio<\/span><\/strong><\/p>\n<p><strong><span style=\"font-size: 12pt\">G\u00f3mez Romo, Amparo<\/span><\/strong><\/p>\n<p><strong><span style=\"font-size: 12pt\">Mu\u00f1oz Guillan, Jos\u00e9 Manuel<\/span><\/strong><\/p>\n<p><strong><span style=\"font-size: 12pt\">Ortigosa Vallejo, Nuria<\/span><\/strong><\/p>\n<p><strong><span style=\"font-size: 12pt\">P\u00e1ez Carrasco, Francisco &nbsp;<\/span><\/strong><\/p>\n<p><strong><span style=\"font-size: 12pt\">Serrano Guti\u00e9rrez, Antonio<\/span><\/strong><\/td>\n<\/tr>\n<tr style=\"background-color: #deb887\">\n<td style=\"text-align: left\"><strong><span style=\"font-size: 10pt\">Apoyo Compensaci\u00f3n<\/span><\/strong><\/td>\n<td style=\"width: 275px;text-align: left\"><strong><span style=\"font-size: 12pt\">Gallego L\u00f3pez, Ana<\/span><\/strong><\/td>\n<\/tr>\n<tr style=\"background-color: #ffdab9\">\n<td style=\"text-align: left\"><span style=\"font-size: 10pt\"><strong><strong>Biolog\u00eda y Geolog\u00eda P.E.S.<\/strong><\/strong><\/span><\/td>\n<td style=\"width: 275px;text-align: left\"><span style=\"font-size: 12pt\"><strong>Abuhazim Pascual, Aminah<\/strong><\/span><\/p>\n<p><span style=\"font-size: 12pt\"><strong>Avil\u00e9s Maturano, Emilia<\/strong><\/span><\/p>\n<p><strong><span style=\"font-size: 12pt\">Rueda Artero, Leonardo Gabrie<\/span>l<\/strong><\/td>\n<\/tr>\n<tr style=\"background-color: #ffdab9\">\n<td style=\"background-color: #deb887;text-align: left\"><strong><span style=\"font-size: 10pt\"><strong>Cultura Cl\u00e1sica P.E.S.<\/strong><\/span><\/strong><\/td>\n<td style=\"background-color: #deb887;text-align: left\"><strong><span style=\"font-size: 12pt\"><strong>Maeses Hidalgo, Francisco de As\u00eds<\/strong><\/span><\/strong><\/td>\n<\/tr>\n<tr style=\"background-color: #ffdab9\">\n<td style=\"text-align: left\"><strong><span style=\"font-size: 10pt\"><strong>Dibujo P.E.S.<\/strong><\/span><\/strong><\/td>\n<td style=\"width: 275px;text-align: left\"><strong><span style=\"font-size: 12pt\"><strong>Coca \u00c1vila, Francisco Javier<\/strong><\/span><\/strong><\/td>\n<\/tr>\n<tr style=\"background-color: #deb887\">\n<td style=\"text-align: left\"><strong><span style=\"font-size: 10pt\"><strong>Econom\u00eda P.E.S.<\/strong><\/span><\/strong><\/td>\n<td style=\"width: 275px;text-align: left\"><span style=\"font-size: 12pt\"><strong>L\u00f3pez P\u00e9rez, Jos\u00e9 Luis<\/strong><\/span><\/p>\n<p><span style=\"font-size: 12pt\"><strong>Mart\u00edn Rodr\u00edguez, Fernando<\/strong><\/span><\/td>\n<\/tr>\n<tr style=\"background-color: #ffdab9\">\n<td style=\"text-align: left\"><strong><span style=\"font-size: 10pt\">E<strong>ducaci\u00f3n F\u00edsica P.E.S.<\/strong><\/span><\/strong><\/td>\n<td style=\"width: 275px;text-align: left\"><strong><span style=\"font-size: 12pt\"><strong><strong>Pacheco Mu\u00f1oz, Manuel Mar\u00eda<\/strong><\/strong><\/span><\/strong><\/p>\n<p><strong><span style=\"font-size: 12pt\"><strong><strong>D\u00edaz Garc\u00eda, Carlos<\/strong><\/strong><\/span><\/strong><\/td>\n<\/tr>\n<tr style=\"background-color: #deb887\">\n<td style=\"text-align: left\"><strong><span style=\"font-size: 10pt\">Filosof\u00eda P.E.S.<\/span><\/strong><\/td>\n<td style=\"text-align: left\"><strong><span style=\"font-size: 12pt\"><strong>Cortes Garc\u00eda, Rafael<\/strong><\/span><\/strong><\/p>\n<p><strong><span style=\"font-size: 12pt\"><strong>Mart\u00ednez Mart\u00ednez, Marta<\/strong><\/span><\/strong><\/p>\n<p><strong><span style=\"font-size: 12pt\"><strong>Reyes Burgos, Antonio<\/strong><\/span><\/strong><\/td>\n<\/tr>\n<tr style=\"background-color: #ffdab9\">\n<td style=\"text-align: left\"><strong><span style=\"font-size: 10pt\">F<strong>\u00edsica y Qu\u00edmica<\/strong> P.E.S.<\/span><\/strong><\/td>\n<td style=\"text-align: left\"><strong><span style=\"font-size: 12pt\">C<strong>arri\u00f3n Ortega, Jos\u00e9 Luis<\/strong><\/span><\/strong><\/p>\n<p><strong><span style=\"font-size: 12pt\"><strong>Pedrajas Romo, Mar\u00eda del Mar<\/strong><\/span><\/strong><\/td>\n<\/tr>\n<tr style=\"background-color: #deb887\">\n<td style=\"text-align: left\"><strong><span style=\"font-size: 10pt\"><strong>Formaci\u00f3n y Orientaci\u00f3n Laboral<\/strong> P.E.S.<\/span><\/strong><\/td>\n<td style=\"text-align: left\"><span style=\"color: #000000\"><strong><span style=\"font-size: 12pt\"><strong>Guzm\u00e1n Porras, Antonia Aurora<\/strong><\/span><\/strong><\/span><\/td>\n<\/tr>\n<tr style=\"background-color: #ffdab9\">\n<td style=\"text-align: left\"><strong><span style=\"font-size: 10pt\">F<strong>ranc\u00e9s<\/strong> P.E.S.<\/span><\/strong><\/td>\n<td style=\"text-align: left\"><strong><span style=\"font-size: 12pt\"><strong>Picard, Fanny Francoise Mari<\/strong><\/span><\/strong><\/p>\n<p><strong><span style=\"font-size: 12pt\"><strong>Romero Fern\u00e1ndez, Mar\u00eda Luis<\/strong>a<\/span><\/strong><\/td>\n<\/tr>\n<tr style=\"background-color: #deb887\">\n<td style=\"text-align: left\"><strong><span style=\"font-size: 10pt\"><strong>Geograf\u00eda e Historia<\/strong> P.E.S.<\/span><\/strong><\/td>\n<td style=\"text-align: left\"><strong><span style=\"font-size: 12pt\"><strong>Barcel\u00f3 G\u00f3mez, Marco<\/strong><\/span><\/strong><\/p>\n<p><strong><span style=\"font-size: 12pt\"><strong>Casero Barr\u00f3n, M Jos\u00e9<\/strong><\/span><\/strong><\/p>\n<p><strong><span style=\"font-size: 12pt\">M<strong>or\u00f3n Rubio, Nuria Isabel<\/strong><\/span><\/strong><\/p>\n<p><strong><span style=\"font-size: 12pt\"><strong>Raya Garc\u00eda, Sof\u00eda Mar\u00eda<\/strong><\/span><\/strong><\/p>\n<p><span style=\"font-size: 16px\"><strong>Serrano Tenor, Jes\u00fas<\/strong><\/span><\/td>\n<\/tr>\n<tr style=\"background-color: #ffdab9\">\n<td style=\"text-align: left\"><strong><span style=\"font-size: 10pt\"><strong>Inform\u00e1tica<\/strong> P.E.S.<\/span><\/strong><\/td>\n<td style=\"text-align: left\"><strong><span style=\"font-size: 12pt\"><strong>Rueda Villan\u00faa, Roc\u00edo<\/strong><\/span><\/strong><\/td>\n<\/tr>\n<tr style=\"background-color: #deb887\">\n<td style=\"text-align: left\"><strong><span style=\"font-size: 10pt\"><strong>Ingl\u00e9s<\/strong> P.E.S.<\/span><\/strong><\/td>\n<td style=\"text-align: left\"><strong><span style=\"font-size: 12pt\"><strong>G\u00f3mez Gonz\u00e1lez, Violeta<\/strong><\/span><\/strong><\/p>\n<p><strong><span style=\"font-size: 12pt\"><strong><strong>Navarro Rodr\u00edguez, M\u00aa Mercedes<\/strong><\/strong><\/span><\/strong><\/p>\n<p><strong><span style=\"font-size: 12pt\"><strong><strong>Ortigosa Maldonado, Mar\u00eda Trinidad<\/strong><\/strong><\/span><\/strong><\/p>\n<p><strong><span style=\"font-size: 12pt\"><strong><strong>Padilla Colmenero, Marina<\/strong><\/strong><\/span><\/strong><\/p>\n<p><strong><span style=\"font-size: 12pt\"><strong><strong>Pulido Serrano, Mar\u00eda<\/strong><\/strong><\/span><\/strong><\/p>\n<p><strong><span style=\"font-size: 12pt\"><strong><strong>Romero Segura, Mar\u00eda Amparo<\/strong><\/strong><\/span><\/strong><\/p>\n<p><strong><span style=\"font-size: 12pt\"><strong><strong>S\u00e1nchez Ruiz, Tatiana<\/strong><\/strong><\/span><\/strong><\/p>\n<p><strong><span style=\"font-size: 12pt\"><strong><strong>Sarmiento S\u00e1nchez, Lidia del Carmen<\/strong><\/strong><\/span><\/strong><\/p>\n<p><strong><span style=\"font-size: 12pt\"><strong><strong><strong>Zurita B\u00e1ez, Teresa de la Cruz<\/strong><br \/>\n<\/strong><\/strong><\/span><\/strong><\/td>\n<\/tr>\n<tr style=\"background-color: #ffdab9\">\n<td style=\"text-align: left\"><span style=\"font-size: 10pt\"><strong><strong>Interculturalidad<\/strong><\/strong><\/span><\/td>\n<td style=\"text-align: left\"><span style=\"font-size: 12pt\"><strong><strong>Mart\u00edn Tejero, Francisco de Paula<\/strong><\/strong><\/span><\/td>\n<\/tr>\n<tr style=\"background-color: #deb887\">\n<td style=\"text-align: left\"><span style=\"font-size: 10pt\"><strong><strong>Intervenci\u00f3n Sociocomunitaria P.E.S.<\/strong><\/strong><\/span><\/td>\n<td style=\"width: 275px;text-align: left\"><span style=\"font-size: 12pt\"><strong><strong>Rodr\u00edguez Rodr\u00edguez, Mar\u00eda Jos\u00e9<\/strong><\/strong><\/span><\/p>\n<p><span style=\"font-size: 12pt\"><strong><strong><strong><strong>Zurita Parejo, Gema<\/strong><\/strong><br \/>\n<\/strong><\/strong><\/span><\/td>\n<\/tr>\n<tr style=\"background-color: #ffdab9\">\n<td style=\"text-align: left\"><strong><span style=\"font-size: 10pt\"><strong>Lat\u00edn<\/strong> P.E.S.<\/span><\/strong><\/td>\n<td style=\"width: 275px;text-align: left\"><strong><span style=\"font-size: 12pt\"><strong>Infante S<\/strong><\/span><span style=\"font-size: 12pt\">antia<\/span><span style=\"font-size: 12pt\"><strong>go, Manuel M.<\/strong><\/span><\/strong><\/td>\n<\/tr>\n<tr style=\"background-color: #deb887\">\n<td style=\"text-align: left\"><strong><span style=\"font-size: 10pt\"><strong>Lengua Castellana y Literatura&nbsp;<\/strong> P.E.S.<\/span><\/strong><\/td>\n<td style=\"width: 275px;text-align: left\"><strong><span style=\"font-size: 12pt\"><strong>Estero Casta\u00f1o, Erenia Josefina<\/strong><\/span><\/strong><\/p>\n<p><strong><span style=\"font-size: 12pt\"><strong>Garc\u00eda Casermeiro, Mar\u00eda Jos\u00e9<\/strong><\/span><\/strong><\/p>\n<p><strong><span style=\"font-size: 12pt\"><strong><strong>O\u00f1ate Campos, Isabel<\/strong><\/strong><\/span><\/strong><\/p>\n<p><strong><span style=\"font-size: 12pt\"><strong><strong>Ruiz P\u00e9rez, Rosario<\/strong><\/strong><\/span><\/strong><\/p>\n<p><strong><span style=\"font-size: 12pt\"><strong>Vegas Trani, Tatiana<\/strong><\/span><\/strong><\/p>\n<p><strong><span style=\"font-size: 12pt\"><strong>Zapatero Monge, Mar\u00eda Bel\u00e9n<\/strong><\/span><\/strong><\/td>\n<\/tr>\n<tr style=\"background-color: #ffdab9\">\n<td style=\"text-align: left\"><strong><span style=\"font-size: 10pt\"><strong>Matem\u00e1ticas<\/strong> P.E.S.<\/span><\/strong><\/td>\n<td style=\"width: 275px;text-align: left\"><span style=\"color: #000000\"><strong><span style=\"font-size: 12pt\"><strong>Cabrera Cruces, Mar\u00eda Soledad<\/strong><\/span><\/strong><\/span><\/p>\n<p><span style=\"color: #000000\"><strong><span style=\"font-size: 12pt\"><strong>Delboy Cabello, Jos\u00e9<\/strong><\/span><\/strong><\/span><\/p>\n<p><strong><span style=\"font-size: 12pt\"><span style=\"color: #000000\"><strong><strong>Gallardo Romero, Jes\u00fas<\/strong><\/strong><\/span><\/span><\/strong><\/p>\n<p><strong><span style=\"font-size: 12pt\"><span style=\"color: #000000\"><strong><strong>Garc\u00eda Pulido, Francisco Javier<\/strong><\/strong><\/span><\/span><\/strong><\/p>\n<p><strong><span style=\"font-size: 12pt\"><span style=\"color: #000000\"><strong>Sanzo Fern\u00e1ndez, Carmen Lourdes<\/strong><\/span><\/span><\/strong><\/p>\n<p><strong><span style=\"font-size: 12pt\"><span style=\"color: #000000\"><strong>Sillero L\u00f3pez, Javier L.<\/strong><\/span><br \/>\n<\/span><\/strong><\/p>\n<p><strong><span style=\"font-size: 12pt\"><strong>Zalba Olaizola, Claudio<\/strong><\/span><\/strong><\/td>\n<\/tr>\n<tr style=\"background-color: #deb887\">\n<td style=\"text-align: left\"><strong><span style=\"font-size: 10pt\"><strong>M\u00fasica<\/strong> P.E.S.<\/span><\/strong><\/td>\n<td style=\"width: 275px;text-align: left\"><strong><span style=\"font-size: 12pt\"><strong>De Miguel Carrasco, Esther<\/strong><\/span><\/strong><\/td>\n<\/tr>\n<tr style=\"background-color: #ffdab9\">\n<td style=\"text-align: left\"><strong><span style=\"font-size: 10pt\"><strong>Orientaci\u00f3n Educativa<\/strong> P.E.S.<\/span><\/strong><\/td>\n<td style=\"width: 275px;text-align: left\"><strong><span style=\"font-size: 12pt\"><strong>Ruiz Vargas, Miguel \u00c1ngel<\/strong><\/span><\/strong><\/td>\n<\/tr>\n<tr style=\"background-color: #deb887\">\n<td style=\"text-align: left\"><strong><span style=\"font-size: 10pt\"><strong>Pedagog\u00eda Terapeutica<\/strong> P.E.S.<\/span><\/strong><\/td>\n<td style=\"width: 275px;text-align: left\"><strong><span style=\"font-size: 12pt\"><strong>Huertas Ortiz, Carmen<\/strong><\/span><\/strong><\/p>\n<p><strong><span style=\"font-size: 12pt\"> <strong>P\u00e9rez Postigo, Mar\u00eda<\/strong><\/span><\/strong><\/p>\n<p><strong><span style=\"font-size: 12pt\"><strong><strong>Ramos Espejo, Mercedes<\/strong><\/strong><\/span><\/strong><\/td>\n<\/tr>\n<tr style=\"background-color: #ffdab9\">\n<td style=\"text-align: left\"><strong><span style=\"font-size: 10pt\"><strong>Proc. Gesti\u00f3n Administrativa P.T.F.P<\/strong><\/span><\/strong><\/td>\n<td style=\"width: 275px;text-align: left\"><strong><span style=\"font-size: 12pt\"><strong>Ariza P\u00e9rez, Mar\u00eda Mar<\/strong><\/span><\/strong><\/p>\n<p><strong><span style=\"font-size: 12pt\"> <strong>Carmona Rodr\u00edguez, Mar\u00eda de la Cruz<\/strong><\/span><\/strong><\/p>\n<p><strong><span style=\"font-size: 12pt\"><strong>Cobo Fuentes, Mar\u00eda Carmen<\/strong><\/span><\/strong><\/p>\n<p><strong><span style=\"font-size: 12pt\"><strong><strong><strong>Jaimez V\u00e1zquez, Mar\u00eda Teresa<\/strong><\/strong><\/strong><\/span><\/strong><\/p>\n<p><strong><span style=\"font-size: 12pt\"><strong><strong>Mart\u00edn \u00c9cija, Mar\u00eda Isabel<\/strong><\/strong><\/span><\/strong><\/p>\n<p><strong><span style=\"font-size: 12pt\"><strong><strong>Mellado L\u00f3pez, Vicente Francisco<\/strong><\/strong><\/span><\/strong><\/p>\n<p><strong><span style=\"font-size: 12pt\"><strong><strong>Montilla Vega, Agueda<\/strong><\/strong><\/span><\/strong><\/p>\n<p><strong><span style=\"font-size: 12pt\"><strong><strong>Ruiz Ochoa, Miguel<\/strong><\/strong><\/span><\/strong><\/td>\n<\/tr>\n<tr style=\"background-color: #deb887\">\n<td style=\"text-align: left\"><strong><span style=\"font-size: 10pt\"><strong>Religi\u00f3n Cat\u00f3lica<\/strong><\/span><\/strong><\/p>\n<p><strong><span style=\"font-size: 10pt\"><strong><strong>Religi\u00f3n Evang\u00e9lica<\/strong><br \/>\n<\/strong><\/span><\/strong><\/td>\n<td style=\"width: 275px;text-align: left\"><strong><span style=\"font-size: 12pt\"><strong>Narbona Galindo, Jos\u00e9 Antonio<\/strong><\/span><\/strong><\/p>\n<p><span style=\"font-size: 16px\"><strong>Carbajal Mar\u00edn, Pedro Antonio<\/strong><\/span><\/td>\n<\/tr>\n<tr style=\"background-color: #ffdab9\">\n<td style=\"text-align: left\"><strong><span style=\"font-size: 10pt\"><strong>Servicios a la Comunidad P.T.F.P.<\/strong><\/span><\/strong><\/td>\n<td style=\"width: 275px;text-align: left\"><strong><span style=\"font-size: 12pt\"><strong>S\u00e1nchez Gonz\u00e1lez, Ainoa<\/strong><\/span><\/strong><\/td>\n<\/tr>\n<tr style=\"background-color: #deb887\">\n<td style=\"text-align: left\"><strong><span style=\"font-size: 10pt\"><strong>Tecnolog\u00eda P.E.S.<\/strong><\/span><\/strong><\/td>\n<td style=\"width: 275px;text-align: left\"><strong><span style=\"font-size: 12pt\"><strong>Gonz\u00e1lez Garrido, Pedro Antonio<\/strong><\/span><\/strong><\/p>\n<p><strong><span style=\"font-size: 12pt\"> <strong>Pardo Jurado, Nuria<\/strong><\/span><\/strong><\/p>\n<p><strong><span style=\"font-size: 12pt\"> <strong>Vegas Toro, Jes\u00fas<\/strong><\/span><\/strong><\/td>\n<\/tr>\n<tr style=\"background-color: #ffdab9\">\n<td style=\"text-align: left\"><span style=\"font-size: 10pt\"><strong>Apoyo Covid<\/strong><\/span><\/td>\n<td style=\"width: 275px;text-align: left\"><strong><span style=\"font-size: 12pt\">Esp\u00e1rraga G\u00f3mez, Jos\u00e9<\/span><\/strong><\/p>\n<p><strong><span style=\"font-size: 12pt\">Santaella Gonz\u00e1lez, M\u00aa Jos\u00e9<\/span><\/strong><\/td>\n<\/tr>\n<\/tbody>\n<\/table>\n<p>&nbsp;<\/p>\n<h2 style=\"text-align: left\"><strong>&nbsp; &nbsp; &nbsp; &nbsp; &nbsp; &nbsp; &nbsp; &nbsp; &nbsp; &nbsp; &nbsp; &nbsp; <\/strong><\/h2>\n<\/div>\n<div>&nbsp;<\/div>\n","protected":false},"excerpt":{"rendered":"<p>Profesorado del Centro &nbsp; Curso 2020 \/ 2021 &nbsp; Administraci\u00f3n de Empresas &nbsp;P.E.S. G\u00f3mez P\u00e1ez, Antonio G\u00f3mez Romo, Amparo Mu\u00f1oz Guillan, Jos\u00e9 Manuel Ortigosa Vallejo, Nuria P\u00e1ez Carrasco, Francisco &nbsp; Serrano Guti\u00e9rrez, Antonio Apoyo&#46;&#46;&#46;<\/p>\n","protected":false},"author":10413,"featured_media":0,"parent":0,"menu_order":0,"comment_status":"closed","ping_status":"closed","template":"","meta":{"ngg_post_thumbnail":0,"footnotes":"","_mc_calendar":[]},"aioseo_notices":[],"_links":{"self":[{"href":"https:\/\/blogsaverroes.juntadeandalucia.es\/iespintorjosemariafernandez\/wp-json\/wp\/v2\/pages\/2647"}],"collection":[{"href":"https:\/\/blogsaverroes.juntadeandalucia.es\/iespintorjosemariafernandez\/wp-json\/wp\/v2\/pages"}],"about":[{"href":"https:\/\/blogsaverroes.juntadeandalucia.es\/iespintorjosemariafernandez\/wp-json\/wp\/v2\/types\/page"}],"author":[{"embeddable":true,"href":"https:\/\/blogsaverroes.juntadeandalucia.es\/iespintorjosemariafernandez\/wp-json\/wp\/v2\/users\/10413"}],"replies":[{"embeddable":true,"href":"https:\/\/blogsaverroes.juntadeandalucia.es\/iespintorjosemariafernandez\/wp-json\/wp\/v2\/comments?post=2647"}],"version-history":[{"count":5,"href":"https:\/\/blogsaverroes.juntadeandalucia.es\/iespintorjosemariafernandez\/wp-json\/wp\/v2\/pages\/2647\/revisions"}],"predecessor-version":[{"id":2668,"href":"https:\/\/blogsaverroes.juntadeandalucia.es\/iespintorjosemariafernandez\/wp-json\/wp\/v2\/pages\/2647\/revisions\/2668"}],"wp:attachment":[{"href":"https:\/\/blogsaverroes.juntadeandalucia.es\/iespintorjosemariafernandez\/wp-json\/wp\/v2\/media?parent=2647"}],"curies":[{"name":"wp","href":"https:\/\/api.w.org\/{rel}","templated":true}]}}