{"id":3021,"date":"2020-12-24T11:05:24","date_gmt":"2020-12-24T11:05:24","guid":{"rendered":"https:\/\/blogsaverroes.juntadeandalucia.es\/iespintorjosemariafernandez\/?page_id=3021"},"modified":"2020-12-24T11:05:24","modified_gmt":"2020-12-24T11:05:24","slug":"videos-tutoriales-moodle-centros","status":"publish","type":"page","link":"https:\/\/blogsaverroes.juntadeandalucia.es\/iespintorjosemariafernandez\/videos-tutoriales-moodle-centros\/","title":{"rendered":"V\u00eddeos\/Tutoriales Moodle Centros"},"content":{"rendered":"<h2><a href=\"https:\/\/blogsaverroes.juntadeandalucia.es\/iespintorjosemariafernandez\/files\/2015\/05\/Logo-Moodle-centros-.png\"><img loading=\"lazy\" decoding=\"async\" class=\"size-full wp-image-2440 aligncenter\" src=\"https:\/\/blogsaverroes.juntadeandalucia.es\/iespintorjosemariafernandez\/files\/2015\/05\/Logo-Moodle-centros-.png\" alt=\"\" width=\"279\" height=\"116\" srcset=\"https:\/\/blogsaverroes.juntadeandalucia.es\/iespintorjosemariafernandez\/files\/2015\/05\/Logo-Moodle-centros-.png 279w, https:\/\/blogsaverroes.juntadeandalucia.es\/iespintorjosemariafernandez\/files\/2015\/05\/Logo-Moodle-centros--24x10.png 24w, https:\/\/blogsaverroes.juntadeandalucia.es\/iespintorjosemariafernandez\/files\/2015\/05\/Logo-Moodle-centros--36x15.png 36w, https:\/\/blogsaverroes.juntadeandalucia.es\/iespintorjosemariafernandez\/files\/2015\/05\/Logo-Moodle-centros--48x20.png 48w\" sizes=\"(max-width: 279px) 100vw, 279px\" \/><\/a><\/h2>\n<h2>Informaci\u00f3n y manuales de gesti\u00f3n de Moodle Centros:<\/h2>\n<ul>\n<li>\n<h4><a href=\"https:\/\/www.juntadeandalucia.es\/educacion\/eaprendizaje\/moodle-centros\/\" target=\"_blank\" rel=\"noopener noreferrer\">En la web de eAprendizaje<\/a><\/h4>\n<\/li>\n<li>\n<h4><a href=\"https:\/\/www.juntadeandalucia.es\/educacion\/portals\/web\/transformacion-digital-educativa\/moodle_canal_videos\/\" target=\"_blank\" rel=\"noopener noreferrer\">Canal de v\u00eddeos sobre Moodle Centros<\/a>&nbsp;<\/h4>\n<\/li>\n<\/ul>\n<p>&nbsp;<\/p>\n","protected":false},"excerpt":{"rendered":"<p>Informaci\u00f3n y manuales de gesti\u00f3n de Moodle Centros: En la web de eAprendizaje Canal de v\u00eddeos sobre Moodle Centros&nbsp; &nbsp;<\/p>\n","protected":false},"author":10413,"featured_media":0,"parent":0,"menu_order":0,"comment_status":"closed","ping_status":"closed","template":"","meta":{"ngg_post_thumbnail":0,"footnotes":"","_mc_calendar":[]},"aioseo_notices":[],"_links":{"self":[{"href":"https:\/\/blogsaverroes.juntadeandalucia.es\/iespintorjosemariafernandez\/wp-json\/wp\/v2\/pages\/3021"}],"collection":[{"href":"https:\/\/blogsaverroes.juntadeandalucia.es\/iespintorjosemariafernandez\/wp-json\/wp\/v2\/pages"}],"about":[{"href":"https:\/\/blogsaverroes.juntadeandalucia.es\/iespintorjosemariafernandez\/wp-json\/wp\/v2\/types\/page"}],"author":[{"embeddable":true,"href":"https:\/\/blogsaverroes.juntadeandalucia.es\/iespintorjosemariafernandez\/wp-json\/wp\/v2\/users\/10413"}],"replies":[{"embeddable":true,"href":"https:\/\/blogsaverroes.juntadeandalucia.es\/iespintorjosemariafernandez\/wp-json\/wp\/v2\/comments?post=3021"}],"version-history":[{"count":1,"href":"https:\/\/blogsaverroes.juntadeandalucia.es\/iespintorjosemariafernandez\/wp-json\/wp\/v2\/pages\/3021\/revisions"}],"predecessor-version":[{"id":3022,"href":"https:\/\/blogsaverroes.juntadeandalucia.es\/iespintorjosemariafernandez\/wp-json\/wp\/v2\/pages\/3021\/revisions\/3022"}],"wp:attachment":[{"href":"https:\/\/blogsaverroes.juntadeandalucia.es\/iespintorjosemariafernandez\/wp-json\/wp\/v2\/media?parent=3021"}],"curies":[{"name":"wp","href":"https:\/\/api.w.org\/{rel}","templated":true}]}}