{"id":3582,"date":"2023-01-24T21:20:35","date_gmt":"2023-01-24T21:20:35","guid":{"rendered":"https:\/\/blogsaverroes.juntadeandalucia.es\/iespintorjosemariafernandez\/?page_id=3582"},"modified":"2023-05-03T09:31:49","modified_gmt":"2023-05-03T08:31:49","slug":"proa-y-pali","status":"publish","type":"page","link":"https:\/\/blogsaverroes.juntadeandalucia.es\/iespintorjosemariafernandez\/proa-y-pali\/","title":{"rendered":"PROA y PALI"},"content":{"rendered":"<p><img loading=\"lazy\" decoding=\"async\" class=\"aligncenter\" src=\"https:\/\/blogsaverroes.juntadeandalucia.es\/iespintorjosemariafernandez\/files\/2023\/01\/2022-2023.-PROA-PALI.-cartel-proa.png\" alt=\"PROA y PALI\" width=\"341\" height=\"482\"><\/p>\n<p style=\"text-align: justify\">En nuestro centro se desarrollan actuaciones para la mejora del rendimiento escolar y la actualizaci\u00f3n ling\u00fc\u00edstica de nuestro alumnado a trav\u00e9s del Programa de Refuerzo, Orientaci\u00f3n y Apoyo (PROA), programa cofinanciado con el Fondo Social Europeo.<\/p>\n<p><img decoding=\"async\" class=\"aligncenter\" src=\"https:\/\/blogsaverroes.juntadeandalucia.es\/iespintorjosemariafernandez\/files\/2023\/05\/2022-2023.-Proa-Pali.-Logos.png\" alt=\"PROA y PALI. Logos\"><\/p>\n","protected":false},"excerpt":{"rendered":"<p>En nuestro centro se desarrollan actuaciones para la mejora del rendimiento escolar y la actualizaci\u00f3n ling\u00fc\u00edstica de nuestro alumnado a trav\u00e9s del Programa de Refuerzo, Orientaci\u00f3n y Apoyo (PROA), programa cofinanciado con el Fondo&#46;&#46;&#46;<\/p>\n","protected":false},"author":10413,"featured_media":0,"parent":0,"menu_order":0,"comment_status":"closed","ping_status":"closed","template":"","meta":{"ngg_post_thumbnail":0,"footnotes":"","_mc_calendar":[]},"aioseo_notices":[],"_links":{"self":[{"href":"https:\/\/blogsaverroes.juntadeandalucia.es\/iespintorjosemariafernandez\/wp-json\/wp\/v2\/pages\/3582"}],"collection":[{"href":"https:\/\/blogsaverroes.juntadeandalucia.es\/iespintorjosemariafernandez\/wp-json\/wp\/v2\/pages"}],"about":[{"href":"https:\/\/blogsaverroes.juntadeandalucia.es\/iespintorjosemariafernandez\/wp-json\/wp\/v2\/types\/page"}],"author":[{"embeddable":true,"href":"https:\/\/blogsaverroes.juntadeandalucia.es\/iespintorjosemariafernandez\/wp-json\/wp\/v2\/users\/10413"}],"replies":[{"embeddable":true,"href":"https:\/\/blogsaverroes.juntadeandalucia.es\/iespintorjosemariafernandez\/wp-json\/wp\/v2\/comments?post=3582"}],"version-history":[{"count":5,"href":"https:\/\/blogsaverroes.juntadeandalucia.es\/iespintorjosemariafernandez\/wp-json\/wp\/v2\/pages\/3582\/revisions"}],"predecessor-version":[{"id":3612,"href":"https:\/\/blogsaverroes.juntadeandalucia.es\/iespintorjosemariafernandez\/wp-json\/wp\/v2\/pages\/3582\/revisions\/3612"}],"wp:attachment":[{"href":"https:\/\/blogsaverroes.juntadeandalucia.es\/iespintorjosemariafernandez\/wp-json\/wp\/v2\/media?parent=3582"}],"curies":[{"name":"wp","href":"https:\/\/api.w.org\/{rel}","templated":true}]}}

<p><img loading="lazy" decoding="async" class="aligncenter" src="https://blogsaverroes.juntadeandalucia.es/iespintorjosemariafernandez/files/2023/01/2022-2023.-PROA-PALI.-cartel-proa.png" alt="PROA y PALI" width="341" height="482"></p>
<p style="text-align: justify">En nuestro centro se desarrollan actuaciones para la mejora del rendimiento escolar y la actualización lingüística de nuestro alumnado a través del Programa de Refuerzo, Orientación y Apoyo (PROA), programa cofinanciado con el Fondo Social Europeo.</p>
<p><img decoding="async" class="aligncenter" src="https://blogsaverroes.juntadeandalucia.es/iespintorjosemariafernandez/files/2023/05/2022-2023.-Proa-Pali.-Logos.png" alt="PROA y PALI. Logos"></p>

<p>En nuestro centro se desarrollan actuaciones para la mejora del rendimiento escolar y la actualización lingüística de nuestro alumnado a través del Programa de Refuerzo, Orientación y Apoyo (PROA), programa cofinanciado con el Fondo&#46;&#46;&#46;</p>
