{"id":44,"date":"2020-11-03T08:42:15","date_gmt":"2020-11-03T08:42:15","guid":{"rendered":"http:\/\/blogsaverroes.juntadeandalucia.es\/pre\/ceip\/?page_id=44"},"modified":"2023-05-03T09:26:58","modified_gmt":"2023-05-03T08:26:58","slug":"planes-y-proyectos","status":"publish","type":"page","link":"https:\/\/blogsaverroes.juntadeandalucia.es\/iespintorjosemariafernandez\/planes-y-proyectos\/","title":{"rendered":"Planes y Programas"},"content":{"rendered":"<p style=\"text-align: center\"><a href=\"https:\/\/blogsaverroes.juntadeandalucia.es\/iespintorjosemariafernandez\/planes-y-proyectos\/planes-2\/\" rel=\"attachment wp-att-2642\"><img loading=\"lazy\" decoding=\"async\" class=\"alignnone wp-image-2642\" src=\"https:\/\/blogsaverroes.juntadeandalucia.es\/iespintorjosemariafernandez\/files\/2020\/11\/planes-300x122.png\" alt=\"\" width=\"351\" height=\"143\" srcset=\"https:\/\/blogsaverroes.juntadeandalucia.es\/iespintorjosemariafernandez\/files\/2020\/11\/planes-300x122.png 300w, https:\/\/blogsaverroes.juntadeandalucia.es\/iespintorjosemariafernandez\/files\/2020\/11\/planes-24x10.png 24w, https:\/\/blogsaverroes.juntadeandalucia.es\/iespintorjosemariafernandez\/files\/2020\/11\/planes-36x15.png 36w, https:\/\/blogsaverroes.juntadeandalucia.es\/iespintorjosemariafernandez\/files\/2020\/11\/planes-48x19.png 48w, https:\/\/blogsaverroes.juntadeandalucia.es\/iespintorjosemariafernandez\/files\/2020\/11\/planes.png 353w\" sizes=\"(max-width: 351px) 100vw, 351px\" \/><\/a><\/p>\n<p style=\"font-weight: 400;text-align: center\"><strong>COORDINADORES<\/strong><\/p>\n<table style=\"font-weight: 400;width: 87.2441%;height: 1609px\" width=\"523\">\n<tbody>\n<tr style=\"height: 73px\">\n<td style=\"width: 57.9793%;height: 73px\" width=\"348\">\n<h4><strong>BCrea<\/strong><\/h4>\n<\/td>\n<td style=\"width: 86.2535%;height: 73px\" width=\"255\">\n<h5>Francisco Maeses<\/h5>\n<\/td>\n<\/tr>\n<tr style=\"height: 73px\">\n<td style=\"width: 57.9793%;height: 73px\" width=\"348\">\n<h4><a href=\"https:\/\/blogsaverroes.juntadeandalucia.es\/iespintorjosemariafernandez\/bilinguismo\/\"><strong>BILING\u00dcISMO<\/strong><\/a><\/h4>\n<\/td>\n<td style=\"width: 86.2535%;height: 73px\" width=\"255\">\n<h5>Trinidad Ortigosa Maldonado<\/h5>\n<\/td>\n<\/tr>\n<tr style=\"height: 73px\">\n<td style=\"width: 57.9793%;height: 73px\" width=\"348\">\n<h4>COFPYDE<\/h4>\n<\/td>\n<td style=\"width: 86.2535%;height: 73px\" width=\"255\">\n<h5>Antonio G\u00f3mez P\u00e1ez<\/h5>\n<\/td>\n<\/tr>\n<tr style=\"height: 73px\">\n<td style=\"width: 57.9793%;height: 73px\" width=\"348\">\n<h4><strong>COMPENSACI\u00d3N EDUCATIVA<\/strong><\/h4>\n<\/td>\n<td style=\"width: 86.2535%;height: 73px\" width=\"255\">\n<h5>Pablo M\u00e9rida Garc\u00eda<\/h5>\n<\/td>\n<\/tr>\n<tr style=\"height: 73px\">\n<td style=\"width: 57.9793%;height: 57px\" width=\"348\">\n<h4><strong>CONVIVENCIA<\/strong><\/h4>\n<\/td>\n<td style=\"width: 86.2535%;height: 57px\" width=\"255\">\n<h5>Tatiana S\u00e1nchez Ru\u00edz<\/h5>\n<\/td>\n<\/tr>\n<tr style=\"height: 73px\">\n<td style=\"width: 57.9793%;height: 73px\" width=\"348\">\n<h4>COVID<\/h4>\n<\/td>\n<td style=\"width: 86.2535%;height: 73px\" width=\"255\">\n<h5>Manuel Infante Santiago<\/h5>\n<\/td>\n<\/tr>\n<tr style=\"height: 73px\">\n<td style=\"width: 57.9793%;height: 73px\" width=\"348\">\n<h4><strong>CULTURA EMPRENDEDORA. INNICIA<\/strong><\/h4>\n<\/td>\n<td style=\"width: 86.2535%;height: 73px\" width=\"255\">\n<h5>Adriana Gonz\u00e1lez<\/h5>\n<\/td>\n<\/tr>\n<tr style=\"height: 73px\">\n<td style=\"width: 57.9793%;height: 73px\" width=\"348\">\n<h4>EMPRENDIMIENTO<\/h4>\n<\/td>\n<td style=\"width: 86.2535%;height: 73px\" width=\"255\">\n<h5>Juan de la Cruz L\u00f3pez Sierras<\/h5>\n<h5>Mara Artacho Rojas&nbsp;<\/h5>\n<\/td>\n<\/tr>\n<tr style=\"height: 73px\">\n<td style=\"width: 57.9793%;height: 65px\" width=\"348\">\n<h4><a href=\"https:\/\/blogsaverroes.juntadeandalucia.es\/iespintorjosemariafernandez\/erasmus\/\"><strong>ERASMUS+<\/strong><\/a><\/h4>\n<\/td>\n<td style=\"width: 86.2535%;height: 65px\" width=\"255\">\n<h5>Mara Artacho Rojas<\/h5>\n<\/td>\n<\/tr>\n<tr style=\"height: 73px\">\n<td style=\"width: 57.9793%;height: 65px\" width=\"348\">\n<h4><strong>ESCUELAS DEPORTIVAS<\/strong><\/h4>\n<\/td>\n<td style=\"width: 86.2535%;height: 65px\" width=\"255\">\n<h5>Jos\u00e9 Virgilio Mata Casado<\/h5>\n<\/td>\n<\/tr>\n<tr style=\"height: 73px\">\n<td style=\"width: 57.9793%;height: 73px\" width=\"348\">\n<h4><strong>HHVS FORMA JOVEN<\/strong><\/h4>\n<\/td>\n<td style=\"width: 86.2535%;height: 73px\" width=\"255\">\n<h5>Pablo M\u00e9rida Garc\u00eda<\/h5>\n<\/td>\n<\/tr>\n<tr style=\"height: 73px\">\n<td style=\"width: 57.9793%;height: 73px\" width=\"348\">\n<h4><strong>IGUALDAD (COEDUCACI\u00d3N)<\/strong><\/h4>\n<\/td>\n<td style=\"width: 86.2535%;height: 73px\" width=\"255\">\n<h5>M\u00aa Dolores Sierra Pastrana<\/h5>\n<\/td>\n<\/tr>\n<tr style=\"height: 73px\">\n<td style=\"width: 57.9793%;height: 73px\" width=\"348\">\n<h4><strong>Plan Salud Laboral y PRL<\/strong><\/h4>\n<\/td>\n<td style=\"width: 86.2535%;height: 73px\" width=\"255\">\n<h5>M\u00aa Jos\u00e9 Serrano<\/h5>\n<\/td>\n<\/tr>\n<tr style=\"height: 73px\">\n<td style=\"width: 57.9793%;height: 73px\" width=\"348\">\n<h4><strong>PR\u00c1CTICUM CCEE PSICOLOGIA<\/strong><\/h4>\n<\/td>\n<td style=\"width: 86.2535%;height: 73px\" width=\"255\">\n<h5>Tatiana S\u00e1nchez Ru\u00edz<\/h5>\n<\/td>\n<\/tr>\n<tr style=\"height: 73px\">\n<td style=\"width: 57.9793%;height: 73px\" width=\"348\">\n<h4><strong>PR\u00c1CTICUM GRADO MAESTRO<\/strong><\/h4>\n<\/td>\n<td style=\"width: 86.2535%;height: 73px\" width=\"255\">\n<h5>Tatiana S\u00e1nchez Ru\u00edz<\/h5>\n<\/td>\n<\/tr>\n<tr style=\"height: 73px\">\n<td style=\"width: 57.9793%;height: 73px\" width=\"348\">\n<h4><strong>PR\u00c1CTICUM UNIVERSIDAD (ED. SOCIAL)<\/strong><\/h4>\n<\/td>\n<td style=\"width: 86.2535%;height: 73px\" width=\"255\">\n<h5>Tatiana S\u00e1nchez Ru\u00edz<\/h5>\n<\/td>\n<\/tr>\n<tr style=\"height: 73px\">\n<td style=\"width: 57.9793%;height: 73px\" width=\"348\">\n<h4><strong>PR\u00c1CTICUM SECUNDARIA<\/strong><\/h4>\n<\/td>\n<td style=\"width: 86.2535%;height: 73px\" width=\"255\">\n<h5>Tatiana S\u00e1nchez Ru\u00edz<\/h5>\n<\/td>\n<\/tr>\n<tr style=\"height: 73px\">\n<td style=\"width: 57.9793%;height: 73px\" width=\"348\">\n<h4><strong>PR\u00c1CTICUM ALUMN. UNIV. CENTROS BILING\u00dcES<\/strong><\/h4>\n<\/td>\n<td style=\"width: 86.2535%;height: 73px\" width=\"255\">\n<h5>Tatiana S\u00e1nchez Ru\u00edz<\/h5>\n<\/td>\n<\/tr>\n<tr style=\"height: 108px\">\n<td style=\"width: 57.9793%;height: 73px\" width=\"348\">\n<h4><a href=\"https:\/\/blogsaverroes.juntadeandalucia.es\/iespintorjosemariafernandez\/proa-y-pali\/\"><br \/>\n<strong>PROA (Plan de Ref. Orient. y Apoyo) y PALI<\/strong><\/a><\/h4>\n<\/td>\n<td style=\"width: 86.2535%;height: 66px\" width=\"255\">\n<h5>Teresa Zurita B\u00e1ez<\/h5>\n<\/td>\n<\/tr>\n<tr style=\"height: 73px\">\n<td style=\"width: 57.9793%;height: 73px\" width=\"348\">\n<h4><strong>RED ESCUELAS ESPACIO DE PAZ<\/strong><\/h4>\n<\/td>\n<td style=\"width: 86.2535%;height: 73px\" width=\"255\">\n<h5>M\u00aa Jos\u00e9 Rodr\u00edguez<\/h5>\n<\/td>\n<\/tr>\n<tr style=\"height: 108px\">\n<td style=\"width: 57.9793%;height: 108px\" width=\"348\">\n<h4><strong>STEAM. Investigaci\u00f3n Aeroespacial aplicada al aula<\/strong><\/h4>\n<\/td>\n<td style=\"width: 86.2535%;height: 108px\" width=\"255\">\n<h5>Jos\u00e9 Virgilio Mata Casado<\/h5>\n<\/td>\n<\/tr>\n<tr style=\"height: 108px\">\n<td style=\"width: 57.9793%;height: 108px\" width=\"348\">\n<h4><strong>STEAM. Rob\u00f3tica aplicada al aula<\/strong><\/h4>\n<\/td>\n<td style=\"width: 86.2535%;height: 108px\" width=\"255\">\n<h5>Jos\u00e9 Virgilio Mata Casado<\/h5>\n<\/td>\n<\/tr>\n<tr style=\"height: 108px\">\n<td style=\"width: 57.9793%;height: 65px\" width=\"348\">\n<h4><strong>TDE (Transformaci\u00f3n digital educativa)<\/strong><\/h4>\n<\/td>\n<td style=\"width: 86.2535%;height: 65px\" width=\"255\">\n<h5>Jos\u00e9 Virgilio Mata Casado<\/h5>\n<\/td>\n<\/tr>\n<\/tbody>\n<\/table>\n<p style=\"font-weight: 400\"><strong>&nbsp;<\/strong><\/p>\n<p>&nbsp;<\/p>\n<p>&nbsp;<\/p>\n<p>&nbsp;<\/p>\n","protected":false},"excerpt":{"rendered":"<p>COORDINADORES BCrea Francisco Maeses BILING\u00dcISMO Trinidad Ortigosa Maldonado COFPYDE Antonio G\u00f3mez P\u00e1ez COMPENSACI\u00d3N EDUCATIVA Pablo M\u00e9rida Garc\u00eda CONVIVENCIA Tatiana S\u00e1nchez Ru\u00edz COVID Manuel Infante Santiago CULTURA EMPRENDEDORA. INNICIA Adriana Gonz\u00e1lez EMPRENDIMIENTO Juan de la&#46;&#46;&#46;<\/p>\n","protected":false},"author":1,"featured_media":0,"parent":0,"menu_order":0,"comment_status":"open","ping_status":"closed","template":"page-templates\/child-menu.php","meta":{"ngg_post_thumbnail":0,"footnotes":"","_mc_calendar":[]},"aioseo_notices":[],"_links":{"self":[{"href":"https:\/\/blogsaverroes.juntadeandalucia.es\/iespintorjosemariafernandez\/wp-json\/wp\/v2\/pages\/44"}],"collection":[{"href":"https:\/\/blogsaverroes.juntadeandalucia.es\/iespintorjosemariafernandez\/wp-json\/wp\/v2\/pages"}],"about":[{"href":"https:\/\/blogsaverroes.juntadeandalucia.es\/iespintorjosemariafernandez\/wp-json\/wp\/v2\/types\/page"}],"author":[{"embeddable":true,"href":"https:\/\/blogsaverroes.juntadeandalucia.es\/iespintorjosemariafernandez\/wp-json\/wp\/v2\/users\/1"}],"replies":[{"embeddable":true,"href":"https:\/\/blogsaverroes.juntadeandalucia.es\/iespintorjosemariafernandez\/wp-json\/wp\/v2\/comments?post=44"}],"version-history":[{"count":24,"href":"https:\/\/blogsaverroes.juntadeandalucia.es\/iespintorjosemariafernandez\/wp-json\/wp\/v2\/pages\/44\/revisions"}],"predecessor-version":[{"id":3610,"href":"https:\/\/blogsaverroes.juntadeandalucia.es\/iespintorjosemariafernandez\/wp-json\/wp\/v2\/pages\/44\/revisions\/3610"}],"wp:attachment":[{"href":"https:\/\/blogsaverroes.juntadeandalucia.es\/iespintorjosemariafernandez\/wp-json\/wp\/v2\/media?parent=44"}],"curies":[{"name":"wp","href":"https:\/\/api.w.org\/{rel}","templated":true}]}}