{"id":385,"date":"2024-09-07T08:52:58","date_gmt":"2024-09-07T08:52:58","guid":{"rendered":"https:\/\/blogsaverroes.juntadeandalucia.es\/iespmtde\/?page_id=385"},"modified":"2024-09-07T08:52:58","modified_gmt":"2024-09-07T08:52:58","slug":"3-participacion","status":"publish","type":"page","link":"https:\/\/blogsaverroes.juntadeandalucia.es\/iespmtde\/3-participacion\/","title":{"rendered":"3.- Participaci\u00f3n"},"content":{"rendered":"<div class=\"oKdM2c ZZyype Kzv0Me\">\n<div id=\"h.249df06bd9221dec_8\" class=\"hJDwNd-AhqUyc-qWD73c Ft7HRd-AhqUyc-qWD73c jXK9ad D2fZ2 zu5uec OjCsFc dmUFtb JYTMs\">\n<div class=\"jXK9ad-SmKAyb\">\n<div class=\"tyJCtd mGzaTb Depvyb baZpAe\">\n<div class=\"CjVfdc\"><strong>3.1.- Coordinador<\/strong><\/div>\n<\/div>\n<\/div>\n<div class=\"uArJ5e Y5FYJe cjq2Db amZmwc\" role=\"button\" aria-label=\"Ocultar\" data-tooltip=\"Ocultar\" data-tooltip-vertical-offset=\"-12\" data-tooltip-horizontal-offset=\"0\">\n<div class=\"PDXc1b MbhUzd\">&nbsp;<\/div>\n<\/div>\n<\/div>\n<\/div>\n<div class=\"oKdM2c ZZyype\">\n<div id=\"h.249df06bd9221dec_10\" class=\"hJDwNd-AhqUyc-qWD73c Ft7HRd-AhqUyc-qWD73c jXK9ad D2fZ2 zu5uec wHaque g5GTcb JYTMs\">\n<div class=\"jXK9ad-SmKAyb\">\n<div class=\"tyJCtd mGzaTb Depvyb baZpAe\">\n<p class=\"CDt4Ke zfr3Q\" dir=\"ltr\">Un miembro del Claustro ser\u00e1 designado como coordinador o coordinadora del proceso de transformaci\u00f3n digital cuyas funciones son:<\/p>\n<p class=\"CDt4Ke zfr3Q\" dir=\"ltr\">a) Dinamizar el proceso de transformaci\u00f3n.<\/p>\n<p class=\"CDt4Ke zfr3Q\" dir=\"ltr\">b) Servir de enlace entre los diferentes sectores de la comunidad educativa y los Servicios Centrales.<\/p>\n<p class=\"CDt4Ke zfr3Q\" dir=\"ltr\">c) Facilitar la mentor\u00eda interna y el aprendizaje horizontal.<\/p>\n<p class=\"CDt4Ke zfr3Q\" dir=\"ltr\">d) Difundir los Marcos de Referencia de la Competencia Digital y las herramientas para<\/p>\n<p class=\"CDt4Ke zfr3Q\" dir=\"ltr\">la TDE implementadas en el sistema de informaci\u00f3n S\u00e9neca.<\/p>\n<p class=\"CDt4Ke zfr3Q\" dir=\"ltr\">e) Difundir los logros del centro, actuando como Community Manager.<\/p>\n<p class=\"CDt4Ke zfr3Q\" dir=\"ltr\">f) Garantizar que se tienen en cuenta aspectos inclusivos en el proceso de TDE.<\/p>\n<p class=\"CDt4Ke zfr3Q\" dir=\"ltr\">g) Ejercer el liderazgo delegado para la realizaci\u00f3n de las anteriores funciones.<\/p>\n<ul class=\"n8H08c UVNKR\">\n<li class=\"TYR86d zfr3Q\" dir=\"ltr\">\n<p class=\"CDt4Ke zfr3Q\" dir=\"ltr\">El coordinador tendr\u00e1 reducci\u00f3n horaria y reconocimientos similares a la Coordinaci\u00f3n TIC.<\/p>\n<\/li>\n<li class=\"TYR86d zfr3Q\" dir=\"ltr\">\n<p class=\"CDt4Ke zfr3Q\" dir=\"ltr\">El director o directora inscribir\u00e1 en el sistema de informaci\u00f3n S\u00e9neca al coordinador o coordinadora.<\/p>\n<\/li>\n<\/ul>\n<\/div>\n<\/div>\n<\/div>\n<\/div>\n<p>&nbsp;<\/p>\n<p><strong>3.2.- Equipo de coordinaci\u00f3n y profesorado participante<\/strong><\/p>\n<div class=\"oKdM2c ZZyype Kzv0Me\">\n<div id=\"h.249df06bd9221dec_18\" class=\"hJDwNd-AhqUyc-wNfPc Ft7HRd-AhqUyc-wNfPc pSzOP-AhqUyc-wNfPc Ktthjf-AhqUyc-wNfPc jXK9ad D2fZ2 zu5uec OjCsFc dmUFtb JYTMs\">\n<div class=\"uArJ5e Y5FYJe cjq2Db amZmwc\" role=\"button\" aria-label=\"Ocultar\" data-tooltip=\"Ocultar\" data-tooltip-vertical-offset=\"-12\" data-tooltip-horizontal-offset=\"0\">\n<div class=\"PDXc1b MbhUzd\">&nbsp;<\/div>\n<\/div>\n<\/div>\n<\/div>\n<div class=\"oKdM2c ZZyype\">\n<div id=\"h.249df06bd9221dec_20\" class=\"hJDwNd-AhqUyc-wNfPc Ft7HRd-AhqUyc-wNfPc pSzOP-AhqUyc-wNfPc Ktthjf-AhqUyc-wNfPc jXK9ad D2fZ2 zu5uec wHaque g5GTcb JYTMs\">\n<div class=\"jXK9ad-SmKAyb\">\n<div class=\"tyJCtd mGzaTb Depvyb baZpAe\">\n<p class=\"CDt4Ke zfr3Q\" dir=\"ltr\"><strong>Equipo de coordinaci\u00f3n<\/strong><\/p>\n<ul class=\"n8H08c UVNKR\">\n<li class=\"TYR86d zfr3Q\" dir=\"ltr\">\n<p class=\"CDt4Ke zfr3Q\" dir=\"ltr\">Dispondr\u00e1n de&nbsp;<strong>horario no lectivo regular<\/strong>&nbsp;para la dedicaci\u00f3n de sus funciones.<\/p>\n<\/li>\n<li class=\"TYR86d zfr3Q\" dir=\"ltr\">\n<p class=\"CDt4Ke zfr3Q\" dir=\"ltr\">Un miembro del equipo directivo, la jefa o jefe del departamento de formaci\u00f3n, innovaci\u00f3n y evaluaci\u00f3n u \u00f3rgano similar, un miembro del departamento de orientaci\u00f3n y el profesorado que lo desee.<\/p>\n<\/li>\n<\/ul>\n<p class=\"CDt4Ke zfr3Q\" dir=\"ltr\"><strong>Para el profesorado participante:<\/strong><\/p>\n<p class=\"CDt4Ke zfr3Q\" dir=\"ltr\">a) Reconocimiento a efectos de los procedimientos de provisi\u00f3n de vacantes: 0.5 puntos<\/p>\n<p class=\"CDt4Ke zfr3Q\" dir=\"ltr\">b) Reconocimiento como horas de formaci\u00f3n a efectos de la promoci\u00f3n retributiva de los&nbsp;funcionarios y funcionarias: 20 horas.<\/p>\n<p class=\"CDt4Ke zfr3Q\" dir=\"ltr\">c) Reconocimiento en los procedimientos para la selecci\u00f3n para la direcci\u00f3n: 0.10 puntos<\/p>\n<ul class=\"n8H08c UVNKR\">\n<li class=\"TYR86d zfr3Q\" dir=\"ltr\">\n<p class=\"CDt4Ke zfr3Q\" dir=\"ltr\">La certificaci\u00f3n se obtendr\u00e1 siempre que se cumpla un m\u00ednimo de seis meses de participaci\u00f3n.<\/p>\n<\/li>\n<li class=\"TYR86d zfr3Q\" dir=\"ltr\">\n<p class=\"CDt4Ke zfr3Q\" dir=\"ltr\">El coordinador o coordinadora apuntar\u00e1 en S\u00e9neca a los participantes teniendo como plazo hasta el 30 de septiembre.<\/p>\n<\/li>\n<\/ul>\n<\/div>\n<\/div>\n<\/div>\n<\/div>\n","protected":false},"excerpt":{"rendered":"<p>3.1.- Coordinador &nbsp; Un miembro del Claustro ser\u00e1 designado como coordinador o coordinadora del proceso de transformaci\u00f3n digital cuyas funciones son: a) Dinamizar el proceso de transformaci\u00f3n. b) Servir de enlace entre los diferentes&#46;&#46;&#46;<\/p>\n","protected":false},"author":16057,"featured_media":0,"parent":0,"menu_order":0,"comment_status":"closed","ping_status":"closed","template":"","meta":{"ngg_post_thumbnail":0,"footnotes":""},"aioseo_notices":[],"_links":{"self":[{"href":"https:\/\/blogsaverroes.juntadeandalucia.es\/iespmtde\/wp-json\/wp\/v2\/pages\/385"}],"collection":[{"href":"https:\/\/blogsaverroes.juntadeandalucia.es\/iespmtde\/wp-json\/wp\/v2\/pages"}],"about":[{"href":"https:\/\/blogsaverroes.juntadeandalucia.es\/iespmtde\/wp-json\/wp\/v2\/types\/page"}],"author":[{"embeddable":true,"href":"https:\/\/blogsaverroes.juntadeandalucia.es\/iespmtde\/wp-json\/wp\/v2\/users\/16057"}],"replies":[{"embeddable":true,"href":"https:\/\/blogsaverroes.juntadeandalucia.es\/iespmtde\/wp-json\/wp\/v2\/comments?post=385"}],"version-history":[{"count":1,"href":"https:\/\/blogsaverroes.juntadeandalucia.es\/iespmtde\/wp-json\/wp\/v2\/pages\/385\/revisions"}],"predecessor-version":[{"id":387,"href":"https:\/\/blogsaverroes.juntadeandalucia.es\/iespmtde\/wp-json\/wp\/v2\/pages\/385\/revisions\/387"}],"wp:attachment":[{"href":"https:\/\/blogsaverroes.juntadeandalucia.es\/iespmtde\/wp-json\/wp\/v2\/media?parent=385"}],"curies":[{"name":"wp","href":"https:\/\/api.w.org\/{rel}","templated":true}]}}