{"id":710,"date":"2025-03-11T12:34:05","date_gmt":"2025-03-11T11:34:05","guid":{"rendered":"https:\/\/blogsaverroes.juntadeandalucia.es\/iespuertadearenas\/?page_id=710"},"modified":"2025-03-11T12:34:10","modified_gmt":"2025-03-11T11:34:10","slug":"fyq","status":"publish","type":"page","link":"https:\/\/blogsaverroes.juntadeandalucia.es\/iespuertadearenas\/fyq\/","title":{"rendered":"F\u00edsica y Qu\u00edmica"},"content":{"rendered":"<p>[et_pb_section fb_built=&#8221;1&#8243; _builder_version=&#8221;4.16&#8243; custom_padding=&#8221;0px||0px|&#8221; z_index_tablet=&#8221;500&#8243; box_shadow_horizontal_tablet=&#8221;0px&#8221; box_shadow_vertical_tablet=&#8221;0px&#8221; box_shadow_blur_tablet=&#8221;40px&#8221; box_shadow_spread_tablet=&#8221;0px&#8221; global_colors_info=&#8221;{}&#8221; theme_builder_area=&#8221;post_content&#8221;][et_pb_row _builder_version=&#8221;4.16&#8243; background_size=&#8221;initial&#8221; background_position=&#8221;top_left&#8221; background_repeat=&#8221;repeat&#8221; global_colors_info=&#8221;{}&#8221; theme_builder_area=&#8221;post_content&#8221;][et_pb_column type=&#8221;4_4&#8243; _builder_version=&#8221;4.16&#8243; custom_padding=&#8221;|||&#8221; global_colors_info=&#8221;{}&#8221; custom_padding__hover=&#8221;|||&#8221; theme_builder_area=&#8221;post_content&#8221;][et_pb_image src=&#8221;https:\/\/blogsaverroes.juntadeandalucia.es\/iespuertadearenas\/files\/2020\/02\/cabecera-interior-ies-3.png&#8221; title_text=&#8221;cabecera-interior-ies-3&#8243; admin_label=&#8221;Imagen de la portada&#8221; _builder_version=&#8221;4.24.2&#8243; vertical_offset_tablet=&#8221;0&#8243; horizontal_offset_tablet=&#8221;0&#8243; z_index_tablet=&#8221;500&#8243; box_shadow_horizontal_tablet=&#8221;0px&#8221; box_shadow_vertical_tablet=&#8221;0px&#8221; box_shadow_blur_tablet=&#8221;40px&#8221; box_shadow_spread_tablet=&#8221;0px&#8221; global_colors_info=&#8221;{}&#8221; theme_builder_area=&#8221;post_content&#8221;][\/et_pb_image][et_pb_text admin_label=&#8221;Texto descriptivo&#8221; _builder_version=&#8221;4.24.2&#8243; hover_enabled=&#8221;0&#8243; z_index_tablet=&#8221;500&#8243; text_text_shadow_horizontal_length_tablet=&#8221;0px&#8221; text_text_shadow_vertical_length_tablet=&#8221;0px&#8221; text_text_shadow_blur_strength_tablet=&#8221;1px&#8221; link_text_shadow_horizontal_length_tablet=&#8221;0px&#8221; link_text_shadow_vertical_length_tablet=&#8221;0px&#8221; link_text_shadow_blur_strength_tablet=&#8221;1px&#8221; ul_text_shadow_horizontal_length_tablet=&#8221;0px&#8221; ul_text_shadow_vertical_length_tablet=&#8221;0px&#8221; ul_text_shadow_blur_strength_tablet=&#8221;1px&#8221; ol_text_shadow_horizontal_length_tablet=&#8221;0px&#8221; ol_text_shadow_vertical_length_tablet=&#8221;0px&#8221; ol_text_shadow_blur_strength_tablet=&#8221;1px&#8221; quote_text_shadow_horizontal_length_tablet=&#8221;0px&#8221; quote_text_shadow_vertical_length_tablet=&#8221;0px&#8221; quote_text_shadow_blur_strength_tablet=&#8221;1px&#8221; header_text_shadow_horizontal_length_tablet=&#8221;0px&#8221; header_text_shadow_vertical_length_tablet=&#8221;0px&#8221; header_text_shadow_blur_strength_tablet=&#8221;1px&#8221; header_2_text_shadow_horizontal_length_tablet=&#8221;0px&#8221; header_2_text_shadow_vertical_length_tablet=&#8221;0px&#8221; header_2_text_shadow_blur_strength_tablet=&#8221;1px&#8221; header_3_text_shadow_horizontal_length_tablet=&#8221;0px&#8221; header_3_text_shadow_vertical_length_tablet=&#8221;0px&#8221; header_3_text_shadow_blur_strength_tablet=&#8221;1px&#8221; header_4_text_shadow_horizontal_length_tablet=&#8221;0px&#8221; header_4_text_shadow_vertical_length_tablet=&#8221;0px&#8221; header_4_text_shadow_blur_strength_tablet=&#8221;1px&#8221; header_5_text_shadow_horizontal_length_tablet=&#8221;0px&#8221; header_5_text_shadow_vertical_length_tablet=&#8221;0px&#8221; header_5_text_shadow_blur_strength_tablet=&#8221;1px&#8221; header_6_text_shadow_horizontal_length_tablet=&#8221;0px&#8221; header_6_text_shadow_vertical_length_tablet=&#8221;0px&#8221; header_6_text_shadow_blur_strength_tablet=&#8221;1px&#8221; box_shadow_horizontal_tablet=&#8221;0px&#8221; box_shadow_vertical_tablet=&#8221;0px&#8221; box_shadow_blur_tablet=&#8221;40px&#8221; box_shadow_spread_tablet=&#8221;0px&#8221; global_colors_info=&#8221;{}&#8221; theme_builder_area=&#8221;post_content&#8221; sticky_enabled=&#8221;0&#8243;]<\/p>\n<h2>F\u00edsica y Qu\u00edmica<\/h2>\n<p class=\"p1\">Para el curso 2024\/2025, las materias asignadas a este departamento son:<\/p>\n<ul>\n<li class=\"p2\"><span class=\"s1\"><b>F\u00edsica y Qu\u00edmica<\/b><\/span> en 2\u00ba, 3\u00ba y 4\u00ba de ESO.<\/li>\n<li class=\"p3\"><b>Cultura Cient\u00edfica<\/b><span class=\"s2\"> en 4\u00ba de ESO.<\/span><\/li>\n<li class=\"p2\"><span class=\"s1\"><b>F\u00edsica y Qu\u00edmica<\/b><\/span> en 1\u00ba de Bachillerato.<\/li>\n<li class=\"p2\"><span class=\"s1\"><b>F\u00edsica<\/b><\/span> y <span class=\"s1\"><b>Qu\u00edmica<\/b><\/span> en 2\u00ba de Bachillerato.<\/li>\n<\/ul>\n<p class=\"p1\">Las responsabilidades docentes quedan distribuidas de la siguiente manera:<\/p>\n<ul>\n<li class=\"p2\"><span class=\"s1\"><b>D\u00f1a. Mar\u00eda de los \u00c1ngeles Fern\u00e1ndez Delgado<\/b><\/span>: imparte F\u00edsica y Qu\u00edmica en 2\u00ba de ESO, 4\u00ba de ESO y 1\u00ba de Bachillerato.<\/li>\n<li class=\"p2\"><span class=\"s1\"><b>D. Diego Soriano Garc\u00eda<\/b><\/span>: Jefe de Departamento, imparte F\u00edsica y Qu\u00edmica en 3\u00ba de ESO, Cultura Cient\u00edfica en 4\u00ba de ESO, F\u00edsica en 2\u00ba de Bachillerato y Qu\u00edmica en 2\u00ba de Bachillerato.<\/li>\n<\/ul>\n<p class=\"p1\">Adem\u00e1s de la labor docente, como actividad complementaria principal participa en la organizaci\u00f3n de:<\/p>\n<p class=\"p2\">\u2022 <span class=\"s1\"><b>Semana de la Ciencia<\/b><\/span>, en colaboraci\u00f3n con el resto de departamentos del \u00e1rea Cient\u00edfico-Tecnol\u00f3gica, donde se llevan a cabo experimentos, demostraciones y talleres que acercan la F\u00edsica y la Qu\u00edmica a los estudiantes de manera pr\u00e1ctica y motivadora.<\/p>\n<p class=\"p1\">El Departamento de F\u00edsica y Qu\u00edmica tiene como objetivo despertar el inter\u00e9s por la ciencia a trav\u00e9s de la experimentaci\u00f3n y el an\u00e1lisis cr\u00edtico, fomentando el pensamiento racional y la comprensi\u00f3n del mundo natural desde una perspectiva cient\u00edfica y rigurosa.<\/p>\n<p>[\/et_pb_text][\/et_pb_column][\/et_pb_row][\/et_pb_section]<\/p>\n","protected":false},"excerpt":{"rendered":"<p>F\u00edsica y Qu\u00edmica Para el curso 2024\/2025, las materias asignadas a este departamento son: F\u00edsica y Qu\u00edmica en 2\u00ba, 3\u00ba y 4\u00ba de ESO. Cultura Cient\u00edfica en 4\u00ba de ESO. F\u00edsica y Qu\u00edmica en 1\u00ba de Bachillerato. F\u00edsica y Qu\u00edmica en 2\u00ba de Bachillerato. Las responsabilidades docentes quedan distribuidas de la siguiente manera: D\u00f1a. Mar\u00eda [&hellip;]<\/p>\n","protected":false},"author":15116,"featured_media":0,"parent":0,"menu_order":0,"comment_status":"closed","ping_status":"closed","template":"","meta":{"_et_pb_use_builder":"on","_et_pb_old_content":"","_et_gb_content_width":"","ngg_post_thumbnail":0,"footnotes":""},"aioseo_notices":[],"_links":{"self":[{"href":"https:\/\/blogsaverroes.juntadeandalucia.es\/iespuertadearenas\/wp-json\/wp\/v2\/pages\/710"}],"collection":[{"href":"https:\/\/blogsaverroes.juntadeandalucia.es\/iespuertadearenas\/wp-json\/wp\/v2\/pages"}],"about":[{"href":"https:\/\/blogsaverroes.juntadeandalucia.es\/iespuertadearenas\/wp-json\/wp\/v2\/types\/page"}],"author":[{"embeddable":true,"href":"https:\/\/blogsaverroes.juntadeandalucia.es\/iespuertadearenas\/wp-json\/wp\/v2\/users\/15116"}],"replies":[{"embeddable":true,"href":"https:\/\/blogsaverroes.juntadeandalucia.es\/iespuertadearenas\/wp-json\/wp\/v2\/comments?post=710"}],"version-history":[{"count":4,"href":"https:\/\/blogsaverroes.juntadeandalucia.es\/iespuertadearenas\/wp-json\/wp\/v2\/pages\/710\/revisions"}],"predecessor-version":[{"id":716,"href":"https:\/\/blogsaverroes.juntadeandalucia.es\/iespuertadearenas\/wp-json\/wp\/v2\/pages\/710\/revisions\/716"}],"wp:attachment":[{"href":"https:\/\/blogsaverroes.juntadeandalucia.es\/iespuertadearenas\/wp-json\/wp\/v2\/media?parent=710"}],"curies":[{"name":"wp","href":"https:\/\/api.w.org\/{rel}","templated":true}]}}