{"id":724,"date":"2025-03-13T13:18:45","date_gmt":"2025-03-13T12:18:45","guid":{"rendered":"https:\/\/blogsaverroes.juntadeandalucia.es\/iespuertadearenas\/?page_id=724"},"modified":"2025-03-13T13:18:49","modified_gmt":"2025-03-13T12:18:49","slug":"dibujo","status":"publish","type":"page","link":"https:\/\/blogsaverroes.juntadeandalucia.es\/iespuertadearenas\/dibujo\/","title":{"rendered":"Dibujo"},"content":{"rendered":"<p>[et_pb_section fb_built=&#8221;1&#8243; _builder_version=&#8221;4.16&#8243; custom_padding=&#8221;0px||0px|&#8221; z_index_tablet=&#8221;500&#8243; box_shadow_horizontal_tablet=&#8221;0px&#8221; box_shadow_vertical_tablet=&#8221;0px&#8221; box_shadow_blur_tablet=&#8221;40px&#8221; box_shadow_spread_tablet=&#8221;0px&#8221; global_colors_info=&#8221;{}&#8221; theme_builder_area=&#8221;post_content&#8221;][et_pb_row _builder_version=&#8221;4.16&#8243; background_size=&#8221;initial&#8221; background_position=&#8221;top_left&#8221; background_repeat=&#8221;repeat&#8221; global_colors_info=&#8221;{}&#8221; theme_builder_area=&#8221;post_content&#8221;][et_pb_column type=&#8221;4_4&#8243; _builder_version=&#8221;4.16&#8243; custom_padding=&#8221;|||&#8221; global_colors_info=&#8221;{}&#8221; custom_padding__hover=&#8221;|||&#8221; theme_builder_area=&#8221;post_content&#8221;][et_pb_image src=&#8221;https:\/\/blogsaverroes.juntadeandalucia.es\/iespuertadearenas\/files\/2020\/02\/cabecera-interior-ies-3.png&#8221; title_text=&#8221;cabecera-interior-ies-3&#8243; admin_label=&#8221;Imagen de la portada&#8221; _builder_version=&#8221;4.24.2&#8243; vertical_offset_tablet=&#8221;0&#8243; horizontal_offset_tablet=&#8221;0&#8243; z_index_tablet=&#8221;500&#8243; box_shadow_horizontal_tablet=&#8221;0px&#8221; box_shadow_vertical_tablet=&#8221;0px&#8221; box_shadow_blur_tablet=&#8221;40px&#8221; box_shadow_spread_tablet=&#8221;0px&#8221; global_colors_info=&#8221;{}&#8221; theme_builder_area=&#8221;post_content&#8221;][\/et_pb_image][et_pb_text admin_label=&#8221;Texto descriptivo&#8221; _builder_version=&#8221;4.24.2&#8243; hover_enabled=&#8221;0&#8243; z_index_tablet=&#8221;500&#8243; text_text_shadow_horizontal_length_tablet=&#8221;0px&#8221; text_text_shadow_vertical_length_tablet=&#8221;0px&#8221; text_text_shadow_blur_strength_tablet=&#8221;1px&#8221; link_text_shadow_horizontal_length_tablet=&#8221;0px&#8221; link_text_shadow_vertical_length_tablet=&#8221;0px&#8221; link_text_shadow_blur_strength_tablet=&#8221;1px&#8221; ul_text_shadow_horizontal_length_tablet=&#8221;0px&#8221; ul_text_shadow_vertical_length_tablet=&#8221;0px&#8221; ul_text_shadow_blur_strength_tablet=&#8221;1px&#8221; ol_text_shadow_horizontal_length_tablet=&#8221;0px&#8221; ol_text_shadow_vertical_length_tablet=&#8221;0px&#8221; ol_text_shadow_blur_strength_tablet=&#8221;1px&#8221; quote_text_shadow_horizontal_length_tablet=&#8221;0px&#8221; quote_text_shadow_vertical_length_tablet=&#8221;0px&#8221; quote_text_shadow_blur_strength_tablet=&#8221;1px&#8221; header_text_shadow_horizontal_length_tablet=&#8221;0px&#8221; header_text_shadow_vertical_length_tablet=&#8221;0px&#8221; header_text_shadow_blur_strength_tablet=&#8221;1px&#8221; header_2_text_shadow_horizontal_length_tablet=&#8221;0px&#8221; header_2_text_shadow_vertical_length_tablet=&#8221;0px&#8221; header_2_text_shadow_blur_strength_tablet=&#8221;1px&#8221; header_3_text_shadow_horizontal_length_tablet=&#8221;0px&#8221; header_3_text_shadow_vertical_length_tablet=&#8221;0px&#8221; header_3_text_shadow_blur_strength_tablet=&#8221;1px&#8221; header_4_text_shadow_horizontal_length_tablet=&#8221;0px&#8221; header_4_text_shadow_vertical_length_tablet=&#8221;0px&#8221; header_4_text_shadow_blur_strength_tablet=&#8221;1px&#8221; header_5_text_shadow_horizontal_length_tablet=&#8221;0px&#8221; header_5_text_shadow_vertical_length_tablet=&#8221;0px&#8221; header_5_text_shadow_blur_strength_tablet=&#8221;1px&#8221; header_6_text_shadow_horizontal_length_tablet=&#8221;0px&#8221; header_6_text_shadow_vertical_length_tablet=&#8221;0px&#8221; header_6_text_shadow_blur_strength_tablet=&#8221;1px&#8221; box_shadow_horizontal_tablet=&#8221;0px&#8221; box_shadow_vertical_tablet=&#8221;0px&#8221; box_shadow_blur_tablet=&#8221;40px&#8221; box_shadow_spread_tablet=&#8221;0px&#8221; global_colors_info=&#8221;{}&#8221; theme_builder_area=&#8221;post_content&#8221; sticky_enabled=&#8221;0&#8243;]<\/p>\n<h2>Dibujo<\/h2>\n<p class=\"p1\">Para el curso 2024\/2025, las materias asignadas a este departamento son:<br \/><b><\/b><\/p>\n<ul>\n<li class=\"p4\"><span class=\"s1\"><b>1\u00ba y 3\u00ba de ESO:<\/b><\/span> Educaci\u00f3n Pl\u00e1stica, Visual y Audiovisual.<\/li>\n<li class=\"p4\"><span class=\"s1\"><b>4\u00ba de ESO:<\/b><\/span> Dibujo T\u00e9cnico.<\/li>\n<li class=\"p4\"><span class=\"s1\"><b>1\u00ba de Bachillerato:<\/b><\/span> Dibujo T\u00e9cnico.<\/li>\n<li class=\"p4\"><span class=\"s1\"><b>2\u00ba de Bachillerato:<\/b><\/span> Dibujo T\u00e9cnico.<\/li>\n<\/ul>\n<p class=\"p3\">Las responsabilidades docentes quedan distribuidas de la siguiente manera:<b><\/b><\/p>\n<ul>\n<li class=\"p5\"><b>D\u00f1a. Ana Bel\u00e9n Ma\u00f1as Navarro: <\/b>Jefa de Departamento.<br \/><b><\/b><\/li>\n<\/ul>\n<p class=\"p1\">Adem\u00e1s de la labor docente, el departamento organiza y participa en diversas actividades complementarias para enriquecer la formaci\u00f3n art\u00edstica del alumnado. Entre ellas, destacan:<\/p>\n<ul>\n<li class=\"p4\">Exposiciones de trabajos del alumnado dentro y fuera del centro.<\/li>\n<li class=\"p5\"><span class=\"s2\">Organizaci\u00f3n de actividades en el marco de la <\/span><b>Semana Cultural<\/b><span class=\"s2\"> y otras fechas conmemorativas como el <\/span><b>D\u00eda de la Paz (30 de enero)<\/b><span class=\"s2\">, el <\/span><b>D\u00eda Internacional de la Mujer (8 de marzo)<\/b><span class=\"s2\"> o el <\/span><b>D\u00eda Internacional para la Eliminaci\u00f3n de la Violencia contra la Mujer (25 de noviembre).<\/b><b><\/b><\/li>\n<li class=\"p4\"><span class=\"s1\"><b>Concurso Balc\u00f3n &amp; Arte M\u00e1gina<\/b><\/span>, fomentando la creatividad y la expresi\u00f3n art\u00edstica en el \u00e1mbito local.<\/li>\n<\/ul>\n<p>El <span class=\"s1\">Departamento de Educaci\u00f3n Pl\u00e1stica, Visual y Audiovisual<\/span> promueve el desarrollo de la creatividad, la expresi\u00f3n art\u00edstica y el pensamiento visual, fomentando en el alumnado el inter\u00e9s por el arte y su aplicaci\u00f3n en la sociedad actual.<\/p>\n<p>[\/et_pb_text][\/et_pb_column][\/et_pb_row][\/et_pb_section]<\/p>\n","protected":false},"excerpt":{"rendered":"<p>Dibujo Para el curso 2024\/2025, las materias asignadas a este departamento son: 1\u00ba y 3\u00ba de ESO: Educaci\u00f3n Pl\u00e1stica, Visual y Audiovisual. 4\u00ba de ESO: Dibujo T\u00e9cnico. 1\u00ba de Bachillerato: Dibujo T\u00e9cnico. 2\u00ba de Bachillerato: Dibujo T\u00e9cnico. Las responsabilidades docentes quedan distribuidas de la siguiente manera: D\u00f1a. Ana Bel\u00e9n Ma\u00f1as Navarro: Jefa de Departamento. Adem\u00e1s [&hellip;]<\/p>\n","protected":false},"author":15116,"featured_media":0,"parent":0,"menu_order":0,"comment_status":"closed","ping_status":"closed","template":"","meta":{"_et_pb_use_builder":"on","_et_pb_old_content":"","_et_gb_content_width":"","ngg_post_thumbnail":0,"footnotes":""},"aioseo_notices":[],"_links":{"self":[{"href":"https:\/\/blogsaverroes.juntadeandalucia.es\/iespuertadearenas\/wp-json\/wp\/v2\/pages\/724"}],"collection":[{"href":"https:\/\/blogsaverroes.juntadeandalucia.es\/iespuertadearenas\/wp-json\/wp\/v2\/pages"}],"about":[{"href":"https:\/\/blogsaverroes.juntadeandalucia.es\/iespuertadearenas\/wp-json\/wp\/v2\/types\/page"}],"author":[{"embeddable":true,"href":"https:\/\/blogsaverroes.juntadeandalucia.es\/iespuertadearenas\/wp-json\/wp\/v2\/users\/15116"}],"replies":[{"embeddable":true,"href":"https:\/\/blogsaverroes.juntadeandalucia.es\/iespuertadearenas\/wp-json\/wp\/v2\/comments?post=724"}],"version-history":[{"count":4,"href":"https:\/\/blogsaverroes.juntadeandalucia.es\/iespuertadearenas\/wp-json\/wp\/v2\/pages\/724\/revisions"}],"predecessor-version":[{"id":729,"href":"https:\/\/blogsaverroes.juntadeandalucia.es\/iespuertadearenas\/wp-json\/wp\/v2\/pages\/724\/revisions\/729"}],"wp:attachment":[{"href":"https:\/\/blogsaverroes.juntadeandalucia.es\/iespuertadearenas\/wp-json\/wp\/v2\/media?parent=724"}],"curies":[{"name":"wp","href":"https:\/\/api.w.org\/{rel}","templated":true}]}}