{"id":262,"date":"2020-01-23T12:37:13","date_gmt":"2020-01-23T11:37:13","guid":{"rendered":"http:\/\/blogsaverroes.juntadeandalucia.es\/pre\/nuevoies2v2\/?page_id=262"},"modified":"2023-12-12T21:35:02","modified_gmt":"2023-12-12T20:35:02","slug":"nuestra-historia","status":"publish","type":"page","link":"https:\/\/blogsaverroes.juntadeandalucia.es\/iespuertadelandevalo\/nuestra-historia\/","title":{"rendered":"Nuestra Historia"},"content":{"rendered":"<p><img loading=\"lazy\" decoding=\"async\" class=\" wp-image-572 alignleft\" src=\"https:\/\/blogsaverroes.juntadeandalucia.es\/iespuertadelandevalo\/files\/2021\/12\/IMG_6004-300x218.jpg\" alt=\"CENTRO\" width=\"245\" height=\"178\" srcset=\"https:\/\/blogsaverroes.juntadeandalucia.es\/iespuertadelandevalo\/files\/2021\/12\/IMG_6004-300x218.jpg 300w, https:\/\/blogsaverroes.juntadeandalucia.es\/iespuertadelandevalo\/files\/2021\/12\/IMG_6004-480x349.jpg 480w, https:\/\/blogsaverroes.juntadeandalucia.es\/iespuertadelandevalo\/files\/2021\/12\/IMG_6004.jpg 640w\" sizes=\"(max-width: 245px) 100vw, 245px\" \/><\/p>\n<p>Nuestro Instituto de Ense\u00f1anza Secundaria Puerta del And\u00e9valo, comenz\u00f3 su andadura en el curso escolar 1997\/1998, consider\u00e1ndose entonces una Secci\u00f3n del IES Odiel de Gibrale\u00f3n.<\/p>\n<p>Para su ubicaci\u00f3n, pues no fue de nueva construcci\u00f3n, se utiliz\u00f3 uno de los edificios del C.E.I.P. Naranjo Moreno, donde se impart\u00eda EGB. Dicho edificio fue remodelado, ampliado y adaptado a las nuevas exigencias para impartir de las ense\u00f1anzas de Secundaria Obligatoria de acuerdo con el nuevo sistema educativo de la LOGSE.<\/p>\n<p>Ello supuso tambi\u00e9n la partici\u00f3n del espacio dedicado a patio de recreo en dos zonas, una para cada centro, que est\u00e1n anexos el uno del otro lo cual facilita las relaciones entre ambos.<\/p>\n<p>A lo largo de ese primer curso, se simultane\u00f3 la labor docente con las obras de remodelaci\u00f3n del edificio, lo que supuso tener que compartirlo con el colegio de primaria, imparti\u00e9ndose nuestras clases en horario de tarde. Esta circunstancia produjo bastante trastorno por los ruidos y molestias que ocasionaban dichas obras y por lo poco adecuado del horario. A partir del curso 1998\/99 se convierte en Instituto con titularidad propia y en el que se empieza a impartir toda la E.S.O.<\/p>\n<p>Los comienzos fueron dif\u00edciles por las circunstancias ya mencionadas, adem\u00e1s de la falta de recursos, por tener una plantilla de profesores nueva y poco estable, por la falta de reglamentaci\u00f3n interna y proyecto educativo elaborado, por la falta de experiencia del equipo educativo, etc. Pero a lo largo de estos a\u00f1os todo ello se ha ido subsanando, y podemos decir que nuestro centro ha alcanzado un nivel del que podemos estar orgullosos.<\/p>\n<p>En el curso 1998\/1999, se plante\u00f3 la necesidad de dotar a nuestro centro de un nombre. Despu\u00e9s de una recopilaci\u00f3n de propuestas, en la que participaron todos los sectores de la comunidad educativa, en el Consejo escolar se aprob\u00f3 la presentada por el alumnado, traslad\u00e1ndose a la Delegaci\u00f3n Provincial de Educaci\u00f3n para que se inscribiera con el nombre que tiene en la actualidad y as\u00ed fue aprobado por la Orden de 4 de febrero de 2000 de la Consejer\u00eda de Educaci\u00f3n.<\/p>\n<p>El centro ha mantenido, a lo largo de su existencia una matr\u00edcula que varia entre 190 y 200 alumnos\/as y una plantilla de profesoras y profesores que oscila entre 22 y 25.<\/p>\n<p>Hoy d\u00eda, podemos decir que es un centro modesto, c\u00f3modo para trabajar, agradable, con buenas y cuidadas instalaciones, con un buen ambiente entre los sectores de la comunidad educativa y con todo el equipamiento necesario para proporcionar una atenci\u00f3n educativa acorde con el desarrollo social y tecnol\u00f3gico de nuestro tiempo.<\/p>\n<p style=\"font-weight: 400\">&nbsp;<\/p>\n","protected":false},"excerpt":{"rendered":"<p>Nuestro Instituto de Ense\u00f1anza Secundaria Puerta del And\u00e9valo, comenz\u00f3 su andadura en el curso escolar 1997\/1998, consider\u00e1ndose entonces una Secci\u00f3n del IES Odiel de Gibrale\u00f3n. Para su ubicaci\u00f3n, pues no fue de nueva construcci\u00f3n,&#46;&#46;&#46;<\/p>\n","protected":false},"author":3096,"featured_media":0,"parent":0,"menu_order":0,"comment_status":"closed","ping_status":"closed","template":"","meta":{"ngg_post_thumbnail":0,"footnotes":""},"aioseo_notices":[],"_links":{"self":[{"href":"https:\/\/blogsaverroes.juntadeandalucia.es\/iespuertadelandevalo\/wp-json\/wp\/v2\/pages\/262"}],"collection":[{"href":"https:\/\/blogsaverroes.juntadeandalucia.es\/iespuertadelandevalo\/wp-json\/wp\/v2\/pages"}],"about":[{"href":"https:\/\/blogsaverroes.juntadeandalucia.es\/iespuertadelandevalo\/wp-json\/wp\/v2\/types\/page"}],"author":[{"embeddable":true,"href":"https:\/\/blogsaverroes.juntadeandalucia.es\/iespuertadelandevalo\/wp-json\/wp\/v2\/users\/3096"}],"replies":[{"embeddable":true,"href":"https:\/\/blogsaverroes.juntadeandalucia.es\/iespuertadelandevalo\/wp-json\/wp\/v2\/comments?post=262"}],"version-history":[{"count":13,"href":"https:\/\/blogsaverroes.juntadeandalucia.es\/iespuertadelandevalo\/wp-json\/wp\/v2\/pages\/262\/revisions"}],"predecessor-version":[{"id":1962,"href":"https:\/\/blogsaverroes.juntadeandalucia.es\/iespuertadelandevalo\/wp-json\/wp\/v2\/pages\/262\/revisions\/1962"}],"wp:attachment":[{"href":"https:\/\/blogsaverroes.juntadeandalucia.es\/iespuertadelandevalo\/wp-json\/wp\/v2\/media?parent=262"}],"curies":[{"name":"wp","href":"https:\/\/api.w.org\/{rel}","templated":true}]}}

<p><img loading="lazy" decoding="async" class=" wp-image-572 alignleft" src="https://blogsaverroes.juntadeandalucia.es/iespuertadelandevalo/files/2021/12/IMG_6004-300x218.jpg" alt="CENTRO" width="245" height="178" srcset="https://blogsaverroes.juntadeandalucia.es/iespuertadelandevalo/files/2021/12/IMG_6004-300x218.jpg 300w, https://blogsaverroes.juntadeandalucia.es/iespuertadelandevalo/files/2021/12/IMG_6004-480x349.jpg 480w, https://blogsaverroes.juntadeandalucia.es/iespuertadelandevalo/files/2021/12/IMG_6004.jpg 640w" sizes="(max-width: 245px) 100vw, 245px" /></p>
<p>Nuestro Instituto de Enseñanza Secundaria Puerta del Andévalo, comenzó su andadura en el curso escolar 1997/1998, considerándose entonces una Sección del IES Odiel de Gibraleón.</p>
<p>Para su ubicación, pues no fue de nueva construcción, se utilizó uno de los edificios del C.E.I.P. Naranjo Moreno, donde se impartía EGB. Dicho edificio fue remodelado, ampliado y adaptado a las nuevas exigencias para impartir de las enseñanzas de Secundaria Obligatoria de acuerdo con el nuevo sistema educativo de la LOGSE.</p>
<p>Ello supuso también la partición del espacio dedicado a patio de recreo en dos zonas, una para cada centro, que están anexos el uno del otro lo cual facilita las relaciones entre ambos.</p>
<p>A lo largo de ese primer curso, se simultaneó la labor docente con las obras de remodelación del edificio, lo que supuso tener que compartirlo con el colegio de primaria, impartiéndose nuestras clases en horario de tarde. Esta circunstancia produjo bastante trastorno por los ruidos y molestias que ocasionaban dichas obras y por lo poco adecuado del horario. A partir del curso 1998/99 se convierte en Instituto con titularidad propia y en el que se empieza a impartir toda la E.S.O.</p>
<p>Los comienzos fueron difíciles por las circunstancias ya mencionadas, además de la falta de recursos, por tener una plantilla de profesores nueva y poco estable, por la falta de reglamentación interna y proyecto educativo elaborado, por la falta de experiencia del equipo educativo, etc. Pero a lo largo de estos años todo ello se ha ido subsanando, y podemos decir que nuestro centro ha alcanzado un nivel del que podemos estar orgullosos.</p>
<p>En el curso 1998/1999, se planteó la necesidad de dotar a nuestro centro de un nombre. Después de una recopilación de propuestas, en la que participaron todos los sectores de la comunidad educativa, en el Consejo escolar se aprobó la presentada por el alumnado, trasladándose a la Delegación Provincial de Educación para que se inscribiera con el nombre que tiene en la actualidad y así fue aprobado por la Orden de 4 de febrero de 2000 de la Consejería de Educación.</p>
<p>El centro ha mantenido, a lo largo de su existencia una matrícula que varia entre 190 y 200 alumnos/as y una plantilla de profesoras y profesores que oscila entre 22 y 25.</p>
<p>Hoy día, podemos decir que es un centro modesto, cómodo para trabajar, agradable, con buenas y cuidadas instalaciones, con un buen ambiente entre los sectores de la comunidad educativa y con todo el equipamiento necesario para proporcionar una atención educativa acorde con el desarrollo social y tecnológico de nuestro tiempo.</p>
<p style="font-weight: 400">&nbsp;</p>

<p>Nuestro Instituto de Enseñanza Secundaria Puerta del Andévalo, comenzó su andadura en el curso escolar 1997/1998, considerándose entonces una Sección del IES Odiel de Gibraleón. Para su ubicación, pues no fue de nueva construcción,&#46;&#46;&#46;</p>
