{"id":649,"date":"2021-12-09T19:10:01","date_gmt":"2021-12-09T18:10:01","guid":{"rendered":"https:\/\/blogsaverroes.juntadeandalucia.es\/iespuertadelandevalo\/?page_id=649"},"modified":"2025-12-15T18:53:02","modified_gmt":"2025-12-15T17:53:02","slug":"ingles","status":"publish","type":"page","link":"https:\/\/blogsaverroes.juntadeandalucia.es\/iespuertadelandevalo\/ingles\/","title":{"rendered":"INGL\u00c9S"},"content":{"rendered":"<p><b>INGL\u00c9S ESO<\/b><\/p>\n<table style=\"width: 70.5376%;height: 176px\">\n<tbody>\n<tr style=\"height: 48px\">\n<td style=\"background-color: #bcf5f2;width: 39.7657%;height: 48px\"><b>PROFESORADO<\/b><\/td>\n<td style=\"background-color: #bcf5f2;width: 24.0859%;height: 48px\"><b>CURSOS<\/b><\/td>\n<td style=\"background-color: #bcf5f2;width: 69.9626%;height: 48px\"><b>EDITORIAL LIBRO DE TEXTO<\/b><\/td>\n<\/tr>\n<tr style=\"height: 24px\">\n<td style=\"width: 39.7657%;height: 24px\"><span style=\"font-weight: 400\">D\u00f1a. Roc\u00edo Aguilar Moreno<\/span><\/td>\n<td style=\"width: 24.0859%;height: 24px\"><span style=\"font-weight: 400\">4\u00ba ESO<\/span><\/td>\n<td style=\"width: 69.9626%;height: 24px\"><span style=\"font-weight: 400\">Burlington Books<\/span><\/td>\n<\/tr>\n<tr style=\"height: 24px\">\n<td style=\"width: 39.7657%;height: 24px\"><span style=\"font-weight: 400\">D\u00f1a. Esther Mart\u00edn Feria<\/span><\/td>\n<td style=\"width: 24.0859%;height: 24px\"><span style=\"font-weight: 400\">1\u00baB y 3\u00ba ESO&nbsp;<\/span><\/td>\n<td style=\"width: 69.9626%;height: 24px\"><span style=\"font-weight: 400\">Oxford University Press<\/span><\/td>\n<\/tr>\n<tr style=\"height: 24px\">\n<td style=\"width: 39.7657%;height: 24px\"><span style=\"font-weight: 400\">D\u00f1a. Carmen Minero Merch\u00e1n<\/span><\/td>\n<td style=\"width: 24.0859%;height: 24px\">1\u00baA ESO<\/td>\n<td style=\"width: 69.9626%;height: 24px\"><span style=\"font-weight: 400\">Oxford University Press<\/span><\/td>\n<\/tr>\n<tr style=\"height: 56px\">\n<td style=\"width: 39.7657%;height: 56px\"><span style=\"font-weight: 400\">D\u00f1a M\u00aa&nbsp; del Carmen Cer\u00f3n Guerrero<\/span><\/td>\n<td style=\"width: 24.0859%;height: 56px\"><span style=\"font-weight: 400\">2\u00ba y 3\u00baESO<\/span><\/td>\n<td style=\"width: 69.9626%;height: 56px\"><span style=\"font-weight: 400\">Oxford University Press<\/span><\/td>\n<\/tr>\n<\/tbody>\n<\/table>\n<p><strong>COMUNICACI\u00d3N Y CIENCIAS SOCIALES CFGB DUAL<\/strong><\/p>\n<table style=\"width: 70.7994%;height: 72px\">\n<tbody>\n<tr style=\"height: 24px\">\n<td style=\"background-color: #bcf5f2;width: 38.9961%;height: 24px\"><b>PROFESORADO<\/b><\/td>\n<td style=\"background-color: #bcf5f2;width: 22.0077%;height: 24px\"><b>CURSOS<\/b><\/td>\n<td style=\"background-color: #bcf5f2;width: 50.2277%;height: 24px\"><b>EDITORIAL LIBRO DE TEXTO<\/b><\/td>\n<\/tr>\n<tr style=\"height: 24px\">\n<td style=\"width: 38.9961%;height: 24px\">D. Jes\u00fas Ricardo Gonz\u00e1lez Leal<\/td>\n<td style=\"width: 22.0077%;height: 24px\"><span style=\"font-weight: 400\">1\u00ba CFGB<br \/>\n<\/span><\/td>\n<td style=\"width: 50.2277%;height: 24px\">Bru\u00f1o y <span style=\"font-weight: 400\">Oxford University Press<\/span><\/td>\n<\/tr>\n<tr style=\"height: 24px\">\n<td style=\"width: 38.9961%;height: 24px\"><span style=\"font-weight: 400\">D\u00f1a. Esther Mart\u00edn Feria<\/span><\/td>\n<td style=\"width: 22.0077%;height: 24px\"><span style=\"font-weight: 400\">2\u00ba CFGB<\/span><\/td>\n<td style=\"width: 50.2277%;height: 24px\">Bru\u00f1o y <span style=\"font-weight: 400\">Oxford University Press<\/span><\/td>\n<\/tr>\n<\/tbody>\n<\/table>\n<p>&nbsp;<\/p>\n<table style=\"width: 77.285%;height: 48px\">\n<tbody>\n<tr style=\"height: 24px\">\n<td style=\"width: 100%;background-color: #bcf5f2;height: 24px\"><b>PROGRAMACI\u00d3N DID\u00c1CTICA 1\u00baESO<\/b><\/td>\n<\/tr>\n<tr style=\"height: 24px\">\n<td style=\"width: 100%;height: 24px\"><a href=\"https:\/\/blogsaverroes.juntadeandalucia.es\/iespuertadelandevalo\/files\/2025\/12\/1oESO_Ingles_PD_25_26.pdf\">1\u00baESO_Ingl\u00e9s_PD_25_26<\/a><\/td>\n<\/tr>\n<\/tbody>\n<\/table>\n<table style=\"width: 77.475%\">\n<tbody>\n<tr>\n<td style=\"width: 100%;background-color: #bcf5f2\"><b>PROGRAMACI\u00d3N DID\u00c1CTICA 2\u00baESO<\/b><\/td>\n<\/tr>\n<tr>\n<td style=\"width: 100%\"><a href=\"https:\/\/blogsaverroes.juntadeandalucia.es\/iespuertadelandevalo\/files\/2025\/12\/2oESO_PD_INGLES_2526.pdf\">2\u00baESO_PD_INGLES_2526<\/a><\/td>\n<\/tr>\n<\/tbody>\n<\/table>\n<table style=\"width: 77.7782%;height: 48px\">\n<tbody>\n<tr style=\"height: 24px\">\n<td style=\"width: 100%;background-color: #bcf5f2;height: 24px\"><b>PROGRAMACI\u00d3N DID\u00c1CTICA 3\u00baESO<\/b><\/td>\n<\/tr>\n<tr style=\"height: 24px\">\n<td style=\"width: 100%;height: 24px\"><a href=\"https:\/\/blogsaverroes.juntadeandalucia.es\/iespuertadelandevalo\/files\/2025\/12\/3oESO_PD_INGLES_2526.pdf\">3\u00baESO_PD_INGLES_2526<\/a><\/td>\n<\/tr>\n<\/tbody>\n<\/table>\n<table style=\"width: 78.2814%\">\n<tbody>\n<tr>\n<td style=\"width: 100%;background-color: #bcf5f2\"><b>PROGRAMACI\u00d3N DID\u00c1CTICA 4\u00baESO<\/b><\/td>\n<\/tr>\n<tr>\n<td style=\"width: 100%\"><a href=\"https:\/\/blogsaverroes.juntadeandalucia.es\/iespuertadelandevalo\/files\/2025\/12\/4oESO_Ingles_PD_25_26.pdf\">4\u00baESO_Ingle\u0301s_PD_25_26<\/a><\/td>\n<\/tr>\n<\/tbody>\n<\/table>\n<p><strong>CFGB DUAL<\/strong><\/p>\n<table style=\"width: 78.4827%;height: 48px\">\n<tbody>\n<tr style=\"height: 24px\">\n<td style=\"width: 100%;background-color: #bcf5f2;height: 24px\"><b>PROGRAMACI\u00d3N DID\u00c1CTICA COMUNICACI\u00d3N Y CIENCIAS SOCIALES I<\/b><\/td>\n<\/tr>\n<tr style=\"height: 24px\">\n<td style=\"width: 100%;height: 24px\"><a href=\"https:\/\/blogsaverroes.juntadeandalucia.es\/iespuertadelandevalo\/files\/2025\/12\/1oCFGB_ACCSI_PD_25_26.pdf\">1\u00baCFGB_ACCSI_PD_25_26<\/a><\/td>\n<\/tr>\n<\/tbody>\n<\/table>\n<table style=\"width: 78.7847%\">\n<tbody>\n<tr>\n<td style=\"width: 100%;background-color: #bcf5f2\"><b>PROGRAMACI\u00d3N DID\u00c1CTICA COMUNICACI\u00d3N Y CIENCIAS SOCIALES II<\/b><\/td>\n<\/tr>\n<tr>\n<td style=\"width: 100%\"><a href=\"https:\/\/blogsaverroes.juntadeandalucia.es\/iespuertadelandevalo\/files\/2025\/12\/2oCFGB_PD_ACCCSSII_2526-1.pdf\">2\u00baCFGB_PD_ACCCSSII_2526<\/a><\/td>\n<\/tr>\n<\/tbody>\n<\/table>\n","protected":false},"excerpt":{"rendered":"<p>INGL\u00c9S ESO PROFESORADO CURSOS EDITORIAL LIBRO DE TEXTO D\u00f1a. Roc\u00edo Aguilar Moreno 4\u00ba ESO Burlington Books D\u00f1a. Esther Mart\u00edn Feria 1\u00baB y 3\u00ba ESO&nbsp; Oxford University Press D\u00f1a. Carmen Minero Merch\u00e1n 1\u00baA ESO Oxford&#46;&#46;&#46;<\/p>\n","protected":false},"author":12609,"featured_media":0,"parent":0,"menu_order":0,"comment_status":"closed","ping_status":"closed","template":"","meta":{"ngg_post_thumbnail":0,"footnotes":""},"aioseo_notices":[],"_links":{"self":[{"href":"https:\/\/blogsaverroes.juntadeandalucia.es\/iespuertadelandevalo\/wp-json\/wp\/v2\/pages\/649"}],"collection":[{"href":"https:\/\/blogsaverroes.juntadeandalucia.es\/iespuertadelandevalo\/wp-json\/wp\/v2\/pages"}],"about":[{"href":"https:\/\/blogsaverroes.juntadeandalucia.es\/iespuertadelandevalo\/wp-json\/wp\/v2\/types\/page"}],"author":[{"embeddable":true,"href":"https:\/\/blogsaverroes.juntadeandalucia.es\/iespuertadelandevalo\/wp-json\/wp\/v2\/users\/12609"}],"replies":[{"embeddable":true,"href":"https:\/\/blogsaverroes.juntadeandalucia.es\/iespuertadelandevalo\/wp-json\/wp\/v2\/comments?post=649"}],"version-history":[{"count":13,"href":"https:\/\/blogsaverroes.juntadeandalucia.es\/iespuertadelandevalo\/wp-json\/wp\/v2\/pages\/649\/revisions"}],"predecessor-version":[{"id":2406,"href":"https:\/\/blogsaverroes.juntadeandalucia.es\/iespuertadelandevalo\/wp-json\/wp\/v2\/pages\/649\/revisions\/2406"}],"wp:attachment":[{"href":"https:\/\/blogsaverroes.juntadeandalucia.es\/iespuertadelandevalo\/wp-json\/wp\/v2\/media?parent=649"}],"curies":[{"name":"wp","href":"https:\/\/api.w.org\/{rel}","templated":true}]}}