{"id":1330,"date":"2023-05-02T10:55:54","date_gmt":"2023-05-02T09:55:54","guid":{"rendered":"https:\/\/blogsaverroes.juntadeandalucia.es\/iespuertadelasierra\/?page_id=1330"},"modified":"2025-05-15T10:30:13","modified_gmt":"2025-05-15T09:30:13","slug":"direccion-2","status":"publish","type":"page","link":"https:\/\/blogsaverroes.juntadeandalucia.es\/iespuertadelasierra\/direccion-2\/","title":{"rendered":"Equipo directivo"},"content":{"rendered":"<p><span style=\"font-size: 14pt\">El equipo directivo del IES Puerta de la Sierra est\u00e1 conformado por:<\/span><\/p>\n<ul style=\"list-style-type: square\">\n<li><span style=\"font-size: 14pt\">Direcci\u00f3n: <strong>D. Lu\u00eds Jes\u00fas Ardoy Zamora.<\/strong><\/span><\/li>\n<li><span style=\"font-size: 14pt\">Jefatura de estudios: <strong>D. Jos\u00e9 \u00c1ngel Crespo Moreno.<\/strong><\/span><\/li>\n<li><span style=\"font-size: 14pt\">Secretar\u00eda: <strong>D\u00f1a. Patricia Alguacil C\u00e1novas.<\/strong><\/span><\/li>\n<\/ul>\n","protected":false},"excerpt":{"rendered":"<p>El equipo directivo del IES Puerta de la Sierra est\u00e1 conformado por: Direcci\u00f3n: D. Lu\u00eds Jes\u00fas Ardoy Zamora. Jefatura de estudios: D. Jos\u00e9 \u00c1ngel Crespo Moreno. Secretar\u00eda: D\u00f1a. Patricia Alguacil C\u00e1novas.<\/p>\n","protected":false},"author":16458,"featured_media":0,"parent":0,"menu_order":0,"comment_status":"closed","ping_status":"closed","template":"","meta":{"_et_pb_use_builder":"","_et_pb_old_content":"","_et_gb_content_width":"","ngg_post_thumbnail":0,"footnotes":""},"aioseo_notices":[],"_links":{"self":[{"href":"https:\/\/blogsaverroes.juntadeandalucia.es\/iespuertadelasierra\/wp-json\/wp\/v2\/pages\/1330"}],"collection":[{"href":"https:\/\/blogsaverroes.juntadeandalucia.es\/iespuertadelasierra\/wp-json\/wp\/v2\/pages"}],"about":[{"href":"https:\/\/blogsaverroes.juntadeandalucia.es\/iespuertadelasierra\/wp-json\/wp\/v2\/types\/page"}],"author":[{"embeddable":true,"href":"https:\/\/blogsaverroes.juntadeandalucia.es\/iespuertadelasierra\/wp-json\/wp\/v2\/users\/16458"}],"replies":[{"embeddable":true,"href":"https:\/\/blogsaverroes.juntadeandalucia.es\/iespuertadelasierra\/wp-json\/wp\/v2\/comments?post=1330"}],"version-history":[{"count":4,"href":"https:\/\/blogsaverroes.juntadeandalucia.es\/iespuertadelasierra\/wp-json\/wp\/v2\/pages\/1330\/revisions"}],"predecessor-version":[{"id":1466,"href":"https:\/\/blogsaverroes.juntadeandalucia.es\/iespuertadelasierra\/wp-json\/wp\/v2\/pages\/1330\/revisions\/1466"}],"wp:attachment":[{"href":"https:\/\/blogsaverroes.juntadeandalucia.es\/iespuertadelasierra\/wp-json\/wp\/v2\/media?parent=1330"}],"curies":[{"name":"wp","href":"https:\/\/api.w.org\/{rel}","templated":true}]}}

<p><span style="font-size: 14pt">El equipo directivo del IES Puerta de la Sierra está conformado por:</span></p>
<ul style="list-style-type: square">
<li><span style="font-size: 14pt">Dirección: <strong>D. Luís Jesús Ardoy Zamora.</strong></span></li>
<li><span style="font-size: 14pt">Jefatura de estudios: <strong>D. José Ángel Crespo Moreno.</strong></span></li>
<li><span style="font-size: 14pt">Secretaría: <strong>Dña. Patricia Alguacil Cánovas.</strong></span></li>
</ul>

<p>El equipo directivo del IES Puerta de la Sierra está conformado por: Dirección: D. Luís Jesús Ardoy Zamora. Jefatura de estudios: D. José Ángel Crespo Moreno. Secretaría: Dña. Patricia Alguacil Cánovas.</p>
