{"id":1806,"date":"2015-03-17T07:46:28","date_gmt":"2015-03-17T07:46:28","guid":{"rendered":"http:\/\/blogsaverroes.juntadeandalucia.es\/pre\/ceip\/?page_id=144"},"modified":"2025-10-05T07:03:23","modified_gmt":"2025-10-05T07:03:23","slug":"orientacion","status":"publish","type":"page","link":"https:\/\/blogsaverroes.juntadeandalucia.es\/iespuertadelmar\/orientacion\/","title":{"rendered":"Orientaci\u00f3n"},"content":{"rendered":"\t\t<div data-elementor-type=\"wp-page\" data-elementor-id=\"1806\" class=\"elementor elementor-1806\">\n\t\t\t\t\t\t<section class=\"elementor-section elementor-top-section elementor-element elementor-element-7e9c49b elementor-section-boxed elementor-section-height-default elementor-section-height-default\" data-id=\"7e9c49b\" data-element_type=\"section\">\n\t\t\t\t\t\t<div class=\"elementor-container elementor-column-gap-default\">\n\t\t\t\t\t<div class=\"elementor-column elementor-col-100 elementor-top-column elementor-element elementor-element-86444e2\" data-id=\"86444e2\" data-element_type=\"column\">\n\t\t\t<div class=\"elementor-widget-wrap elementor-element-populated\">\n\t\t\t\t\t\t<div class=\"elementor-element elementor-element-3d55d85 elementor-widget elementor-widget-image\" data-id=\"3d55d85\" data-element_type=\"widget\" data-widget_type=\"image.default\">\n\t\t\t\t<div class=\"elementor-widget-container\">\n\t\t\t\t\t\t\t\t\t\t\t\t\t\t\t<img fetchpriority=\"high\" decoding=\"async\" width=\"1024\" height=\"371\" src=\"https:\/\/blogsaverroes.juntadeandalucia.es\/iespuertadelmar\/files\/2025\/10\/brujula-en-la-playa-del-mar-enfoque-selectivo-1024x371.jpg\" class=\"attachment-large size-large wp-image-5914\" alt=\"\" srcset=\"https:\/\/blogsaverroes.juntadeandalucia.es\/iespuertadelmar\/files\/2025\/10\/brujula-en-la-playa-del-mar-enfoque-selectivo-1024x371.jpg 1024w, https:\/\/blogsaverroes.juntadeandalucia.es\/iespuertadelmar\/files\/2025\/10\/brujula-en-la-playa-del-mar-enfoque-selectivo-300x109.jpg 300w, https:\/\/blogsaverroes.juntadeandalucia.es\/iespuertadelmar\/files\/2025\/10\/brujula-en-la-playa-del-mar-enfoque-selectivo-768x278.jpg 768w, https:\/\/blogsaverroes.juntadeandalucia.es\/iespuertadelmar\/files\/2025\/10\/brujula-en-la-playa-del-mar-enfoque-selectivo-1536x556.jpg 1536w, https:\/\/blogsaverroes.juntadeandalucia.es\/iespuertadelmar\/files\/2025\/10\/brujula-en-la-playa-del-mar-enfoque-selectivo-2048x742.jpg 2048w\" sizes=\"(max-width: 1024px) 100vw, 1024px\" \/>\t\t\t\t\t\t\t\t\t\t\t\t\t\t\t<\/div>\n\t\t\t\t<\/div>\n\t\t\t\t\t<\/div>\n\t\t<\/div>\n\t\t\t\t\t<\/div>\n\t\t<\/section>\n\t\t\t\t<section class=\"elementor-section elementor-top-section elementor-element elementor-element-48c1528 elementor-section-boxed elementor-section-height-default elementor-section-height-default\" data-id=\"48c1528\" data-element_type=\"section\">\n\t\t\t\t\t\t<div class=\"elementor-container elementor-column-gap-default\">\n\t\t\t\t\t<div class=\"elementor-column elementor-col-100 elementor-top-column elementor-element elementor-element-1305f4d8\" data-id=\"1305f4d8\" data-element_type=\"column\">\n\t\t\t<div class=\"elementor-widget-wrap elementor-element-populated\">\n\t\t\t\t\t\t<div class=\"elementor-element elementor-element-2d636b83 elementor-widget elementor-widget-text-editor\" data-id=\"2d636b83\" data-element_type=\"widget\" data-widget_type=\"text-editor.default\">\n\t\t\t\t<div class=\"elementor-widget-container\">\n\t\t\t\t\t\t\t\t\t<p>Los objetivos y actuaciones del Departamento de Orientaci\u00f3n del IES Puerta del Mar, parten del an\u00e1lisis de nuestro centro y entorno y se concretan en las siguientes:<\/p><ul><li>Actuaciones para el impulso y asesoramiento en metodolog\u00edas, estrategias y herramientas que desarrollen y mejoren las competencias clave.<\/li><li>Actuaciones para el asesoramiento en la respuesta educativa para atender la diversidad de todo el alumnado, en concreto, en el dise\u00f1o y desarrollo de medidas generales y metodolog\u00edas que favorezcan la inclusi\u00f3n.<\/li><li>Actuaciones encaminadas al asesoramiento en el plan de convivencia en relaci\u00f3n con la incorporaci\u00f3n de medidas y acciones espec\u00edficas para la prevenci\u00f3n, detecci\u00f3n e intervenci\u00f3n en situaciones de acoso y ciberacoso escolar.<\/li><li>Actuaciones que desarrollen estrategias de coordinaci\u00f3n y participaci\u00f3n encaminadas a integrar curricularmente y unificar los diferentes \u00e1mbitos de la acci\u00f3n tutorial: planes educativos y programas para la innovaci\u00f3n educativa.<\/li><li>Actuaciones para el asesoramiento en los diferentes \u00e1mbitos de coordinaci\u00f3n de los equipos de tr\u00e1nsito entre etapas educativas: curricular, acci\u00f3n tutorial, orientaci\u00f3n vocacional y medidas de atenci\u00f3n a la diversidad y procesos de acogida del alumnado y familia.<\/li><li>Actuaciones para el asesoramiento a la comunidad educativa en la toma de decisiones relacionadas con la construcci\u00f3n del proyecto vital y profesional de todo el alumnado.<\/li><li>Actuaciones dirigidas a la reducci\u00f3n del abandono temprano del sistema educativo a trav\u00e9s de la colaboraci\u00f3n en el desarrollo de los distintos planes y programas solicitados por el centro relacionados con la compensaci\u00f3n educativa.<\/li><li>La atenci\u00f3n educativa del alumnado con necesidades espec\u00edficas de apoyo educativo o primeros indicios de dificultades de aprendizaje, con el objetivo de ofrecerles una respuesta educativa acorde a sus necesidades.<\/li><li>La coordinaci\u00f3n con el servicio de salud con el objetivo de garantizar el bienestar emocional del alumnado.<\/li><\/ul>\t\t\t\t\t\t\t\t<\/div>\n\t\t\t\t<\/div>\n\t\t\t\t\t<\/div>\n\t\t<\/div>\n\t\t\t\t\t<\/div>\n\t\t<\/section>\n\t\t\t\t<section class=\"elementor-section elementor-top-section elementor-element elementor-element-6f524b5 elementor-section-boxed elementor-section-height-default elementor-section-height-default\" data-id=\"6f524b5\" data-element_type=\"section\">\n\t\t\t\t\t\t<div class=\"elementor-container elementor-column-gap-default\">\n\t\t\t\t\t<div class=\"elementor-column elementor-col-100 elementor-top-column elementor-element elementor-element-2fca840\" data-id=\"2fca840\" data-element_type=\"column\">\n\t\t\t<div class=\"elementor-widget-wrap elementor-element-populated\">\n\t\t\t\t\t\t<div class=\"elementor-element elementor-element-f1c466e elementor-icon-list--layout-traditional elementor-list-item-link-full_width elementor-widget elementor-widget-icon-list\" data-id=\"f1c466e\" data-element_type=\"widget\" data-widget_type=\"icon-list.default\">\n\t\t\t\t<div class=\"elementor-widget-container\">\n\t\t\t\t\t\t\t<ul class=\"elementor-icon-list-items\">\n\t\t\t\t\t\t\t<li class=\"elementor-icon-list-item\">\n\t\t\t\t\t\t\t\t\t\t\t<a href=\"https:\/\/beatrizchica.wordpress.com\/\">\n\n\t\t\t\t\t\t\t\t\t\t\t\t<span class=\"elementor-icon-list-icon\">\n\t\t\t\t\t\t\t<i aria-hidden=\"true\" class=\"fas fa-check\"><\/i>\t\t\t\t\t\t<\/span>\n\t\t\t\t\t\t\t\t\t\t<span class=\"elementor-icon-list-text\">Enlace al blog del Departamento de Orientaci\u00f3n<\/span>\n\t\t\t\t\t\t\t\t\t\t\t<\/a>\n\t\t\t\t\t\t\t\t\t<\/li>\n\t\t\t\t\t\t<\/ul>\n\t\t\t\t\t\t<\/div>\n\t\t\t\t<\/div>\n\t\t\t\t<div class=\"elementor-element elementor-element-b8636c9 elementor-widget elementor-widget-text-editor\" data-id=\"b8636c9\" data-element_type=\"widget\" data-widget_type=\"text-editor.default\">\n\t\t\t\t<div class=\"elementor-widget-container\">\n\t\t\t\t\t\t\t\t\t<p>Este blog incluye toda la informaci\u00f3n acad\u00e9mica y profesional imprescindible para que nuestro alumnado pueda construir su proyecto vital acad\u00e9mico y profesional: ciclos formativos, bachillerato, prueba de acceso a la universidad, pruebas libres, becas y ayudas al estudio y mucho m\u00e1s&#8230;<\/p>\t\t\t\t\t\t\t\t<\/div>\n\t\t\t\t<\/div>\n\t\t\t\t\t<\/div>\n\t\t<\/div>\n\t\t\t\t\t<\/div>\n\t\t<\/section>\n\t\t\t\t<\/div>\n\t\t","protected":false},"excerpt":{"rendered":"<p>Los objetivos y actuaciones del Departamento de Orientaci\u00f3n del IES Puerta del Mar, parten del an\u00e1lisis de nuestro centro y entorno y se concretan en las siguientes: Actuaciones para el&#46;&#46;&#46;<\/p>\n","protected":false},"author":1,"featured_media":0,"parent":0,"menu_order":0,"comment_status":"open","ping_status":"open","template":"","meta":{"ngg_post_thumbnail":0,"footnotes":"","_mc_calendar":[]},"aioseo_notices":[],"_links":{"self":[{"href":"https:\/\/blogsaverroes.juntadeandalucia.es\/iespuertadelmar\/wp-json\/wp\/v2\/pages\/1806"}],"collection":[{"href":"https:\/\/blogsaverroes.juntadeandalucia.es\/iespuertadelmar\/wp-json\/wp\/v2\/pages"}],"about":[{"href":"https:\/\/blogsaverroes.juntadeandalucia.es\/iespuertadelmar\/wp-json\/wp\/v2\/types\/page"}],"author":[{"embeddable":true,"href":"https:\/\/blogsaverroes.juntadeandalucia.es\/iespuertadelmar\/wp-json\/wp\/v2\/users\/1"}],"replies":[{"embeddable":true,"href":"https:\/\/blogsaverroes.juntadeandalucia.es\/iespuertadelmar\/wp-json\/wp\/v2\/comments?post=1806"}],"version-history":[{"count":11,"href":"https:\/\/blogsaverroes.juntadeandalucia.es\/iespuertadelmar\/wp-json\/wp\/v2\/pages\/1806\/revisions"}],"predecessor-version":[{"id":5921,"href":"https:\/\/blogsaverroes.juntadeandalucia.es\/iespuertadelmar\/wp-json\/wp\/v2\/pages\/1806\/revisions\/5921"}],"wp:attachment":[{"href":"https:\/\/blogsaverroes.juntadeandalucia.es\/iespuertadelmar\/wp-json\/wp\/v2\/media?parent=1806"}],"curies":[{"name":"wp","href":"https:\/\/api.w.org\/{rel}","templated":true}]}}