{"id":869,"date":"2015-03-16T07:03:52","date_gmt":"2015-03-16T07:03:52","guid":{"rendered":"http:\/\/blogsaverroes.juntadeandalucia.es\/pre\/ceip\/?page_id=84"},"modified":"2025-09-17T22:09:12","modified_gmt":"2025-09-17T22:09:12","slug":"calendario-escolar","status":"publish","type":"page","link":"https:\/\/blogsaverroes.juntadeandalucia.es\/iespuertadelmar\/calendario-escolar\/","title":{"rendered":"Calendario escolar"},"content":{"rendered":"<h2><a href=\"https:\/\/blogsaverroes.juntadeandalucia.es\/iespuertadelmar\/files\/2025\/09\/Calendario-Escolar-de-Granada-2025-2026.jpg\"><img fetchpriority=\"high\" decoding=\"async\" class=\"aligncenter wp-image-5875 size-full\" src=\"https:\/\/blogsaverroes.juntadeandalucia.es\/iespuertadelmar\/files\/2025\/09\/Calendario-Escolar-de-Granada-2025-2026.jpg\" alt=\"\" width=\"2480\" height=\"3509\" srcset=\"https:\/\/blogsaverroes.juntadeandalucia.es\/iespuertadelmar\/files\/2025\/09\/Calendario-Escolar-de-Granada-2025-2026.jpg 1131w, https:\/\/blogsaverroes.juntadeandalucia.es\/iespuertadelmar\/files\/2025\/09\/Calendario-Escolar-de-Granada-2025-2026-212x300.jpg 212w, https:\/\/blogsaverroes.juntadeandalucia.es\/iespuertadelmar\/files\/2025\/09\/Calendario-Escolar-de-Granada-2025-2026-724x1024.jpg 724w, https:\/\/blogsaverroes.juntadeandalucia.es\/iespuertadelmar\/files\/2025\/09\/Calendario-Escolar-de-Granada-2025-2026-768x1087.jpg 768w, https:\/\/blogsaverroes.juntadeandalucia.es\/iespuertadelmar\/files\/2025\/09\/Calendario-Escolar-de-Granada-2025-2026-1086x1536.jpg 1086w, https:\/\/blogsaverroes.juntadeandalucia.es\/iespuertadelmar\/files\/2025\/09\/Calendario-Escolar-de-Granada-2025-2026-1447x2048.jpg 1447w\" sizes=\"(max-width: 2480px) 100vw, 2480px\" \/><\/a><\/h2>\n<h2 style=\"text-align: center\"><a href=\"https:\/\/blogsaverroes.juntadeandalucia.es\/iespuertadelmar\/files\/2025\/09\/Calendario-Escolar-2025-2026.pdf\">Calendario Escolar 2025 2026 en formato PDF<\/a><\/h2>\n<p>&nbsp;<\/p>\n<p>Adicionalmente a este calendario provincial, se a\u00f1aden tres d\u00edas festivos locales, a\u00fan por decidir por el consejo escolar municipal.<\/p>\n<p style=\"text-align: center\">&nbsp;<\/p>\n","protected":false},"excerpt":{"rendered":"<p>Calendario Escolar 2025 2026 en formato PDF &nbsp; Adicionalmente a este calendario provincial, se a\u00f1aden tres d\u00edas festivos locales, a\u00fan por decidir por el consejo escolar municipal. &nbsp;<\/p>\n","protected":false},"author":1,"featured_media":0,"parent":0,"menu_order":0,"comment_status":"open","ping_status":"open","template":"page-templates\/child-menu.php","meta":{"ngg_post_thumbnail":0,"footnotes":"","_mc_calendar":{"weekends":"true","shortcode":"[my_calendar weekends=&quot;true&quot;]","append":""}},"aioseo_notices":[],"_links":{"self":[{"href":"https:\/\/blogsaverroes.juntadeandalucia.es\/iespuertadelmar\/wp-json\/wp\/v2\/pages\/869"}],"collection":[{"href":"https:\/\/blogsaverroes.juntadeandalucia.es\/iespuertadelmar\/wp-json\/wp\/v2\/pages"}],"about":[{"href":"https:\/\/blogsaverroes.juntadeandalucia.es\/iespuertadelmar\/wp-json\/wp\/v2\/types\/page"}],"author":[{"embeddable":true,"href":"https:\/\/blogsaverroes.juntadeandalucia.es\/iespuertadelmar\/wp-json\/wp\/v2\/users\/1"}],"replies":[{"embeddable":true,"href":"https:\/\/blogsaverroes.juntadeandalucia.es\/iespuertadelmar\/wp-json\/wp\/v2\/comments?post=869"}],"version-history":[{"count":10,"href":"https:\/\/blogsaverroes.juntadeandalucia.es\/iespuertadelmar\/wp-json\/wp\/v2\/pages\/869\/revisions"}],"predecessor-version":[{"id":5876,"href":"https:\/\/blogsaverroes.juntadeandalucia.es\/iespuertadelmar\/wp-json\/wp\/v2\/pages\/869\/revisions\/5876"}],"wp:attachment":[{"href":"https:\/\/blogsaverroes.juntadeandalucia.es\/iespuertadelmar\/wp-json\/wp\/v2\/media?parent=869"}],"curies":[{"name":"wp","href":"https:\/\/api.w.org\/{rel}","templated":true}]}}

<h2><a href="https://blogsaverroes.juntadeandalucia.es/iespuertadelmar/files/2025/09/Calendario-Escolar-de-Granada-2025-2026.jpg"><img fetchpriority="high" decoding="async" class="aligncenter wp-image-5875 size-full" src="https://blogsaverroes.juntadeandalucia.es/iespuertadelmar/files/2025/09/Calendario-Escolar-de-Granada-2025-2026.jpg" alt="" width="2480" height="3509" srcset="https://blogsaverroes.juntadeandalucia.es/iespuertadelmar/files/2025/09/Calendario-Escolar-de-Granada-2025-2026.jpg 1131w, https://blogsaverroes.juntadeandalucia.es/iespuertadelmar/files/2025/09/Calendario-Escolar-de-Granada-2025-2026-212x300.jpg 212w, https://blogsaverroes.juntadeandalucia.es/iespuertadelmar/files/2025/09/Calendario-Escolar-de-Granada-2025-2026-724x1024.jpg 724w, https://blogsaverroes.juntadeandalucia.es/iespuertadelmar/files/2025/09/Calendario-Escolar-de-Granada-2025-2026-768x1087.jpg 768w, https://blogsaverroes.juntadeandalucia.es/iespuertadelmar/files/2025/09/Calendario-Escolar-de-Granada-2025-2026-1086x1536.jpg 1086w, https://blogsaverroes.juntadeandalucia.es/iespuertadelmar/files/2025/09/Calendario-Escolar-de-Granada-2025-2026-1447x2048.jpg 1447w" sizes="(max-width: 2480px) 100vw, 2480px" /></a></h2>
<h2 style="text-align: center"><a href="https://blogsaverroes.juntadeandalucia.es/iespuertadelmar/files/2025/09/Calendario-Escolar-2025-2026.pdf">Calendario Escolar 2025 2026 en formato PDF</a></h2>
<p>&nbsp;</p>
<p>Adicionalmente a este calendario provincial, se añaden tres días festivos locales, aún por decidir por el consejo escolar municipal.</p>
<p style="text-align: center">&nbsp;</p>

<p>Calendario Escolar 2025 2026 en formato PDF &nbsp; Adicionalmente a este calendario provincial, se añaden tres días festivos locales, aún por decidir por el consejo escolar municipal. &nbsp;</p>
