{"id":16,"date":"2020-01-09T12:31:22","date_gmt":"2020-01-09T11:31:22","guid":{"rendered":"http:\/\/blogsaverroes.juntadeandalucia.es\/pre\/nuevoceip2v2\/?page_id=16"},"modified":"2023-02-24T10:46:35","modified_gmt":"2023-02-24T09:46:35","slug":"1o-eso-2","status":"publish","type":"page","link":"https:\/\/blogsaverroes.juntadeandalucia.es\/iespuertadepechina\/1o-eso-2\/","title":{"rendered":"1\u00ba Educaci\u00f3n Secundaria Obligatoria"},"content":{"rendered":"<p class=\"ta-justify\">La etapa de Educaci\u00f3n Secundaria Obligatoria comprende<strong> cuatro cursos<\/strong>, que se seguir\u00e1n ordinariamente<strong> entre los doce y los diecis\u00e9is a\u00f1os de edad<\/strong>.<\/p>\n<p class=\"ta-justify\">La finalidad de la educaci\u00f3n secundaria es lograr que los alumnos y alumnas:<\/p>\n<ul>\n<li class=\"ta-justify\">adquieran los elementos b\u00e1sicos de la cultura, especialmente en sus aspectos human\u00edstico, art\u00edstico, cient\u00edfico-tecnol\u00f3gico y motriz;<\/li>\n<li class=\"ta-justify\">desarrollen y consoliden los h\u00e1bitos de estudio y de trabajo, as\u00ed como h\u00e1bitos de vida saludables;<\/li>\n<li class=\"ta-justify\">consigan la preparaci\u00f3n adecuada para su incorporaci\u00f3n a estudios posteriores o para su inserci\u00f3n laboral;<\/li>\n<li class=\"ta-justify\">se formen para el ejercicio de sus derechos y obligaciones de la vida como ciudadanos y ciudadanas.<\/li>\n<\/ul>\n","protected":false},"excerpt":{"rendered":"<p>La etapa de Educaci\u00f3n Secundaria Obligatoria comprende cuatro cursos, que se seguir\u00e1n ordinariamente entre los doce y los diecis\u00e9is a\u00f1os de edad. La finalidad de la educaci\u00f3n secundaria es lograr que los alumnos y alumnas: adquieran los elementos b\u00e1sicos de la cultura, especialmente en sus aspectos human\u00edstico, art\u00edstico, cient\u00edfico-tecnol\u00f3gico y motriz; desarrollen y consoliden los [&hellip;]<\/p>\n","protected":false},"author":17576,"featured_media":0,"parent":0,"menu_order":0,"comment_status":"closed","ping_status":"closed","template":"","meta":{"_et_pb_use_builder":"off","_et_pb_old_content":"","_et_gb_content_width":"","ngg_post_thumbnail":0,"footnotes":""},"aioseo_notices":[],"_links":{"self":[{"href":"https:\/\/blogsaverroes.juntadeandalucia.es\/iespuertadepechina\/wp-json\/wp\/v2\/pages\/16"}],"collection":[{"href":"https:\/\/blogsaverroes.juntadeandalucia.es\/iespuertadepechina\/wp-json\/wp\/v2\/pages"}],"about":[{"href":"https:\/\/blogsaverroes.juntadeandalucia.es\/iespuertadepechina\/wp-json\/wp\/v2\/types\/page"}],"author":[{"embeddable":true,"href":"https:\/\/blogsaverroes.juntadeandalucia.es\/iespuertadepechina\/wp-json\/wp\/v2\/users\/17576"}],"replies":[{"embeddable":true,"href":"https:\/\/blogsaverroes.juntadeandalucia.es\/iespuertadepechina\/wp-json\/wp\/v2\/comments?post=16"}],"version-history":[{"count":5,"href":"https:\/\/blogsaverroes.juntadeandalucia.es\/iespuertadepechina\/wp-json\/wp\/v2\/pages\/16\/revisions"}],"predecessor-version":[{"id":593,"href":"https:\/\/blogsaverroes.juntadeandalucia.es\/iespuertadepechina\/wp-json\/wp\/v2\/pages\/16\/revisions\/593"}],"wp:attachment":[{"href":"https:\/\/blogsaverroes.juntadeandalucia.es\/iespuertadepechina\/wp-json\/wp\/v2\/media?parent=16"}],"curies":[{"name":"wp","href":"https:\/\/api.w.org\/{rel}","templated":true}]}}