{"id":2815,"date":"2025-07-24T10:26:26","date_gmt":"2025-07-24T09:26:26","guid":{"rendered":"https:\/\/blogsaverroes.juntadeandalucia.es\/iesreyalabez\/?page_id=2815"},"modified":"2026-01-16T14:37:16","modified_gmt":"2026-01-16T13:37:16","slug":"aula-ateca","status":"publish","type":"page","link":"https:\/\/blogsaverroes.juntadeandalucia.es\/iesreyalabez\/aula-ateca\/","title":{"rendered":"Aula AtecA"},"content":{"rendered":"<p><strong>A partir del curso 25-26 el centro va a contar con un Aula AtecA<\/strong>, un espacio destinado al alumnado de Formaci\u00f3n Profesional, en el que se pondr\u00e1n en pr\u00e1ctica las acciones encaminadas al desarrollo de las redes de aulas, desarrollo del aprendizaje activo y colaborativo, desarrollo del aprendizaje entre equipos intercentro, desarrollo de retos compartidos, desarrollo de los repositorio de informaci\u00f3n, desarrollo de la sostenibilidad en el aula, desarrollo de los sistemas de reuni\u00f3n con la MR (realidad mixta) o VR (realidad virtual), y el desarrollo de la conectividad entre equipos.<\/p>\n<p>Adem\u00e1s del alumnado de FP, se podr\u00e1n poner en pr\u00e1ctica proyectos con el alumnado de la etapa de ESO.<\/p>\n<p><span style=\"font-size: 18pt\"><strong>PROCESO:<\/strong><\/span><\/p>\n<table style=\"border-collapse: collapse;width: 100%\">\n<tbody>\n<tr>\n<td style=\"width: 50%\"><strong>ANTES:<\/strong><\/td>\n<td style=\"width: 50%\">&nbsp;<\/td>\n<\/tr>\n<tr>\n<td style=\"width: 50%\"><img loading=\"lazy\" decoding=\"async\" class=\"alignnone wp-image-2823\" src=\"https:\/\/blogsaverroes.juntadeandalucia.es\/iesreyalabez\/files\/2025\/07\/ATECA-1-.jpg\" alt=\"\" width=\"361\" height=\"272\"><\/td>\n<td style=\"width: 50%\"><img loading=\"lazy\" decoding=\"async\" class=\"alignnone wp-image-2824\" src=\"https:\/\/blogsaverroes.juntadeandalucia.es\/iesreyalabez\/files\/2025\/07\/ATECA-2.jpg\" alt=\"\" width=\"377\" height=\"284\"><\/td>\n<\/tr>\n<\/tbody>\n<\/table>\n<table style=\"border-collapse: collapse;width: 100%\">\n<tbody>\n<tr>\n<td style=\"width: 50%\"><strong>REMODELACI\u00d3N DEL TECHO (JULIO 2025)<\/strong><\/td>\n<td style=\"width: 50%\">&nbsp;<\/td>\n<\/tr>\n<tr>\n<td style=\"width: 50%\"><img loading=\"lazy\" decoding=\"async\" class=\"alignnone wp-image-2828\" src=\"https:\/\/blogsaverroes.juntadeandalucia.es\/iesreyalabez\/files\/2025\/07\/ATECA-3-scaled.jpg\" alt=\"\" width=\"358\" height=\"269\"><\/td>\n<td style=\"width: 50%\"><img loading=\"lazy\" decoding=\"async\" class=\"alignnone wp-image-2829\" src=\"https:\/\/blogsaverroes.juntadeandalucia.es\/iesreyalabez\/files\/2025\/07\/ATECA-4-scaled.jpg\" alt=\"\" width=\"371\" height=\"279\"><\/td>\n<\/tr>\n<tr>\n<td style=\"width: 50%\"><img loading=\"lazy\" decoding=\"async\" class=\"alignnone wp-image-2830\" src=\"https:\/\/blogsaverroes.juntadeandalucia.es\/iesreyalabez\/files\/2025\/07\/ATECA-7-scaled.jpg\" alt=\"\" width=\"361\" height=\"271\"><\/td>\n<td style=\"width: 50%\"><img loading=\"lazy\" decoding=\"async\" class=\"alignnone wp-image-2831\" src=\"https:\/\/blogsaverroes.juntadeandalucia.es\/iesreyalabez\/files\/2025\/07\/ATECA-8-scaled.jpg\" alt=\"\" width=\"374\" height=\"281\"><\/td>\n<\/tr>\n<\/tbody>\n<\/table>\n<p>INSTALACI\u00d3N EL\u00c9CTRICA (SEPTEIMBRE 2025):<\/p>\n<table style=\"border-collapse: collapse;width: 100%\">\n<tbody>\n<tr>\n<td style=\"width: 50%\"><img loading=\"lazy\" decoding=\"async\" class=\"alignnone wp-image-2834\" src=\"https:\/\/blogsaverroes.juntadeandalucia.es\/iesreyalabez\/files\/2025\/09\/ATECA-9-scaled.jpg\" alt=\"\" width=\"363\" height=\"273\"><\/td>\n<td style=\"width: 50%\"><img loading=\"lazy\" decoding=\"async\" class=\"alignnone wp-image-2835\" src=\"https:\/\/blogsaverroes.juntadeandalucia.es\/iesreyalabez\/files\/2025\/09\/ATECA-10-scaled.jpg\" alt=\"\" width=\"367\" height=\"276\"><\/td>\n<\/tr>\n<tr>\n<td style=\"width: 50%\"><img loading=\"lazy\" decoding=\"async\" class=\"alignnone wp-image-2836\" src=\"https:\/\/blogsaverroes.juntadeandalucia.es\/iesreyalabez\/files\/2025\/09\/ATECA-11-scaled.jpg\" alt=\"\" width=\"363\" height=\"273\">&nbsp;<\/td>\n<td style=\"width: 50%\"><img loading=\"lazy\" decoding=\"async\" class=\"alignnone wp-image-2837\" src=\"https:\/\/blogsaverroes.juntadeandalucia.es\/iesreyalabez\/files\/2025\/09\/ATECA-12-scaled.jpg\" alt=\"\" width=\"363\" height=\"273\"><\/td>\n<\/tr>\n<\/tbody>\n<\/table>\n<p>INSTALACI\u00d3N DE TARIMA FLOTANTE:<\/p>\n<table style=\"border-collapse: collapse;width: 100%;height: 465px\">\n<tbody>\n<tr style=\"height: 227px\">\n<td style=\"width: 50%;height: 227px\"><img loading=\"lazy\" decoding=\"async\" class=\"alignnone wp-image-2849\" src=\"https:\/\/blogsaverroes.juntadeandalucia.es\/iesreyalabez\/files\/2025\/09\/ATECA-19-scaled.jpg\" alt=\"\" width=\"258\" height=\"194\">&nbsp;&nbsp;&nbsp;<\/td>\n<td style=\"width: 50%;height: 227px\"><img loading=\"lazy\" decoding=\"async\" class=\"alignnone wp-image-2850\" src=\"https:\/\/blogsaverroes.juntadeandalucia.es\/iesreyalabez\/files\/2025\/09\/ATECA-18-scaled.jpg\" alt=\"\" width=\"268\" height=\"201\"><\/td>\n<\/tr>\n<tr style=\"height: 215px\">\n<td style=\"width: 50%;height: 215px\"><img loading=\"lazy\" decoding=\"async\" class=\"alignnone wp-image-2851\" src=\"https:\/\/blogsaverroes.juntadeandalucia.es\/iesreyalabez\/files\/2025\/09\/ATECA-12-1-scaled.jpg\" alt=\"\" width=\"268\" height=\"201\"><\/td>\n<td style=\"width: 50%;height: 215px\"><img loading=\"lazy\" decoding=\"async\" class=\"alignnone wp-image-2848\" src=\"https:\/\/blogsaverroes.juntadeandalucia.es\/iesreyalabez\/files\/2025\/09\/ATECA-17-scaled.jpg\" alt=\"\" width=\"271\" height=\"204\"><\/td>\n<\/tr>\n<tr style=\"height: 23px\">\n<td style=\"width: 50%;height: 23px\"><img loading=\"lazy\" decoding=\"async\" class=\"alignnone wp-image-2847\" src=\"https:\/\/blogsaverroes.juntadeandalucia.es\/iesreyalabez\/files\/2025\/09\/ATECA-20-scaled.jpg\" alt=\"\" width=\"273\" height=\"205\"><\/td>\n<td style=\"width: 50%;height: 23px\">&nbsp;<\/td>\n<\/tr>\n<\/tbody>\n<\/table>\n<p>INSTALACI\u00d3N DE LA CLIMATIZACI\u00d3N:<\/p>\n<table style=\"border-collapse: collapse;width: 100%\">\n<tbody>\n<tr>\n<td style=\"width: 50%\"><img loading=\"lazy\" decoding=\"async\" class=\"alignnone wp-image-2843\" src=\"https:\/\/blogsaverroes.juntadeandalucia.es\/iesreyalabez\/files\/2025\/09\/ATECA-13-scaled.jpg\" alt=\"\" width=\"267\" height=\"356\"><\/td>\n<td style=\"width: 50%\"><img loading=\"lazy\" decoding=\"async\" class=\"alignnone wp-image-2844\" src=\"https:\/\/blogsaverroes.juntadeandalucia.es\/iesreyalabez\/files\/2025\/09\/ATECA-14-scaled.jpg\" alt=\"\" width=\"284\" height=\"379\"><\/td>\n<\/tr>\n<tr>\n<td style=\"width: 50%\"><img loading=\"lazy\" decoding=\"async\" class=\"alignnone wp-image-2845\" src=\"https:\/\/blogsaverroes.juntadeandalucia.es\/iesreyalabez\/files\/2025\/09\/ATECA-15-scaled.jpg\" alt=\"\" width=\"272\" height=\"204\"><\/td>\n<td style=\"width: 50%\"><img loading=\"lazy\" decoding=\"async\" class=\"alignnone wp-image-2846\" src=\"https:\/\/blogsaverroes.juntadeandalucia.es\/iesreyalabez\/files\/2025\/09\/ATECA-16-scaled.jpg\" alt=\"\" width=\"287\" height=\"215\"><\/td>\n<\/tr>\n<\/tbody>\n<\/table>\n<p>MOBILIARIO:<\/p>\n<table style=\"border-collapse: collapse;width: 100%\">\n<tbody>\n<tr>\n<td style=\"width: 50%\"><img loading=\"lazy\" decoding=\"async\" class=\"alignnone  wp-image-3083\" src=\"https:\/\/blogsaverroes.juntadeandalucia.es\/iesreyalabez\/files\/2026\/01\/DSCN92711-scaled.jpg\" alt=\"MOBI\" width=\"282\" height=\"212\"><\/td>\n<td style=\"width: 50%\"><img loading=\"lazy\" decoding=\"async\" class=\"alignnone  wp-image-3084\" src=\"https:\/\/blogsaverroes.juntadeandalucia.es\/iesreyalabez\/files\/2026\/01\/DSCN92721-scaled.jpg\" alt=\"M\" width=\"284\" height=\"213\"><\/td>\n<\/tr>\n<tr>\n<td style=\"width: 50%\"><img loading=\"lazy\" decoding=\"async\" class=\"alignnone  wp-image-3085\" src=\"https:\/\/blogsaverroes.juntadeandalucia.es\/iesreyalabez\/files\/2026\/01\/DSCN92731-scaled.jpg\" alt=\"\" width=\"282\" height=\"212\"><\/td>\n<td style=\"width: 50%\"><img loading=\"lazy\" decoding=\"async\" class=\"alignnone  wp-image-3086\" src=\"https:\/\/blogsaverroes.juntadeandalucia.es\/iesreyalabez\/files\/2026\/01\/DSCN92511-scaled.jpg\" alt=\"\" width=\"283\" height=\"212\"><\/td>\n<\/tr>\n<\/tbody>\n<\/table>\n<p>&nbsp;<\/p>\n","protected":false},"excerpt":{"rendered":"<p>A partir del curso 25-26 el centro va a contar con un Aula AtecA, un espacio destinado al alumnado de Formaci\u00f3n Profesional, en el que se pondr\u00e1n en pr\u00e1ctica las acciones encaminadas al desarrollo de las redes de aulas, desarrollo del aprendizaje activo y colaborativo, desarrollo del aprendizaje entre equipos intercentro, desarrollo de retos compartidos, [&hellip;]<\/p>\n","protected":false},"author":7589,"featured_media":0,"parent":0,"menu_order":0,"comment_status":"closed","ping_status":"closed","template":"","meta":{"_et_pb_use_builder":"","_et_pb_old_content":"","_et_gb_content_width":"","ngg_post_thumbnail":0,"footnotes":""},"aioseo_notices":[],"_links":{"self":[{"href":"https:\/\/blogsaverroes.juntadeandalucia.es\/iesreyalabez\/wp-json\/wp\/v2\/pages\/2815"}],"collection":[{"href":"https:\/\/blogsaverroes.juntadeandalucia.es\/iesreyalabez\/wp-json\/wp\/v2\/pages"}],"about":[{"href":"https:\/\/blogsaverroes.juntadeandalucia.es\/iesreyalabez\/wp-json\/wp\/v2\/types\/page"}],"author":[{"embeddable":true,"href":"https:\/\/blogsaverroes.juntadeandalucia.es\/iesreyalabez\/wp-json\/wp\/v2\/users\/7589"}],"replies":[{"embeddable":true,"href":"https:\/\/blogsaverroes.juntadeandalucia.es\/iesreyalabez\/wp-json\/wp\/v2\/comments?post=2815"}],"version-history":[{"count":8,"href":"https:\/\/blogsaverroes.juntadeandalucia.es\/iesreyalabez\/wp-json\/wp\/v2\/pages\/2815\/revisions"}],"predecessor-version":[{"id":3087,"href":"https:\/\/blogsaverroes.juntadeandalucia.es\/iesreyalabez\/wp-json\/wp\/v2\/pages\/2815\/revisions\/3087"}],"wp:attachment":[{"href":"https:\/\/blogsaverroes.juntadeandalucia.es\/iesreyalabez\/wp-json\/wp\/v2\/media?parent=2815"}],"curies":[{"name":"wp","href":"https:\/\/api.w.org\/{rel}","templated":true}]}}

<p><strong>A partir del curso 25-26 el centro va a contar con un Aula AtecA</strong>, un espacio destinado al alumnado de Formación Profesional, en el que se pondrán en práctica las acciones encaminadas al desarrollo de las redes de aulas, desarrollo del aprendizaje activo y colaborativo, desarrollo del aprendizaje entre equipos intercentro, desarrollo de retos compartidos, desarrollo de los repositorio de información, desarrollo de la sostenibilidad en el aula, desarrollo de los sistemas de reunión con la MR (realidad mixta) o VR (realidad virtual), y el desarrollo de la conectividad entre equipos.</p>
<p>Además del alumnado de FP, se podrán poner en práctica proyectos con el alumnado de la etapa de ESO.</p>
<p><span style="font-size: 18pt"><strong>PROCESO:</strong></span></p>
<table style="border-collapse: collapse;width: 100%">
<tbody>
<tr>
<td style="width: 50%"><strong>ANTES:</strong></td>
<td style="width: 50%">&nbsp;</td>
</tr>
<tr>
<td style="width: 50%"><img loading="lazy" decoding="async" class="alignnone wp-image-2823" src="https://blogsaverroes.juntadeandalucia.es/iesreyalabez/files/2025/07/ATECA-1-.jpg" alt="" width="361" height="272"></td>
<td style="width: 50%"><img loading="lazy" decoding="async" class="alignnone wp-image-2824" src="https://blogsaverroes.juntadeandalucia.es/iesreyalabez/files/2025/07/ATECA-2.jpg" alt="" width="377" height="284"></td>
</tr>
</tbody>
</table>
<table style="border-collapse: collapse;width: 100%">
<tbody>
<tr>
<td style="width: 50%"><strong>REMODELACIÓN DEL TECHO (JULIO 2025)</strong></td>
<td style="width: 50%">&nbsp;</td>
</tr>
<tr>
<td style="width: 50%"><img loading="lazy" decoding="async" class="alignnone wp-image-2828" src="https://blogsaverroes.juntadeandalucia.es/iesreyalabez/files/2025/07/ATECA-3-scaled.jpg" alt="" width="358" height="269"></td>
<td style="width: 50%"><img loading="lazy" decoding="async" class="alignnone wp-image-2829" src="https://blogsaverroes.juntadeandalucia.es/iesreyalabez/files/2025/07/ATECA-4-scaled.jpg" alt="" width="371" height="279"></td>
</tr>
<tr>
<td style="width: 50%"><img loading="lazy" decoding="async" class="alignnone wp-image-2830" src="https://blogsaverroes.juntadeandalucia.es/iesreyalabez/files/2025/07/ATECA-7-scaled.jpg" alt="" width="361" height="271"></td>
<td style="width: 50%"><img loading="lazy" decoding="async" class="alignnone wp-image-2831" src="https://blogsaverroes.juntadeandalucia.es/iesreyalabez/files/2025/07/ATECA-8-scaled.jpg" alt="" width="374" height="281"></td>
</tr>
</tbody>
</table>
<p>INSTALACIÓN ELÉCTRICA (SEPTEIMBRE 2025):</p>
<table style="border-collapse: collapse;width: 100%">
<tbody>
<tr>
<td style="width: 50%"><img loading="lazy" decoding="async" class="alignnone wp-image-2834" src="https://blogsaverroes.juntadeandalucia.es/iesreyalabez/files/2025/09/ATECA-9-scaled.jpg" alt="" width="363" height="273"></td>
<td style="width: 50%"><img loading="lazy" decoding="async" class="alignnone wp-image-2835" src="https://blogsaverroes.juntadeandalucia.es/iesreyalabez/files/2025/09/ATECA-10-scaled.jpg" alt="" width="367" height="276"></td>
</tr>
<tr>
<td style="width: 50%"><img loading="lazy" decoding="async" class="alignnone wp-image-2836" src="https://blogsaverroes.juntadeandalucia.es/iesreyalabez/files/2025/09/ATECA-11-scaled.jpg" alt="" width="363" height="273">&nbsp;</td>
<td style="width: 50%"><img loading="lazy" decoding="async" class="alignnone wp-image-2837" src="https://blogsaverroes.juntadeandalucia.es/iesreyalabez/files/2025/09/ATECA-12-scaled.jpg" alt="" width="363" height="273"></td>
</tr>
</tbody>
</table>
<p>INSTALACIÓN DE TARIMA FLOTANTE:</p>
<table style="border-collapse: collapse;width: 100%;height: 465px">
<tbody>
<tr style="height: 227px">
<td style="width: 50%;height: 227px"><img loading="lazy" decoding="async" class="alignnone wp-image-2849" src="https://blogsaverroes.juntadeandalucia.es/iesreyalabez/files/2025/09/ATECA-19-scaled.jpg" alt="" width="258" height="194">&nbsp;&nbsp;&nbsp;</td>
<td style="width: 50%;height: 227px"><img loading="lazy" decoding="async" class="alignnone wp-image-2850" src="https://blogsaverroes.juntadeandalucia.es/iesreyalabez/files/2025/09/ATECA-18-scaled.jpg" alt="" width="268" height="201"></td>
</tr>
<tr style="height: 215px">
<td style="width: 50%;height: 215px"><img loading="lazy" decoding="async" class="alignnone wp-image-2851" src="https://blogsaverroes.juntadeandalucia.es/iesreyalabez/files/2025/09/ATECA-12-1-scaled.jpg" alt="" width="268" height="201"></td>
<td style="width: 50%;height: 215px"><img loading="lazy" decoding="async" class="alignnone wp-image-2848" src="https://blogsaverroes.juntadeandalucia.es/iesreyalabez/files/2025/09/ATECA-17-scaled.jpg" alt="" width="271" height="204"></td>
</tr>
<tr style="height: 23px">
<td style="width: 50%;height: 23px"><img loading="lazy" decoding="async" class="alignnone wp-image-2847" src="https://blogsaverroes.juntadeandalucia.es/iesreyalabez/files/2025/09/ATECA-20-scaled.jpg" alt="" width="273" height="205"></td>
<td style="width: 50%;height: 23px">&nbsp;</td>
</tr>
</tbody>
</table>
<p>INSTALACIÓN DE LA CLIMATIZACIÓN:</p>
<table style="border-collapse: collapse;width: 100%">
<tbody>
<tr>
<td style="width: 50%"><img loading="lazy" decoding="async" class="alignnone wp-image-2843" src="https://blogsaverroes.juntadeandalucia.es/iesreyalabez/files/2025/09/ATECA-13-scaled.jpg" alt="" width="267" height="356"></td>
<td style="width: 50%"><img loading="lazy" decoding="async" class="alignnone wp-image-2844" src="https://blogsaverroes.juntadeandalucia.es/iesreyalabez/files/2025/09/ATECA-14-scaled.jpg" alt="" width="284" height="379"></td>
</tr>
<tr>
<td style="width: 50%"><img loading="lazy" decoding="async" class="alignnone wp-image-2845" src="https://blogsaverroes.juntadeandalucia.es/iesreyalabez/files/2025/09/ATECA-15-scaled.jpg" alt="" width="272" height="204"></td>
<td style="width: 50%"><img loading="lazy" decoding="async" class="alignnone wp-image-2846" src="https://blogsaverroes.juntadeandalucia.es/iesreyalabez/files/2025/09/ATECA-16-scaled.jpg" alt="" width="287" height="215"></td>
</tr>
</tbody>
</table>
<p>MOBILIARIO:</p>
<table style="border-collapse: collapse;width: 100%">
<tbody>
<tr>
<td style="width: 50%"><img loading="lazy" decoding="async" class="alignnone  wp-image-3083" src="https://blogsaverroes.juntadeandalucia.es/iesreyalabez/files/2026/01/DSCN92711-scaled.jpg" alt="MOBI" width="282" height="212"></td>
<td style="width: 50%"><img loading="lazy" decoding="async" class="alignnone  wp-image-3084" src="https://blogsaverroes.juntadeandalucia.es/iesreyalabez/files/2026/01/DSCN92721-scaled.jpg" alt="M" width="284" height="213"></td>
</tr>
<tr>
<td style="width: 50%"><img loading="lazy" decoding="async" class="alignnone  wp-image-3085" src="https://blogsaverroes.juntadeandalucia.es/iesreyalabez/files/2026/01/DSCN92731-scaled.jpg" alt="" width="282" height="212"></td>
<td style="width: 50%"><img loading="lazy" decoding="async" class="alignnone  wp-image-3086" src="https://blogsaverroes.juntadeandalucia.es/iesreyalabez/files/2026/01/DSCN92511-scaled.jpg" alt="" width="283" height="212"></td>
</tr>
</tbody>
</table>
<p>&nbsp;</p>

<p>A partir del curso 25-26 el centro va a contar con un Aula AtecA, un espacio destinado al alumnado de Formación Profesional, en el que se pondrán en práctica las acciones encaminadas al desarrollo de las redes de aulas, desarrollo del aprendizaje activo y colaborativo, desarrollo del aprendizaje entre equipos intercentro, desarrollo de retos compartidos, [&hellip;]</p>
