{"id":2103,"date":"2023-02-07T10:19:02","date_gmt":"2023-02-07T09:19:02","guid":{"rendered":"https:\/\/blogsaverroes.juntadeandalucia.es\/iesrioandara\/?page_id=2103"},"modified":"2023-03-12T19:15:03","modified_gmt":"2023-03-12T18:15:03","slug":"musica","status":"publish","type":"page","link":"https:\/\/blogsaverroes.juntadeandalucia.es\/iesrioandara\/musica\/","title":{"rendered":"M\u00daSICA"},"content":{"rendered":"<p><b>Departamento unipersonal. Se imparte docencia en 1\u00ba y 2\u00ba de E.S.O.<\/b><\/p>\n<p><span style=\"font-weight: 400\">Porque hace 3000 a\u00f1os Plat\u00f3n ya dec\u00eda que los tres aspectos esenciales para la educaci\u00f3n son: el atletismo para el cuerpo, las matem\u00e1ticas para la l\u00f3gica y la m\u00fasica para los sentimientos, el coraz\u00f3n y el alma, ya que como S\u00f3crates afirmaba, el ritmo y la armon\u00eda son lo que m\u00e1s penetran en su interior.<\/span><\/p>\n<p><span style=\"font-weight: 400\">Porque los ojos son las ventanas, pero los o\u00eddos son los portales hacia el alma, haciendo de la m\u00fasica el lenguaje universal por excelencia. La m\u00fasica compone los \u00e1nimos descompuestos. En ella todos los sentimientos vuelven a su estado puro.<\/span><\/p>\n<p><span style=\"font-weight: 400\">Porque numerosas investigaciones confirman que beneficia un desarrollo integral de las personas.<\/span><\/p>\n<p><span style=\"font-weight: 400\">La melod\u00eda se encarga de desarrollar la afectividad, el ritmo la evoluci\u00f3n motora y la armon\u00eda favorece el progreso intelectual.&nbsp;<\/span><\/p>\n<p><span style=\"font-weight: 400\">Hacer m\u00fasica facilita una mejora en la concentraci\u00f3n, memoria, motivaci\u00f3n, creatividad, coordinaci\u00f3n, expresi\u00f3n, comunicaci\u00f3n, el comportamiento social y el trabajo en equipo.&nbsp;<\/span><\/p>\n<p><span style=\"font-weight: 400\">Todos estos conceptos se transforman en nuestras aulas a trav\u00e9s del aprendizaje de conceptos musicales, de la escucha activa de m\u00fasica, del trabajo r\u00edtmico, movimiento en coordinaci\u00f3n con el baile y englobado y relacionado con el trabajo de las emociones, base fundamental con el objetivo de construir buenas personas completas en habilidades e \u00edntegras socialmente.<\/span><\/p>\n<p>&nbsp;<\/p>\n","protected":false},"excerpt":{"rendered":"<p>Departamento unipersonal. Se imparte docencia en 1\u00ba y 2\u00ba de E.S.O. Porque hace 3000 a\u00f1os Plat\u00f3n ya dec\u00eda que los tres aspectos esenciales para la educaci\u00f3n son: el atletismo para el cuerpo, las matem\u00e1ticas para la l\u00f3gica y la m\u00fasica para los sentimientos, el coraz\u00f3n y el alma, ya que como S\u00f3crates afirmaba, el ritmo [&hellip;]<\/p>\n","protected":false},"author":14522,"featured_media":0,"parent":0,"menu_order":0,"comment_status":"closed","ping_status":"closed","template":"","meta":{"_et_pb_use_builder":"","_et_pb_old_content":"","_et_gb_content_width":"","ngg_post_thumbnail":0,"footnotes":""},"aioseo_notices":[],"_links":{"self":[{"href":"https:\/\/blogsaverroes.juntadeandalucia.es\/iesrioandara\/wp-json\/wp\/v2\/pages\/2103"}],"collection":[{"href":"https:\/\/blogsaverroes.juntadeandalucia.es\/iesrioandara\/wp-json\/wp\/v2\/pages"}],"about":[{"href":"https:\/\/blogsaverroes.juntadeandalucia.es\/iesrioandara\/wp-json\/wp\/v2\/types\/page"}],"author":[{"embeddable":true,"href":"https:\/\/blogsaverroes.juntadeandalucia.es\/iesrioandara\/wp-json\/wp\/v2\/users\/14522"}],"replies":[{"embeddable":true,"href":"https:\/\/blogsaverroes.juntadeandalucia.es\/iesrioandara\/wp-json\/wp\/v2\/comments?post=2103"}],"version-history":[{"count":2,"href":"https:\/\/blogsaverroes.juntadeandalucia.es\/iesrioandara\/wp-json\/wp\/v2\/pages\/2103\/revisions"}],"predecessor-version":[{"id":2774,"href":"https:\/\/blogsaverroes.juntadeandalucia.es\/iesrioandara\/wp-json\/wp\/v2\/pages\/2103\/revisions\/2774"}],"wp:attachment":[{"href":"https:\/\/blogsaverroes.juntadeandalucia.es\/iesrioandara\/wp-json\/wp\/v2\/media?parent=2103"}],"curies":[{"name":"wp","href":"https:\/\/api.w.org\/{rel}","templated":true}]}}