{"id":27,"date":"2020-01-10T08:51:40","date_gmt":"2020-01-10T07:51:40","guid":{"rendered":"http:\/\/blogsaverroes.juntadeandalucia.es\/pre\/nuevoies2v2\/?page_id=27"},"modified":"2023-03-10T19:57:03","modified_gmt":"2023-03-10T18:57:03","slug":"4o-eso","status":"publish","type":"page","link":"https:\/\/blogsaverroes.juntadeandalucia.es\/iesrioandara\/4o-eso\/","title":{"rendered":"ESO"},"content":{"rendered":"<p><span style=\"font-weight: 400;color: #ff9900\">La ESO, Educaci\u00f3n Secundaria Obligatoria, es una etapa educativa obligatoria y gratuita que completa la educaci\u00f3n b\u00e1sica. Comprende dos ciclos: <\/span><\/p>\n<p><span style=\"font-weight: 400;color: #ff9900\"><strong>El primero<\/strong>, que corresponde a los cursos primero, segundo y tercero de ESO; y<\/span><\/p>\n<p><span style=\"font-weight: 400;color: #ff9900\"><strong>El segundo<\/strong>, que corresponde al cuarto curso de la etapa. El objetivo fundamental del segundo ciclo de la Educaci\u00f3n Secundaria Obligatoria es preparar a nuestros alumnos para el desarrollo de estudios posteriores.<\/span><\/p>\n<p><span style=\"font-weight: 400;color: #ff9900\">A grandes rasgos, la finalidad de la Educaci\u00f3n Secundaria Obligatoria consiste en lograr que los alumnos y las alumnas adquieran los elementos b\u00e1sicos de la cultura, especialmente en sus aspectos human\u00edstico, art\u00edstico, cient\u00edfico y tecnol\u00f3gico; desarrollar y consolidar en ellos h\u00e1bitos de estudio y de trabajo; prepararles, como se ha comentado, para su incorporaci\u00f3n a estudios posteriores y para su inserci\u00f3n laboral y formarles para el ejercicio de sus derechos y obligaciones en la vida como ciudadanos. De igual forma, se prestar\u00e1 especial atenci\u00f3n a la orientaci\u00f3n educativa y profesional del alumno.<\/span><\/p>\n<p>&nbsp;<\/p>\n<p><img loading=\"lazy\" decoding=\"async\" class=\"aligncenter size-medium wp-image-2518\" src=\"https:\/\/blogsaverroes.juntadeandalucia.es\/iesrioandara\/files\/2023\/02\/WhatsApp-Image-2023-03-03-at-15.39.40-300x225.jpeg\" alt=\"\" width=\"300\" height=\"225\"><\/p>\n","protected":false},"excerpt":{"rendered":"<p>La ESO, Educaci\u00f3n Secundaria Obligatoria, es una etapa educativa obligatoria y gratuita que completa la educaci\u00f3n b\u00e1sica. Comprende dos ciclos: El primero, que corresponde a los cursos primero, segundo y tercero de ESO; y El segundo, que corresponde al cuarto curso de la etapa. El objetivo fundamental del segundo ciclo de la Educaci\u00f3n Secundaria Obligatoria [&hellip;]<\/p>\n","protected":false},"author":1914,"featured_media":0,"parent":0,"menu_order":0,"comment_status":"closed","ping_status":"closed","template":"","meta":{"_et_pb_use_builder":"off","_et_pb_old_content":"","_et_gb_content_width":"","ngg_post_thumbnail":0,"footnotes":""},"aioseo_notices":[],"_links":{"self":[{"href":"https:\/\/blogsaverroes.juntadeandalucia.es\/iesrioandara\/wp-json\/wp\/v2\/pages\/27"}],"collection":[{"href":"https:\/\/blogsaverroes.juntadeandalucia.es\/iesrioandara\/wp-json\/wp\/v2\/pages"}],"about":[{"href":"https:\/\/blogsaverroes.juntadeandalucia.es\/iesrioandara\/wp-json\/wp\/v2\/types\/page"}],"author":[{"embeddable":true,"href":"https:\/\/blogsaverroes.juntadeandalucia.es\/iesrioandara\/wp-json\/wp\/v2\/users\/1914"}],"replies":[{"embeddable":true,"href":"https:\/\/blogsaverroes.juntadeandalucia.es\/iesrioandara\/wp-json\/wp\/v2\/comments?post=27"}],"version-history":[{"count":16,"href":"https:\/\/blogsaverroes.juntadeandalucia.es\/iesrioandara\/wp-json\/wp\/v2\/pages\/27\/revisions"}],"predecessor-version":[{"id":2707,"href":"https:\/\/blogsaverroes.juntadeandalucia.es\/iesrioandara\/wp-json\/wp\/v2\/pages\/27\/revisions\/2707"}],"wp:attachment":[{"href":"https:\/\/blogsaverroes.juntadeandalucia.es\/iesrioandara\/wp-json\/wp\/v2\/media?parent=27"}],"curies":[{"name":"wp","href":"https:\/\/api.w.org\/{rel}","templated":true}]}}