{"id":36,"date":"2020-01-10T09:31:25","date_gmt":"2020-01-10T08:31:25","guid":{"rendered":"http:\/\/blogsaverroes.juntadeandalucia.es\/pre\/nuevoies2v2\/?page_id=36"},"modified":"2024-06-03T11:58:51","modified_gmt":"2024-06-03T10:58:51","slug":"biblioteca","status":"publish","type":"page","link":"https:\/\/blogsaverroes.juntadeandalucia.es\/iesrioandara\/biblioteca\/","title":{"rendered":"Organizaci\u00f3n y funcionamiento de las bibliotecas escolares"},"content":{"rendered":"<p>ngg_shortcode_0_placeholder<span style=\"font-weight: 400;color: #800000\">El Departamento de Lengua Castellana y Literatura durante el presente curso lo conforman cinco miembros. Las materias impartidas por este departamento son diversas: Lengua Castellana y Literatura, \u00c1rea Ling\u00fc\u00edstica Transversal en 1\u00ba de ESO, Oratoria y Debate en 2\u00ba de ESO, \u00c1mbito Ling\u00fc\u00edstico y Social en 2\u00ba de PMAR y 1\u00ba de DICU, Comunicaci\u00f3n y Sociedad en 2\u00ba de FP B\u00e1sica y FOL en 1\u00ba de FPIGM.<\/span><\/p>\n<p><span style=\"font-weight: 400;color: #800000\">El objetivo de la materia de Lengua Castellana y Literatura se orienta tanto a la eficacia comunicativa como a favorecer un uso \u00e9tico del lenguaje que ponga las palabras al servicio de la convivencia democr\u00e1tica, la resoluci\u00f3n dialogada de los conflictos y la construcci\u00f3n de v\u00ednculos personales y sociales basados en el respeto y la igualdad de todas las personas.&nbsp;<\/span><\/p>\n<p><span style=\"font-weight: 400;color: #800000\">Con el fin de alcanzar este objetivo, se considera fundamental despertar en nuestro alumnado el inter\u00e9s y el gusto por la lectura, herramienta b\u00e1sica para el desarrollo de un esp\u00edritu cr\u00edtico. Por ello, dedicamos distintas sesiones a la lectura compartida.&nbsp;<\/span><\/p>\n<p>&nbsp;<\/p>\n","protected":false},"excerpt":{"rendered":"<p>El Departamento de Lengua Castellana y Literatura durante el presente curso lo conforman cinco miembros. Las materias impartidas por este departamento son diversas: Lengua Castellana y Literatura, \u00c1rea Ling\u00fc\u00edstica Transversal en 1\u00ba de ESO, Oratoria y Debate en 2\u00ba de ESO, \u00c1mbito Ling\u00fc\u00edstico y Social en 2\u00ba de PMAR y 1\u00ba de DICU, Comunicaci\u00f3n y [&hellip;]<\/p>\n","protected":false},"author":1914,"featured_media":0,"parent":0,"menu_order":0,"comment_status":"closed","ping_status":"closed","template":"","meta":{"_et_pb_use_builder":"off","_et_pb_old_content":"","_et_gb_content_width":"","ngg_post_thumbnail":0,"footnotes":""},"aioseo_notices":[],"_links":{"self":[{"href":"https:\/\/blogsaverroes.juntadeandalucia.es\/iesrioandara\/wp-json\/wp\/v2\/pages\/36"}],"collection":[{"href":"https:\/\/blogsaverroes.juntadeandalucia.es\/iesrioandara\/wp-json\/wp\/v2\/pages"}],"about":[{"href":"https:\/\/blogsaverroes.juntadeandalucia.es\/iesrioandara\/wp-json\/wp\/v2\/types\/page"}],"author":[{"embeddable":true,"href":"https:\/\/blogsaverroes.juntadeandalucia.es\/iesrioandara\/wp-json\/wp\/v2\/users\/1914"}],"replies":[{"embeddable":true,"href":"https:\/\/blogsaverroes.juntadeandalucia.es\/iesrioandara\/wp-json\/wp\/v2\/comments?post=36"}],"version-history":[{"count":6,"href":"https:\/\/blogsaverroes.juntadeandalucia.es\/iesrioandara\/wp-json\/wp\/v2\/pages\/36\/revisions"}],"predecessor-version":[{"id":3878,"href":"https:\/\/blogsaverroes.juntadeandalucia.es\/iesrioandara\/wp-json\/wp\/v2\/pages\/36\/revisions\/3878"}],"wp:attachment":[{"href":"https:\/\/blogsaverroes.juntadeandalucia.es\/iesrioandara\/wp-json\/wp\/v2\/media?parent=36"}],"curies":[{"name":"wp","href":"https:\/\/api.w.org\/{rel}","templated":true}]}}