{"id":748,"date":"2022-04-28T21:23:02","date_gmt":"2022-04-28T20:23:02","guid":{"rendered":"https:\/\/blogsaverroes.juntadeandalucia.es\/iesrioandara\/?page_id=748"},"modified":"2025-09-04T11:00:10","modified_gmt":"2025-09-04T10:00:10","slug":"geografia-e-historia","status":"publish","type":"page","link":"https:\/\/blogsaverroes.juntadeandalucia.es\/iesrioandara\/geografia-e-historia\/","title":{"rendered":"GEOGRAF\u00cdA E HISTORIA"},"content":{"rendered":"<p><span style=\"font-weight: 400\">El Departamento de Geograf\u00eda e Historia durante el presente curso lo conforman tres miembros. Las materias impartidas por este departamento son diversas: Geograf\u00eda e Historia a todos los cursos, Valores \u00e9ticos de 2\u00ba y 4\u00ba de ESO, Atenci\u00f3n Educativa de 1\u00ba de ESO y Comunicaci\u00f3n y Sociedad en 1\u00ba y 2\u00ba de FP B\u00e1sica.<\/span><\/p>\n<p><span style=\"font-weight: 400\">El objetivo de la materia de Geograf\u00eda e Historia se orienta a conseguir que nuestro alumnado sepa describir, ubicar, analizar e interpretar el territorio (espacio, sociedad y cultura) desde una perspectiva diacr\u00f3nica y sincr\u00f3nica, as\u00ed como saber comprender los procesos temporales y espaciales que se desarrollan en diversas esferas y niveles dentro de distintos marcos y en sus diversos contextos socioculturales.<\/span><\/p>\n<p>&nbsp;<\/p>\n","protected":false},"excerpt":{"rendered":"<p>El Departamento de Geograf\u00eda e Historia durante el presente curso lo conforman tres miembros. Las materias impartidas por este departamento son diversas: Geograf\u00eda e Historia a todos los cursos, Valores \u00e9ticos de 2\u00ba y 4\u00ba de ESO, Atenci\u00f3n Educativa de 1\u00ba de ESO y Comunicaci\u00f3n y Sociedad en 1\u00ba y 2\u00ba de FP B\u00e1sica. El [&hellip;]<\/p>\n","protected":false},"author":14522,"featured_media":0,"parent":0,"menu_order":0,"comment_status":"closed","ping_status":"closed","template":"","meta":{"_et_pb_use_builder":"off","_et_pb_old_content":"","_et_gb_content_width":"","ngg_post_thumbnail":0,"footnotes":""},"aioseo_notices":[],"_links":{"self":[{"href":"https:\/\/blogsaverroes.juntadeandalucia.es\/iesrioandara\/wp-json\/wp\/v2\/pages\/748"}],"collection":[{"href":"https:\/\/blogsaverroes.juntadeandalucia.es\/iesrioandara\/wp-json\/wp\/v2\/pages"}],"about":[{"href":"https:\/\/blogsaverroes.juntadeandalucia.es\/iesrioandara\/wp-json\/wp\/v2\/types\/page"}],"author":[{"embeddable":true,"href":"https:\/\/blogsaverroes.juntadeandalucia.es\/iesrioandara\/wp-json\/wp\/v2\/users\/14522"}],"replies":[{"embeddable":true,"href":"https:\/\/blogsaverroes.juntadeandalucia.es\/iesrioandara\/wp-json\/wp\/v2\/comments?post=748"}],"version-history":[{"count":11,"href":"https:\/\/blogsaverroes.juntadeandalucia.es\/iesrioandara\/wp-json\/wp\/v2\/pages\/748\/revisions"}],"predecessor-version":[{"id":4914,"href":"https:\/\/blogsaverroes.juntadeandalucia.es\/iesrioandara\/wp-json\/wp\/v2\/pages\/748\/revisions\/4914"}],"wp:attachment":[{"href":"https:\/\/blogsaverroes.juntadeandalucia.es\/iesrioandara\/wp-json\/wp\/v2\/media?parent=748"}],"curies":[{"name":"wp","href":"https:\/\/api.w.org\/{rel}","templated":true}]}}

GEOGRAFÍA E HISTORIA

<p><span style="font-weight: 400">El Departamento de Geografía e Historia durante el presente curso lo conforman tres miembros. Las materias impartidas por este departamento son diversas: Geografía e Historia a todos los cursos, Valores éticos de 2º y 4º de ESO, Atención Educativa de 1º de ESO y Comunicación y Sociedad en 1º y 2º de FP Básica.</span></p>
<p><span style="font-weight: 400">El objetivo de la materia de Geografía e Historia se orienta a conseguir que nuestro alumnado sepa describir, ubicar, analizar e interpretar el territorio (espacio, sociedad y cultura) desde una perspectiva diacrónica y sincrónica, así como saber comprender los procesos temporales y espaciales que se desarrollan en diversas esferas y niveles dentro de distintos marcos y en sus diversos contextos socioculturales.</span></p>
<p>&nbsp;</p>

<p>El Departamento de Geografía e Historia durante el presente curso lo conforman tres miembros. Las materias impartidas por este departamento son diversas: Geografía e Historia a todos los cursos, Valores éticos de 2º y 4º de ESO, Atención Educativa de 1º de ESO y Comunicación y Sociedad en 1º y 2º de FP Básica. El [&hellip;]</p>
