{"id":777,"date":"2022-04-28T21:37:36","date_gmt":"2022-04-28T20:37:36","guid":{"rendered":"https:\/\/blogsaverroes.juntadeandalucia.es\/iesrioandara\/?page_id=777"},"modified":"2025-06-15T12:21:09","modified_gmt":"2025-06-15T11:21:09","slug":"secretaria","status":"publish","type":"page","link":"https:\/\/blogsaverroes.juntadeandalucia.es\/iesrioandara\/secretaria\/","title":{"rendered":"Secretar\u00eda"},"content":{"rendered":"<p><span style=\"font-size: 14pt;font-family: arial, helvetica, sans-serif\">Nuestra secretar\u00eda se encarga de gestionar y organizar la documentaci\u00f3n y de realizar las tareas administrativas de nuestro IES R\u00edo Andarax, siendo un pilar fundamental en su buen funcionamiento.<\/span><\/p>\n<p><span style=\"font-size: 14pt;font-family: arial, helvetica, sans-serif\">Horario de atenci\u00f3n al p\u00fablico: De 9:00 a 14:00.<\/span><\/p>\n","protected":false},"excerpt":{"rendered":"<p>Nuestra secretar\u00eda se encarga de gestionar y organizar la documentaci\u00f3n y de realizar las tareas administrativas de nuestro IES R\u00edo Andarax, siendo un pilar fundamental en su buen funcionamiento. Horario de atenci\u00f3n al p\u00fablico: De 9:00 a 14:00.<\/p>\n","protected":false},"author":14522,"featured_media":0,"parent":0,"menu_order":0,"comment_status":"closed","ping_status":"closed","template":"","meta":{"_et_pb_use_builder":"","_et_pb_old_content":"","_et_gb_content_width":"","ngg_post_thumbnail":0,"footnotes":""},"aioseo_notices":[],"_links":{"self":[{"href":"https:\/\/blogsaverroes.juntadeandalucia.es\/iesrioandara\/wp-json\/wp\/v2\/pages\/777"}],"collection":[{"href":"https:\/\/blogsaverroes.juntadeandalucia.es\/iesrioandara\/wp-json\/wp\/v2\/pages"}],"about":[{"href":"https:\/\/blogsaverroes.juntadeandalucia.es\/iesrioandara\/wp-json\/wp\/v2\/types\/page"}],"author":[{"embeddable":true,"href":"https:\/\/blogsaverroes.juntadeandalucia.es\/iesrioandara\/wp-json\/wp\/v2\/users\/14522"}],"replies":[{"embeddable":true,"href":"https:\/\/blogsaverroes.juntadeandalucia.es\/iesrioandara\/wp-json\/wp\/v2\/comments?post=777"}],"version-history":[{"count":5,"href":"https:\/\/blogsaverroes.juntadeandalucia.es\/iesrioandara\/wp-json\/wp\/v2\/pages\/777\/revisions"}],"predecessor-version":[{"id":4851,"href":"https:\/\/blogsaverroes.juntadeandalucia.es\/iesrioandara\/wp-json\/wp\/v2\/pages\/777\/revisions\/4851"}],"wp:attachment":[{"href":"https:\/\/blogsaverroes.juntadeandalucia.es\/iesrioandara\/wp-json\/wp\/v2\/media?parent=777"}],"curies":[{"name":"wp","href":"https:\/\/api.w.org\/{rel}","templated":true}]}}

Secretaría

<p><span style="font-size: 14pt;font-family: arial, helvetica, sans-serif">Nuestra secretaría se encarga de gestionar y organizar la documentación y de realizar las tareas administrativas de nuestro IES Río Andarax, siendo un pilar fundamental en su buen funcionamiento.</span></p>
<p><span style="font-size: 14pt;font-family: arial, helvetica, sans-serif">Horario de atención al público: De 9:00 a 14:00.</span></p>

<p>Nuestra secretaría se encarga de gestionar y organizar la documentación y de realizar las tareas administrativas de nuestro IES Río Andarax, siendo un pilar fundamental en su buen funcionamiento. Horario de atención al público: De 9:00 a 14:00.</p>
