{"id":1679,"date":"2025-03-05T20:54:40","date_gmt":"2025-03-05T19:54:40","guid":{"rendered":"https:\/\/blogsaverroes.juntadeandalucia.es\/iesrioverdemarbella\/?page_id=1679"},"modified":"2026-03-04T16:56:15","modified_gmt":"2026-03-04T15:56:15","slug":"erasmus-cc-ff","status":"publish","type":"page","link":"https:\/\/blogsaverroes.juntadeandalucia.es\/iesrioverdemarbella\/erasmus-cc-ff\/","title":{"rendered":"Erasmus+ CC.FF."},"content":{"rendered":"<p><img decoding=\"async\" src=\"https:\/\/blogsaverroes.juntadeandalucia.es\/iesrioverdemarbella\/files\/2025\/03\/Captura-de-pantalla-2025-03-05-a-las-21.11.43.png\"><\/p>\n<table style=\"border-collapse: collapse;width: 100%\">\n<tbody>\n<tr>\n<td style=\"width: 100%\"><span style=\"text-decoration: underline\"><em>El <b>IES R\u00edo Verde<\/b>&nbsp;ha renovado su&nbsp;<b>carta ECHE<\/b><\/em><\/span> <em>(Erasmus Charter for Higher Education) para el&nbsp;<\/em><em><b>periodo 2021-2027<\/b>, lo que supone continuar con los&nbsp;<b>proyectos Eramus+<\/b> para los Ciclos Formativos de Grado Superior, que nos permiten realizar <b>pr\u00e1cticas<\/b>&nbsp;laborales extracurriculares y en&nbsp;<b>FCT <\/b><b>en cualquier pa\u00eds de la Uni\u00f3n Europea<\/b>.&nbsp;<\/em><\/td>\n<\/tr>\n<tr>\n<td style=\"width: 100%;text-align: right\"><em>+ <span style=\"font-size: 12pt\"><strong>m\u00e1s info<\/strong><\/span><\/em><\/td>\n<\/tr>\n<\/tbody>\n<\/table>\n<table style=\"border-collapse: collapse;width: 100%\">\n<tbody>\n<tr>\n<td style=\"width: 100%\">\n<hr>\n<p><span style=\"font-family: inherit;font-size: inherit\">Nuestro centro, que cuenta con la acreditaci\u00f3n Erasmus+ FP hasta el a\u00f1o 2027, tiene un amplio recorrido en proyectos internacionales dentro del marco de Erasmus+ FP. Se han realizado movilidades del alumnado y del profesorado (jobshadowing) en ciudades muy diversas de toda Europa: Bruselas, Estrasburgo, Budapest, Varsovia, etc&#8230; Siempre con experiencias muy positivas tanto a nivel personal como profesional. Los alumnos han podido mejorar su competencia ling\u00fc\u00edstica, han conocido otras formas de trabajo, se han adaptado a diferentes \u00e1mbitos empresariales y han ganado en autonom\u00eda y responsabilidad.<\/span><\/p>\n<hr>\n<\/td>\n<\/tr>\n<\/tbody>\n<\/table>\n<p>&nbsp;<\/p>\n<p>&nbsp;<\/p>\n<table style=\"border-collapse: collapse;width: 100%\">\n<tbody>\n<tr>\n<td style=\"width: 25%\"><img loading=\"lazy\" decoding=\"async\" class=\"alignnone size-medium wp-image-1692\" src=\"https:\/\/blogsaverroes.juntadeandalucia.es\/iesrioverdemarbella\/files\/2025\/03\/fse_horizontal-3-300x75.png\" alt=\"\" width=\"300\" height=\"75\"><\/td>\n<td style=\"width: 25%\"><img loading=\"lazy\" decoding=\"async\" class=\"alignnone size-full wp-image-1693\" src=\"https:\/\/blogsaverroes.juntadeandalucia.es\/iesrioverdemarbella\/files\/2025\/03\/220px-Sello_Erasmus_Union_Europea-3.png\" alt=\"\" width=\"220\" height=\"63\"><\/td>\n<td style=\"width: 25%\"><img loading=\"lazy\" decoding=\"async\" class=\"alignnone size-medium wp-image-1694\" src=\"https:\/\/blogsaverroes.juntadeandalucia.es\/iesrioverdemarbella\/files\/2025\/03\/mefp-3-300x75.png\" alt=\"\" width=\"300\" height=\"75\"><\/td>\n<td style=\"width: 25%\"><img loading=\"lazy\" decoding=\"async\" class=\"alignnone size-medium wp-image-1695\" src=\"https:\/\/blogsaverroes.juntadeandalucia.es\/iesrioverdemarbella\/files\/2025\/03\/ced_horizontal-3-300x75.png\" alt=\"\" width=\"300\" height=\"75\"><\/td>\n<\/tr>\n<\/tbody>\n<\/table>\n<p>&nbsp;<\/p>\n","protected":false},"excerpt":{"rendered":"<p>El IES R\u00edo Verde&nbsp;ha renovado su&nbsp;carta ECHE (Erasmus Charter for Higher Education) para el&nbsp;periodo 2021-2027, lo que supone continuar con los&nbsp;proyectos Eramus+ para los Ciclos Formativos de Grado Superior, que nos permiten realizar pr\u00e1cticas&nbsp;laborales extracurriculares y en&nbsp;FCT en cualquier pa\u00eds de la Uni\u00f3n Europea.&nbsp; + m\u00e1s info Nuestro centro, que cuenta con la acreditaci\u00f3n Erasmus+ [&hellip;]<\/p>\n","protected":false},"author":20722,"featured_media":1700,"parent":0,"menu_order":0,"comment_status":"closed","ping_status":"closed","template":"","meta":{"_et_pb_use_builder":"off","_et_pb_old_content":"","_et_gb_content_width":"","ngg_post_thumbnail":0,"footnotes":""},"aioseo_notices":[],"_links":{"self":[{"href":"https:\/\/blogsaverroes.juntadeandalucia.es\/iesrioverdemarbella\/wp-json\/wp\/v2\/pages\/1679"}],"collection":[{"href":"https:\/\/blogsaverroes.juntadeandalucia.es\/iesrioverdemarbella\/wp-json\/wp\/v2\/pages"}],"about":[{"href":"https:\/\/blogsaverroes.juntadeandalucia.es\/iesrioverdemarbella\/wp-json\/wp\/v2\/types\/page"}],"author":[{"embeddable":true,"href":"https:\/\/blogsaverroes.juntadeandalucia.es\/iesrioverdemarbella\/wp-json\/wp\/v2\/users\/20722"}],"replies":[{"embeddable":true,"href":"https:\/\/blogsaverroes.juntadeandalucia.es\/iesrioverdemarbella\/wp-json\/wp\/v2\/comments?post=1679"}],"version-history":[{"count":23,"href":"https:\/\/blogsaverroes.juntadeandalucia.es\/iesrioverdemarbella\/wp-json\/wp\/v2\/pages\/1679\/revisions"}],"predecessor-version":[{"id":3918,"href":"https:\/\/blogsaverroes.juntadeandalucia.es\/iesrioverdemarbella\/wp-json\/wp\/v2\/pages\/1679\/revisions\/3918"}],"wp:featuredmedia":[{"embeddable":true,"href":"https:\/\/blogsaverroes.juntadeandalucia.es\/iesrioverdemarbella\/wp-json\/wp\/v2\/media\/1700"}],"wp:attachment":[{"href":"https:\/\/blogsaverroes.juntadeandalucia.es\/iesrioverdemarbella\/wp-json\/wp\/v2\/media?parent=1679"}],"curies":[{"name":"wp","href":"https:\/\/api.w.org\/{rel}","templated":true}]}}

<p><img decoding="async" src="https://blogsaverroes.juntadeandalucia.es/iesrioverdemarbella/files/2025/03/Captura-de-pantalla-2025-03-05-a-las-21.11.43.png"></p>
<table style="border-collapse: collapse;width: 100%">
<tbody>
<tr>
<td style="width: 100%"><span style="text-decoration: underline"><em>El <b>IES Río Verde</b>&nbsp;ha renovado su&nbsp;<b>carta ECHE</b></em></span> <em>(Erasmus Charter for Higher Education) para el&nbsp;</em><em><b>periodo 2021-2027</b>, lo que supone continuar con los&nbsp;<b>proyectos Eramus+</b> para los Ciclos Formativos de Grado Superior, que nos permiten realizar <b>prácticas</b>&nbsp;laborales extracurriculares y en&nbsp;<b>FCT </b><b>en cualquier país de la Unión Europea</b>.&nbsp;</em></td>
</tr>
<tr>
<td style="width: 100%;text-align: right"><em>+ <span style="font-size: 12pt"><strong>más info</strong></span></em></td>
</tr>
</tbody>
</table>
<table style="border-collapse: collapse;width: 100%">
<tbody>
<tr>
<td style="width: 100%">
<hr>
<p><span style="font-family: inherit;font-size: inherit">Nuestro centro, que cuenta con la acreditación Erasmus+ FP hasta el año 2027, tiene un amplio recorrido en proyectos internacionales dentro del marco de Erasmus+ FP. Se han realizado movilidades del alumnado y del profesorado (jobshadowing) en ciudades muy diversas de toda Europa: Bruselas, Estrasburgo, Budapest, Varsovia, etc&#8230; Siempre con experiencias muy positivas tanto a nivel personal como profesional. Los alumnos han podido mejorar su competencia lingüística, han conocido otras formas de trabajo, se han adaptado a diferentes ámbitos empresariales y han ganado en autonomía y responsabilidad.</span></p>
<hr>
</td>
</tr>
</tbody>
</table>
<p>&nbsp;</p>
<p>&nbsp;</p>
<table style="border-collapse: collapse;width: 100%">
<tbody>
<tr>
<td style="width: 25%"><img loading="lazy" decoding="async" class="alignnone size-medium wp-image-1692" src="https://blogsaverroes.juntadeandalucia.es/iesrioverdemarbella/files/2025/03/fse_horizontal-3-300x75.png" alt="" width="300" height="75"></td>
<td style="width: 25%"><img loading="lazy" decoding="async" class="alignnone size-full wp-image-1693" src="https://blogsaverroes.juntadeandalucia.es/iesrioverdemarbella/files/2025/03/220px-Sello_Erasmus_Union_Europea-3.png" alt="" width="220" height="63"></td>
<td style="width: 25%"><img loading="lazy" decoding="async" class="alignnone size-medium wp-image-1694" src="https://blogsaverroes.juntadeandalucia.es/iesrioverdemarbella/files/2025/03/mefp-3-300x75.png" alt="" width="300" height="75"></td>
<td style="width: 25%"><img loading="lazy" decoding="async" class="alignnone size-medium wp-image-1695" src="https://blogsaverroes.juntadeandalucia.es/iesrioverdemarbella/files/2025/03/ced_horizontal-3-300x75.png" alt="" width="300" height="75"></td>
</tr>
</tbody>
</table>
<p>&nbsp;</p>

<p>El IES Río Verde&nbsp;ha renovado su&nbsp;carta ECHE (Erasmus Charter for Higher Education) para el&nbsp;periodo 2021-2027, lo que supone continuar con los&nbsp;proyectos Eramus+ para los Ciclos Formativos de Grado Superior, que nos permiten realizar prácticas&nbsp;laborales extracurriculares y en&nbsp;FCT en cualquier país de la Unión Europea.&nbsp; + más info Nuestro centro, que cuenta con la acreditación Erasmus+ [&hellip;]</p>
