{"id":2913,"date":"2025-09-08T17:57:06","date_gmt":"2025-09-08T16:57:06","guid":{"rendered":"https:\/\/blogsaverroes.juntadeandalucia.es\/iesrioverdemarbella\/?page_id=2913"},"modified":"2026-01-30T20:07:21","modified_gmt":"2026-01-30T19:07:21","slug":"equipo-directivo","status":"publish","type":"page","link":"https:\/\/blogsaverroes.juntadeandalucia.es\/iesrioverdemarbella\/equipo-directivo\/","title":{"rendered":"Equipo Directivo"},"content":{"rendered":"<table style=\"border-collapse: collapse;width: 100%;height: 240px\">\n<tbody>\n<tr style=\"height: 23px\">\n<td style=\"width: 24.818182%;text-align: right;height: 23px\"><span style=\"font-size: 10pt\"><strong><span style=\"color: #000080\">Director<\/span><\/strong><\/span><\/td>\n<td style=\"width: 0.909091%;text-align: right;height: 23px\">&nbsp;<\/td>\n<td style=\"width: 51.545454%;height: 23px\"><span style=\"color: #000080\">Capel Tu\u00f1\u00f3n, Jes\u00fas<\/span><\/td>\n<\/tr>\n<tr style=\"height: 23px\">\n<td style=\"width: 24.818182%;text-align: right;height: 23px\"><span style=\"font-size: 10pt\"><strong><span style=\"color: #000080\">Vicedirectora<\/span><\/strong><\/span><\/td>\n<td style=\"width: 0.909091%;text-align: right;height: 23px\">&nbsp;<\/td>\n<td style=\"width: 51.545454%;height: 23px\"><span style=\"color: #000080\">Castrillo Fernandez, Nieves<\/span><\/td>\n<\/tr>\n<tr style=\"height: 23px\">\n<td style=\"width: 24.818182%;text-align: right;height: 23px\"><span style=\"font-size: 10pt\"><strong><span style=\"color: #000080\">Secretaria<\/span><\/strong><\/span><\/td>\n<td style=\"width: 0.909091%;text-align: right;height: 23px\">&nbsp;<\/td>\n<td style=\"width: 51.545454%;height: 23px\"><span style=\"color: #000080\">Sanju\u00e1n Uriel, Raquel<\/span><\/td>\n<\/tr>\n<tr style=\"height: 10px\">\n<td style=\"width: 24.818182%;text-align: right;height: 10px\"><span style=\"font-size: 10pt\"><strong><span style=\"color: #000080\">&nbsp;<\/span><\/strong><\/span><\/td>\n<td style=\"width: 0.909091%;text-align: right;height: 10px\">&nbsp;<\/td>\n<td style=\"width: 51.545454%;height: 10px\"><span style=\"color: #000080;font-size: 8pt\">&nbsp;<\/span><\/td>\n<\/tr>\n<tr style=\"height: 23px\">\n<td style=\"width: 24.818182%;text-align: right;height: 23px\"><span style=\"font-size: 10pt\"><strong><span style=\"color: #000080\">Jefa de Estudios (Diurno)<\/span><\/strong><\/span><\/td>\n<td style=\"width: 0.909091%;text-align: right;height: 23px\">&nbsp;<\/td>\n<td style=\"width: 51.545454%;height: 23px\"><span style=\"color: #000080\">Alfonso Hurtado, Mar\u00eda Jos\u00e9<\/span><\/td>\n<\/tr>\n<tr style=\"height: 23px\">\n<td style=\"width: 24.818182%;text-align: right;height: 23px\"><span style=\"font-size: 10pt\"><strong><span style=\"color: #000080\">Jefe de Estudios Adjunto (Diurno)<\/span><\/strong><\/span><\/td>\n<td style=\"width: 0.909091%;text-align: right;height: 23px\">&nbsp;<\/td>\n<td style=\"width: 51.545454%;height: 23px\"><span style=\"color: #000080\">Agudo Delgado, Antonio Miguel<\/span><\/td>\n<\/tr>\n<tr style=\"height: 23px\">\n<td style=\"width: 24.818182%;text-align: right;height: 23px\"><span style=\"font-size: 10pt\"><strong><span style=\"color: #000080\">Jefa de Estudios Adjunta (Diurno)<\/span><\/strong><\/span><\/td>\n<td style=\"width: 0.909091%;text-align: right;height: 23px\">&nbsp;<\/td>\n<td style=\"width: 51.545454%;height: 23px\"><span style=\"color: #000080\">Chica Cobo, Capilla de la<\/span><\/td>\n<\/tr>\n<tr style=\"height: 23px\">\n<td style=\"width: 24.818182%;text-align: right;height: 23px\"><span style=\"font-size: 10pt\"><strong><span style=\"color: #000080\">&nbsp;<\/span><\/strong><\/span><\/td>\n<td style=\"width: 0.909091%;text-align: right;height: 23px\">&nbsp;<\/td>\n<td style=\"width: 51.545454%;height: 23px\"><span style=\"color: #000080\">&nbsp;<\/span><\/td>\n<\/tr>\n<tr style=\"height: 23px\">\n<td style=\"width: 24.818182%;text-align: right;height: 23px\"><span style=\"font-size: 10pt\"><strong><span style=\"color: #000080\">Jefe de Estudios (Nocturno)<\/span><\/strong><\/span><\/td>\n<td style=\"width: 0.909091%;text-align: right;height: 23px\">&nbsp;<\/td>\n<td style=\"width: 51.545454%;height: 23px\"><span style=\"color: #000080\">Bay\u00f3n Piedrabuena, Francisco Jos\u00e9<\/span><\/td>\n<\/tr>\n<tr style=\"height: 23px\">\n<td style=\"width: 24.818182%;text-align: right;height: 23px\"><span style=\"font-size: 10pt\"><strong><span style=\"color: #000080\">Jefe de Estudios Adjunto (Nocturno)<\/span><\/strong><\/span><\/td>\n<td style=\"width: 0.909091%;text-align: right;height: 23px\">&nbsp;<\/td>\n<td style=\"width: 51.545454%;height: 23px\"><span style=\"color: #000080\">Sol\u00eds ., Marcelo Alberto<\/span><\/td>\n<\/tr>\n<\/tbody>\n<\/table>\n<p>&nbsp;<\/p>\n","protected":false},"excerpt":{"rendered":"<p>Director &nbsp; Capel Tu\u00f1\u00f3n, Jes\u00fas Vicedirectora &nbsp; Castrillo Fernandez, Nieves Secretaria &nbsp; Sanju\u00e1n Uriel, Raquel &nbsp; &nbsp; &nbsp; Jefa de Estudios (Diurno) &nbsp; Alfonso Hurtado, Mar\u00eda Jos\u00e9 Jefe de Estudios Adjunto (Diurno) &nbsp; Agudo Delgado, Antonio Miguel Jefa de Estudios Adjunta (Diurno) &nbsp; Chica Cobo, Capilla de la &nbsp; &nbsp; &nbsp; Jefe de Estudios (Nocturno) [&hellip;]<\/p>\n","protected":false},"author":20722,"featured_media":0,"parent":0,"menu_order":0,"comment_status":"closed","ping_status":"closed","template":"","meta":{"_et_pb_use_builder":"","_et_pb_old_content":"","_et_gb_content_width":"","ngg_post_thumbnail":0,"footnotes":""},"aioseo_notices":[],"_links":{"self":[{"href":"https:\/\/blogsaverroes.juntadeandalucia.es\/iesrioverdemarbella\/wp-json\/wp\/v2\/pages\/2913"}],"collection":[{"href":"https:\/\/blogsaverroes.juntadeandalucia.es\/iesrioverdemarbella\/wp-json\/wp\/v2\/pages"}],"about":[{"href":"https:\/\/blogsaverroes.juntadeandalucia.es\/iesrioverdemarbella\/wp-json\/wp\/v2\/types\/page"}],"author":[{"embeddable":true,"href":"https:\/\/blogsaverroes.juntadeandalucia.es\/iesrioverdemarbella\/wp-json\/wp\/v2\/users\/20722"}],"replies":[{"embeddable":true,"href":"https:\/\/blogsaverroes.juntadeandalucia.es\/iesrioverdemarbella\/wp-json\/wp\/v2\/comments?post=2913"}],"version-history":[{"count":8,"href":"https:\/\/blogsaverroes.juntadeandalucia.es\/iesrioverdemarbella\/wp-json\/wp\/v2\/pages\/2913\/revisions"}],"predecessor-version":[{"id":3692,"href":"https:\/\/blogsaverroes.juntadeandalucia.es\/iesrioverdemarbella\/wp-json\/wp\/v2\/pages\/2913\/revisions\/3692"}],"wp:attachment":[{"href":"https:\/\/blogsaverroes.juntadeandalucia.es\/iesrioverdemarbella\/wp-json\/wp\/v2\/media?parent=2913"}],"curies":[{"name":"wp","href":"https:\/\/api.w.org\/{rel}","templated":true}]}}