{"id":853,"date":"2020-12-18T08:50:47","date_gmt":"2020-12-18T07:50:47","guid":{"rendered":"https:\/\/blogsaverroes.juntadeandalucia.es\/pre\/plantilla-pencil\/?page_id=853"},"modified":"2025-12-15T18:55:17","modified_gmt":"2025-12-15T17:55:17","slug":"nuestra-historia","status":"publish","type":"page","link":"https:\/\/blogsaverroes.juntadeandalucia.es\/iesrioverdemarbella\/nuestra-historia\/","title":{"rendered":"Nuestra Historia"},"content":{"rendered":"<p>[et_pb_section fb_built=&#8221;1&#8243; _builder_version=&#8221;4.16&#8243; global_colors_info=&#8221;{}&#8221;][et_pb_row _builder_version=&#8221;4.16&#8243; background_size=&#8221;initial&#8221; background_position=&#8221;top_left&#8221; background_repeat=&#8221;repeat&#8221; global_colors_info=&#8221;{}&#8221;][et_pb_column type=&#8221;4_4&#8243; _builder_version=&#8221;4.16&#8243; custom_padding=&#8221;|||&#8221; global_colors_info=&#8221;{}&#8221; custom_padding__hover=&#8221;|||&#8221;][et_pb_text admin_label=&#8221;Imagen nueva&#8221; _builder_version=&#8221;4.24.2&#8243; background_size=&#8221;initial&#8221; background_position=&#8221;top_left&#8221; background_repeat=&#8221;repeat&#8221; hover_enabled=&#8221;0&#8243; global_colors_info=&#8221;{}&#8221; sticky_enabled=&#8221;0&#8243;]<\/p>\n<p>&nbsp;<\/p>\n<table style=\"width: 100%;border-collapse: collapse;background-color: #000000;height: 983px\">\n<tbody>\n<tr>\n<td style=\"width: 48.626961%\"><img loading=\"lazy\" decoding=\"async\" class=\"aligncenter\" src=\"https:\/\/blogsaverroes.juntadeandalucia.es\/iesrioverdemarbella\/files\/2025\/12\/PHOTO-2025-12-05-18-30-20-1-e1764959480455.jpg\" alt=\"\" width=\"477\" height=\"847\"><\/td>\n<td style=\"width: 51.373039%\">\n<table style=\"border-collapse: collapse;width: 91.404911%;height: 852px\">\n<tbody>\n<tr style=\"height: 864px\">\n<td style=\"width: 100%;height: 864px\">\n<p>&nbsp;<\/p>\n<p><em style=\"color: #ffffff;font-size: 18pt;font-family: inherit\"><strong>Historia del Centro<\/strong><\/em><\/p>\n<hr>\n<p>&nbsp;<\/p>\n<p class=\"p4\"><span style=\"color: #ffffff\"><span class=\"s3\">El IES R\u00edo Verde nace de un desdoble del IES Sierra Blanca. Al crecer la poblaci\u00f3n de Marbella, en 1986 <\/span><span class=\"s2\">se crea una \u201csecci\u00f3n\u201d del IES Sierra Blanca que comienza a funcionar por la tarde, y que junto con la <\/span><span class=\"s1\">ma\u00f1ana y el nocturno hacen que la situaci\u00f3n sea casi insostenible. <\/span>Comienza la construcci\u00f3n del IES n\u00ba 2 de Marbella, en la finca \u201cEl Capricho\u201d, pero aqu\u00ed se traslad\u00f3 el <span class=\"s1\">Instituto de Formaci\u00f3n Profesional, y el que ocupaba \u00e9ste en la calle Finlandia, hoy calle Notario Luis <\/span>Oliver, fue la ubicaci\u00f3n que nos dieron, al encontrarse en una localizaci\u00f3n m\u00e1s c\u00e9ntrica. Las instalaciones <span class=\"s3\">estaban bastante abandonadas y obsoletas por lo que necesitaron de una total remodelaci\u00f3n del edificio, <\/span><span class=\"s1\">y ampliaci\u00f3n de las aulas. <\/span><\/span><\/p>\n<p class=\"p4\"><span style=\"color: #ffffff\"><span class=\"s3\">El traslado al Instituto se realiz\u00f3 en septiembre de 1988. Se construy\u00f3 una segunda planta, y en 1997 se <\/span><span class=\"s1\">construy\u00f3 un nuevo m\u00f3dulo que albergarse las aulas espec\u00edficas que contemplaba la LOGSE, es decir, <\/span>aula de M\u00fasica, de Inform\u00e1tica, de Tecnolog\u00eda y laboratorio de Idiomas. Asimismo en el curso 1999-2000 se acometi\u00f3 la que hasta ahora ha sido la \u00faltima reforma del edificio, consistente en la remodelaci\u00f3n del <span class=\"s3\">gimnasio, cafeter\u00eda, laboratorio de Biolog\u00eda-Geolog\u00eda y toda la zona de despachos de secretar\u00eda, jefatura <\/span><span class=\"s1\">de estudios, sala de profesores y servicios de profesores.<\/span><\/span><\/p>\n<p class=\"p2\"><span style=\"color: #ffffff\">El nombre de R\u00edo Verde se adopt\u00f3 entre otras denominaciones, en honor a este r\u00edo, el m\u00e1s caudaloso de la Costa del Sol Occidental, que nace en la Sierra de las Nieves, y tras 35 Km desemboca en el <span class=\"s1\">mar Mediterr\u00e1neo. Sus aguas se embalsan entre los t\u00e9rminos de Ist\u00e1n y Marbella, en el embalse de la <\/span><span class=\"s1\">Concepci\u00f3n. <\/span>Ha contado con cuatro directores: D. Jos\u00e9 Antonio Gallego Fraile, D. Ram\u00f3n de la Calzada, D. Pablo <span class=\"s1\">L\u00f3pez Torres, y, en la actualidad, D. Jes\u00fas Capel Tu\u00f1\u00f3n.<\/span><\/span><\/p>\n<p class=\"p2\">&nbsp;<\/p>\n<\/td>\n<\/tr>\n<\/tbody>\n<\/table>\n<p>&nbsp;<\/p>\n<\/td>\n<\/tr>\n<\/tbody>\n<\/table>\n<p>&nbsp;<\/p>\n<p>[\/et_pb_text][\/et_pb_column][\/et_pb_row][\/et_pb_section]<\/p>\n","protected":false},"excerpt":{"rendered":"<p>&nbsp; &nbsp; Historia del Centro &nbsp; El IES R\u00edo Verde nace de un desdoble del IES Sierra Blanca. Al crecer la poblaci\u00f3n de Marbella, en 1986 se crea una \u201csecci\u00f3n\u201d del IES Sierra Blanca que comienza a funcionar por la tarde, y que junto con la ma\u00f1ana y el nocturno hacen que la situaci\u00f3n sea [&hellip;]<\/p>\n","protected":false},"author":7051,"featured_media":0,"parent":0,"menu_order":0,"comment_status":"closed","ping_status":"closed","template":"","meta":{"_et_pb_use_builder":"on","_et_pb_old_content":"<p class=\"p1\"><em><strong>An\u00e1lisis del Centro y su Entorno<\/strong><\/em><\/p><p class=\"p2\">El IES R\u00edo Verde est\u00e1 ubicado en Marbella, al sur de la ciudad, en la calle Notario Luis Oliver n\u00ba 18, junto a las pistas del Francisco Norte y cerca del parque de la Constituci\u00f3n. Desde el Centro se divisa el mar. El Centro posee una zona verde con \u00e1rboles en la parte delantera que adem\u00e1s de mejorar su est\u00e9tica contribuye a desarrollar en el alumnado el respeto hacia la naturaleza. Marbella est\u00e1 ubicada en <span class=\"s1\">la Costa del Sol Occidental, a orillas del Mediterr\u00e1neo, entre M\u00e1laga y el estrecho de Gibraltar, y en la <\/span><span class=\"s1\">falda de la Sierra Blanca. Su t\u00e9rmino municipal ocupa una superficie de 117 km2, atravesados por la <\/span><span class=\"s1\">autov\u00eda y la autopista de peaje llamadas del Mediterr\u00e1neo, que constituyen los principales accesos al <\/span><span class=\"s1\">municipio.<\/span><\/p><p class=\"p2\"><span class=\"s2\">Con 147.633 habitantes en 2020, Marbella es el segundo municipio m\u00e1s poblado de la provincia y el <\/span>s\u00e9ptimo de Andaluc\u00eda. Adem\u00e1s, es una de las ciudades tur\u00edsticas m\u00e1s visitadas de la Costa del Sol. Durante la mayor parte del a\u00f1o recibe turismo internacional gracias principalmente a su clima y su infraestructura econ\u00f3mica. Aunque menos conocido, la ciudad tambi\u00e9n cuenta con un significativo patrimonio arqueol\u00f3gico, con varios museos y espacios esc\u00e9nicos, as\u00ed como una programaci\u00f3n que <span class=\"s1\">incluye teatro, ciclos de conferencias de m\u00fasica de todo estilo, danza, etc. <\/span>La econom\u00eda de Marbella se articula en torno a las actividades terciarias. El sector servicios concentra el <span class=\"s3\">6% del empleo, mientras que el comercio ocupa casi el 20%. Las principales ramas del sector servicios <\/span>son la hosteler\u00eda y las actividades inmobiliarias y de servicios a empresas, lo que constata la importancia <span class=\"s1\">del turismo en la econom\u00eda marbell\u00ed. Por su parte, los sectores de la construcci\u00f3n, industrial y agrario <\/span><span class=\"s1\">representan el 14,2%, el 3,8% y el 2,4% del empleo respectivamente.<\/span><\/p><p class=\"p1\"><em><strong>Historia del Centro<\/strong><\/em><\/p><p class=\"p4\"><span class=\"s3\">El IES R\u00edo Verde nace de un desdoble del IES Sierra Blanca. Al crecer la poblaci\u00f3n de Marbella, en 1986 <\/span><span class=\"s2\">se crea una \u201csecci\u00f3n\u201d del IES Sierra Blanca que comienza a funcionar por la tarde, y que junto con la <\/span><span class=\"s1\">ma\u00f1ana y el nocturno hacen que la situaci\u00f3n sea casi insostenible. <\/span>Comienza la construcci\u00f3n del IES n\u00ba 2 de Marbella, en la finca \u201cEl Capricho\u201d, pero aqu\u00ed se traslad\u00f3 el <span class=\"s1\">Instituto de Formaci\u00f3n Profesional, y el que ocupaba \u00e9ste en la calle Finlandia, hoy calle Notario Luis <\/span>Oliver, fue la ubicaci\u00f3n que nos dieron, al encontrarse en una localizaci\u00f3n m\u00e1s c\u00e9ntrica. Las instalaciones <span class=\"s3\">estaban bastante abandonadas y obsoletas por lo que necesitaron de una total remodelaci\u00f3n del edificio, <\/span><span class=\"s1\">y ampliaci\u00f3n de las aulas. <\/span><\/p><p class=\"p4\"><span class=\"s3\">El traslado al Instituto se realiz\u00f3 en septiembre de 1988. Se construy\u00f3 una segunda planta, y en 1997 se <\/span><span class=\"s1\">construy\u00f3 un nuevo m\u00f3dulo que albergarse las aulas espec\u00edficas que contemplaba la LOGSE, es decir, <\/span>aula de M\u00fasica, de Inform\u00e1tica, de Tecnolog\u00eda y laboratorio de Idiomas. Asimismo en el curso 1999-2000 se acometi\u00f3 la que hasta ahora ha sido la \u00faltima reforma del edificio, consistente en la remodelaci\u00f3n del <span class=\"s3\">gimnasio, cafeter\u00eda, laboratorio de Biolog\u00eda-Geolog\u00eda y toda la zona de despachos de secretar\u00eda, jefatura <\/span><span class=\"s1\">de estudios, sala de profesores y servicios de profesores.<\/span><\/p><p class=\"p2\">El nombre de R\u00edo Verde se adopt\u00f3 entre otras denominaciones, en honor a este r\u00edo, el m\u00e1s caudaloso de la Costa del Sol Occidental, que nace en la Sierra de las Nieves, y tras 35 Km desemboca en el <span class=\"s1\">mar Mediterr\u00e1neo. Sus aguas se embalsan entre los t\u00e9rminos de Ist\u00e1n y Marbella, en el embalse de la <\/span><span class=\"s1\">Concepci\u00f3n.<\/span><\/p><p class=\"p2\">Ha contado con cuatro directores: D. Jos\u00e9 Antonio Gallego Fraile, D. Ram\u00f3n de la Calzada, D. Pablo <span class=\"s1\">L\u00f3pez Torres, y, en la actualidad, D. Jes\u00fas Capel Tu\u00f1\u00f3n.<\/span><\/p>","_et_gb_content_width":"","ngg_post_thumbnail":0,"footnotes":""},"aioseo_notices":[],"_links":{"self":[{"href":"https:\/\/blogsaverroes.juntadeandalucia.es\/iesrioverdemarbella\/wp-json\/wp\/v2\/pages\/853"}],"collection":[{"href":"https:\/\/blogsaverroes.juntadeandalucia.es\/iesrioverdemarbella\/wp-json\/wp\/v2\/pages"}],"about":[{"href":"https:\/\/blogsaverroes.juntadeandalucia.es\/iesrioverdemarbella\/wp-json\/wp\/v2\/types\/page"}],"author":[{"embeddable":true,"href":"https:\/\/blogsaverroes.juntadeandalucia.es\/iesrioverdemarbella\/wp-json\/wp\/v2\/users\/7051"}],"replies":[{"embeddable":true,"href":"https:\/\/blogsaverroes.juntadeandalucia.es\/iesrioverdemarbella\/wp-json\/wp\/v2\/comments?post=853"}],"version-history":[{"count":36,"href":"https:\/\/blogsaverroes.juntadeandalucia.es\/iesrioverdemarbella\/wp-json\/wp\/v2\/pages\/853\/revisions"}],"predecessor-version":[{"id":3346,"href":"https:\/\/blogsaverroes.juntadeandalucia.es\/iesrioverdemarbella\/wp-json\/wp\/v2\/pages\/853\/revisions\/3346"}],"wp:attachment":[{"href":"https:\/\/blogsaverroes.juntadeandalucia.es\/iesrioverdemarbella\/wp-json\/wp\/v2\/media?parent=853"}],"curies":[{"name":"wp","href":"https:\/\/api.w.org\/{rel}","templated":true}]}}

<p>[et_pb_section fb_built=&#8221;1&#8243; _builder_version=&#8221;4.16&#8243; global_colors_info=&#8221;{}&#8221;][et_pb_row _builder_version=&#8221;4.16&#8243; background_size=&#8221;initial&#8221; background_position=&#8221;top_left&#8221; background_repeat=&#8221;repeat&#8221; global_colors_info=&#8221;{}&#8221;][et_pb_column type=&#8221;4_4&#8243; _builder_version=&#8221;4.16&#8243; custom_padding=&#8221;|||&#8221; global_colors_info=&#8221;{}&#8221; custom_padding__hover=&#8221;|||&#8221;][et_pb_text admin_label=&#8221;Imagen nueva&#8221; _builder_version=&#8221;4.24.2&#8243; background_size=&#8221;initial&#8221; background_position=&#8221;top_left&#8221; background_repeat=&#8221;repeat&#8221; hover_enabled=&#8221;0&#8243; global_colors_info=&#8221;{}&#8221; sticky_enabled=&#8221;0&#8243;]</p>
<p>&nbsp;</p>
<table style="width: 100%;border-collapse: collapse;background-color: #000000;height: 983px">
<tbody>
<tr>
<td style="width: 48.626961%"><img loading="lazy" decoding="async" class="aligncenter" src="https://blogsaverroes.juntadeandalucia.es/iesrioverdemarbella/files/2025/12/PHOTO-2025-12-05-18-30-20-1-e1764959480455.jpg" alt="" width="477" height="847"></td>
<td style="width: 51.373039%">
<table style="border-collapse: collapse;width: 91.404911%;height: 852px">
<tbody>
<tr style="height: 864px">
<td style="width: 100%;height: 864px">
<p>&nbsp;</p>
<p><em style="color: #ffffff;font-size: 18pt;font-family: inherit"><strong>Historia del Centro</strong></em></p>
<hr>
<p>&nbsp;</p>
<p class="p4"><span style="color: #ffffff"><span class="s3">El IES Río Verde nace de un desdoble del IES Sierra Blanca. Al crecer la población de Marbella, en 1986 </span><span class="s2">se crea una “sección” del IES Sierra Blanca que comienza a funcionar por la tarde, y que junto con la </span><span class="s1">mañana y el nocturno hacen que la situación sea casi insostenible. </span>Comienza la construcción del IES nº 2 de Marbella, en la finca “El Capricho”, pero aquí se trasladó el <span class="s1">Instituto de Formación Profesional, y el que ocupaba éste en la calle Finlandia, hoy calle Notario Luis </span>Oliver, fue la ubicación que nos dieron, al encontrarse en una localización más céntrica. Las instalaciones <span class="s3">estaban bastante abandonadas y obsoletas por lo que necesitaron de una total remodelación del edificio, </span><span class="s1">y ampliación de las aulas. </span></span></p>
<p class="p4"><span style="color: #ffffff"><span class="s3">El traslado al Instituto se realizó en septiembre de 1988. Se construyó una segunda planta, y en 1997 se </span><span class="s1">construyó un nuevo módulo que albergarse las aulas específicas que contemplaba la LOGSE, es decir, </span>aula de Música, de Informática, de Tecnología y laboratorio de Idiomas. Asimismo en el curso 1999-2000 se acometió la que hasta ahora ha sido la última reforma del edificio, consistente en la remodelación del <span class="s3">gimnasio, cafetería, laboratorio de Biología-Geología y toda la zona de despachos de secretaría, jefatura </span><span class="s1">de estudios, sala de profesores y servicios de profesores.</span></span></p>
<p class="p2"><span style="color: #ffffff">El nombre de Río Verde se adoptó entre otras denominaciones, en honor a este río, el más caudaloso de la Costa del Sol Occidental, que nace en la Sierra de las Nieves, y tras 35 Km desemboca en el <span class="s1">mar Mediterráneo. Sus aguas se embalsan entre los términos de Istán y Marbella, en el embalse de la </span><span class="s1">Concepción. </span>Ha contado con cuatro directores: D. José Antonio Gallego Fraile, D. Ramón de la Calzada, D. Pablo <span class="s1">López Torres, y, en la actualidad, D. Jesús Capel Tuñón.</span></span></p>
<p class="p2">&nbsp;</p>
</td>
</tr>
</tbody>
</table>
<p>&nbsp;</p>
</td>
</tr>
</tbody>
</table>
<p>&nbsp;</p>
<p>[/et_pb_text][/et_pb_column][/et_pb_row][/et_pb_section]</p>

<p>&nbsp; &nbsp; Historia del Centro &nbsp; El IES Río Verde nace de un desdoble del IES Sierra Blanca. Al crecer la población de Marbella, en 1986 se crea una “sección” del IES Sierra Blanca que comienza a funcionar por la tarde, y que junto con la mañana y el nocturno hacen que la situación sea [&hellip;]</p>

<p class="p1"><em><strong>Análisis del Centro y su Entorno</strong></em></p><p class="p2">El IES Río Verde está ubicado en Marbella, al sur de la ciudad, en la calle Notario Luis Oliver nº 18, junto a las pistas del Francisco Norte y cerca del parque de la Constitución. Desde el Centro se divisa el mar. El Centro posee una zona verde con árboles en la parte delantera que además de mejorar su estética contribuye a desarrollar en el alumnado el respeto hacia la naturaleza. Marbella está ubicada en <span class="s1">la Costa del Sol Occidental, a orillas del Mediterráneo, entre Málaga y el estrecho de Gibraltar, y en la </span><span class="s1">falda de la Sierra Blanca. Su término municipal ocupa una superficie de 117 km2, atravesados por la </span><span class="s1">autovía y la autopista de peaje llamadas del Mediterráneo, que constituyen los principales accesos al </span><span class="s1">municipio.</span></p><p class="p2"><span class="s2">Con 147.633 habitantes en 2020, Marbella es el segundo municipio más poblado de la provincia y el </span>séptimo de Andalucía. Además, es una de las ciudades turísticas más visitadas de la Costa del Sol. Durante la mayor parte del año recibe turismo internacional gracias principalmente a su clima y su infraestructura económica. Aunque menos conocido, la ciudad también cuenta con un significativo patrimonio arqueológico, con varios museos y espacios escénicos, así como una programación que <span class="s1">incluye teatro, ciclos de conferencias de música de todo estilo, danza, etc. </span>La economía de Marbella se articula en torno a las actividades terciarias. El sector servicios concentra el <span class="s3">6% del empleo, mientras que el comercio ocupa casi el 20%. Las principales ramas del sector servicios </span>son la hostelería y las actividades inmobiliarias y de servicios a empresas, lo que constata la importancia <span class="s1">del turismo en la economía marbellí. Por su parte, los sectores de la construcción, industrial y agrario </span><span class="s1">representan el 14,2%, el 3,8% y el 2,4% del empleo respectivamente.</span></p><p class="p1"><em><strong>Historia del Centro</strong></em></p><p class="p4"><span class="s3">El IES Río Verde nace de un desdoble del IES Sierra Blanca. Al crecer la población de Marbella, en 1986 </span><span class="s2">se crea una “sección” del IES Sierra Blanca que comienza a funcionar por la tarde, y que junto con la </span><span class="s1">mañana y el nocturno hacen que la situación sea casi insostenible. </span>Comienza la construcción del IES nº 2 de Marbella, en la finca “El Capricho”, pero aquí se trasladó el <span class="s1">Instituto de Formación Profesional, y el que ocupaba éste en la calle Finlandia, hoy calle Notario Luis </span>Oliver, fue la ubicación que nos dieron, al encontrarse en una localización más céntrica. Las instalaciones <span class="s3">estaban bastante abandonadas y obsoletas por lo que necesitaron de una total remodelación del edificio, </span><span class="s1">y ampliación de las aulas. </span></p><p class="p4"><span class="s3">El traslado al Instituto se realizó en septiembre de 1988. Se construyó una segunda planta, y en 1997 se </span><span class="s1">construyó un nuevo módulo que albergarse las aulas específicas que contemplaba la LOGSE, es decir, </span>aula de Música, de Informática, de Tecnología y laboratorio de Idiomas. Asimismo en el curso 1999-2000 se acometió la que hasta ahora ha sido la última reforma del edificio, consistente en la remodelación del <span class="s3">gimnasio, cafetería, laboratorio de Biología-Geología y toda la zona de despachos de secretaría, jefatura </span><span class="s1">de estudios, sala de profesores y servicios de profesores.</span></p><p class="p2">El nombre de Río Verde se adoptó entre otras denominaciones, en honor a este río, el más caudaloso de la Costa del Sol Occidental, que nace en la Sierra de las Nieves, y tras 35 Km desemboca en el <span class="s1">mar Mediterráneo. Sus aguas se embalsan entre los términos de Istán y Marbella, en el embalse de la </span><span class="s1">Concepción.</span></p><p class="p2">Ha contado con cuatro directores: D. José Antonio Gallego Fraile, D. Ramón de la Calzada, D. Pablo <span class="s1">López Torres, y, en la actualidad, D. Jesús Capel Tuñón.</span></p>
