{"id":178,"date":"2025-07-01T07:56:43","date_gmt":"2025-07-01T07:56:43","guid":{"rendered":"http:\/\/blogsaverroes.juntadeandalucia.es\/pre\/ceip\/?page_id=178"},"modified":"2025-07-08T16:50:24","modified_gmt":"2025-07-08T16:50:24","slug":"musica","status":"publish","type":"page","link":"https:\/\/blogsaverroes.juntadeandalucia.es\/iesroche\/musica\/","title":{"rendered":"ARTES"},"content":{"rendered":"<p data-start=\"295\" data-end=\"834\"><a href=\"https:\/\/blogsaverroes.juntadeandalucia.es\/iesroche\/files\/2025\/07\/Captura-de-pantalla-2025-07-08-a-las-18.48.45.png\"><img fetchpriority=\"high\" decoding=\"async\" class=\"alignnone wp-image-5163 aligncenter\" src=\"https:\/\/blogsaverroes.juntadeandalucia.es\/iesroche\/files\/2025\/07\/Captura-de-pantalla-2025-07-08-a-las-18.48.45-676x1024.png\" alt=\"\" width=\"250\" height=\"379\" srcset=\"https:\/\/blogsaverroes.juntadeandalucia.es\/iesroche\/files\/2025\/07\/Captura-de-pantalla-2025-07-08-a-las-18.48.45-676x1024.png 676w, https:\/\/blogsaverroes.juntadeandalucia.es\/iesroche\/files\/2025\/07\/Captura-de-pantalla-2025-07-08-a-las-18.48.45-198x300.png 198w, https:\/\/blogsaverroes.juntadeandalucia.es\/iesroche\/files\/2025\/07\/Captura-de-pantalla-2025-07-08-a-las-18.48.45-768x1163.png 768w, https:\/\/blogsaverroes.juntadeandalucia.es\/iesroche\/files\/2025\/07\/Captura-de-pantalla-2025-07-08-a-las-18.48.45-1014x1536.png 1014w, https:\/\/blogsaverroes.juntadeandalucia.es\/iesroche\/files\/2025\/07\/Captura-de-pantalla-2025-07-08-a-las-18.48.45.png 1030w\" sizes=\"(max-width: 250px) 100vw, 250px\" \/><\/a><\/p>\n<p style=\"text-align: justify\" data-start=\"295\" data-end=\"834\">El Departamento de Artes est\u00e1 conformado por las materias de <strong data-start=\"356\" data-end=\"366\">M\u00fasica<\/strong>, <strong data-start=\"368\" data-end=\"412\">Educaci\u00f3n Pl\u00e1stica, Visual y Audiovisual<\/strong>, y <strong data-start=\"416\" data-end=\"436\">Educaci\u00f3n F\u00edsica<\/strong>, \u00e1reas fundamentales en la formaci\u00f3n integral del alumnado de la Educaci\u00f3n Secundaria Obligatoria. Estas materias no solo permiten el desarrollo de la creatividad, la sensibilidad est\u00e9tica, la conciencia corporal y la expresi\u00f3n personal, sino que tambi\u00e9n promueven el respeto a la diversidad cultural, la alfabetizaci\u00f3n art\u00edstica y visual, y la adquisici\u00f3n de estilos de vida activos y saludables.<\/p>\n<p style=\"text-align: justify\" data-start=\"836\" data-end=\"1352\">Desde una perspectiva competencial y pr\u00e1ctica, el departamento favorece el pensamiento cr\u00edtico, el trabajo cooperativo, la valoraci\u00f3n del patrimonio art\u00edstico y cultural, as\u00ed como la conexi\u00f3n de los aprendizajes con contextos significativos y reales. La transversalidad con otras \u00e1reas del curr\u00edculo y la aplicaci\u00f3n de metodolog\u00edas activas permiten al alumnado construir aprendizajes significativos que inciden tanto en su desarrollo personal como en su compromiso con una sociedad m\u00e1s justa, inclusiva y sostenible.<\/p>\n<h4 style=\"text-align: justify\" data-start=\"1354\" data-end=\"1369\"><strong data-start=\"1359\" data-end=\"1369\">M\u00fasica<\/strong><\/h4>\n<p style=\"text-align: justify\" data-start=\"1370\" data-end=\"2078\">La m\u00fasica es abordada como un lenguaje art\u00edstico y cultural que contribuye al desarrollo cognitivo, emocional y psicomotor del alumnado. Mediante la escucha activa, la pr\u00e1ctica vocal e instrumental, la improvisaci\u00f3n y la creaci\u00f3n, se potencia la expresi\u00f3n individual y colectiva, as\u00ed como la comprensi\u00f3n del patrimonio musical y su contexto sociocultural. La materia se articula en torno a tres bloques de saberes: Escucha y percepci\u00f3n, Interpretaci\u00f3n, improvisaci\u00f3n y creaci\u00f3n esc\u00e9nica, y Contextos y culturas. La ense\u00f1anza de la m\u00fasica fomenta actitudes de respeto, empat\u00eda y valoraci\u00f3n de la diversidad, reforzando habilidades como la atenci\u00f3n, la memoria, la coordinaci\u00f3n y la creatividad.<\/p>\n<h4 style=\"text-align: justify\" data-start=\"2080\" data-end=\"2129\"><strong data-start=\"2085\" data-end=\"2129\">Educaci\u00f3n Pl\u00e1stica, Visual y Audiovisual<\/strong><\/h4>\n<p style=\"text-align: justify\" data-start=\"2130\" data-end=\"2943\">Esta materia integra las distintas dimensiones de la imagen \u2014pl\u00e1stica, fotogr\u00e1fica, cinematogr\u00e1fica y medi\u00e1tica\u2014 y promueve la adquisici\u00f3n de un pensamiento visual y art\u00edstico mediante la experimentaci\u00f3n y la reflexi\u00f3n. Se fomenta el juicio cr\u00edtico ante las im\u00e1genes, el uso consciente de los medios y herramientas, y el desarrollo de la expresi\u00f3n personal a trav\u00e9s de producciones art\u00edsticas significativas. Los bloques de saberes: Patrimonio art\u00edstico y cultural, Elementos del lenguaje visual, T\u00e9cnicas gr\u00e1fico-pl\u00e1sticas e Imagen y comunicaci\u00f3n audiovisual, permiten abordar la creaci\u00f3n desde una perspectiva interdisciplinar, adaptada a los intereses del alumnado y vinculada a contextos cercanos. Se apuesta por una ense\u00f1anza activa, colaborativa y orientada al desarrollo del pensamiento divergente.<\/p>\n<h4 style=\"text-align: justify\" data-start=\"2945\" data-end=\"2970\"><strong data-start=\"2950\" data-end=\"2970\">Educaci\u00f3n F\u00edsica<\/strong><\/h4>\n<p style=\"text-align: justify\" data-start=\"2971\" data-end=\"3931\">La Educaci\u00f3n F\u00edsica impulsa la competencia motriz como base para el desarrollo integral del alumnado, promoviendo la adopci\u00f3n de estilos de vida activos, saludables y sostenibles. A trav\u00e9s de experiencias motrices en contextos variados (l\u00fadicos, expresivos, cooperativos, naturales, etc.), se trabajan la toma de decisiones, la autorregulaci\u00f3n emocional, las habilidades sociales y la interacci\u00f3n respetuosa con el entorno. Se valoran las manifestaciones de la cultura motriz como patrimonio, analizando tambi\u00e9n el papel del deporte en la sociedad actual. Los saberes se estructuran en seis bloques: Vida activa y saludable, Organizaci\u00f3n de la actividad f\u00edsica, Resoluci\u00f3n de problemas motrices, Autorregulaci\u00f3n emocional e interacci\u00f3n social, Manifestaciones culturales de la motricidad, e Interacci\u00f3n con el entorno. La materia fomenta el trabajo en equipo, el respeto, la autonom\u00eda y la transferencia de lo aprendido a contextos sociales reales.<\/p>\n","protected":false},"excerpt":{"rendered":"<p>El Departamento de Artes est\u00e1 conformado por las materias de M\u00fasica, Educaci\u00f3n Pl\u00e1stica, Visual y Audiovisual, y Educaci\u00f3n F\u00edsica, \u00e1reas fundamentales en la formaci\u00f3n integral del alumnado de la Educaci\u00f3n Secundaria Obligatoria. Estas&#46;&#46;&#46;<\/p>\n","protected":false},"author":1,"featured_media":0,"parent":0,"menu_order":0,"comment_status":"open","ping_status":"open","template":"","meta":{"_exactmetrics_skip_tracking":false,"_exactmetrics_sitenote_active":false,"_exactmetrics_sitenote_note":"","_exactmetrics_sitenote_category":0,"ngg_post_thumbnail":0,"footnotes":"","_mc_calendar":[]},"aioseo_notices":[],"_links":{"self":[{"href":"https:\/\/blogsaverroes.juntadeandalucia.es\/iesroche\/wp-json\/wp\/v2\/pages\/178"}],"collection":[{"href":"https:\/\/blogsaverroes.juntadeandalucia.es\/iesroche\/wp-json\/wp\/v2\/pages"}],"about":[{"href":"https:\/\/blogsaverroes.juntadeandalucia.es\/iesroche\/wp-json\/wp\/v2\/types\/page"}],"author":[{"embeddable":true,"href":"https:\/\/blogsaverroes.juntadeandalucia.es\/iesroche\/wp-json\/wp\/v2\/users\/1"}],"replies":[{"embeddable":true,"href":"https:\/\/blogsaverroes.juntadeandalucia.es\/iesroche\/wp-json\/wp\/v2\/comments?post=178"}],"version-history":[{"count":7,"href":"https:\/\/blogsaverroes.juntadeandalucia.es\/iesroche\/wp-json\/wp\/v2\/pages\/178\/revisions"}],"predecessor-version":[{"id":5164,"href":"https:\/\/blogsaverroes.juntadeandalucia.es\/iesroche\/wp-json\/wp\/v2\/pages\/178\/revisions\/5164"}],"wp:attachment":[{"href":"https:\/\/blogsaverroes.juntadeandalucia.es\/iesroche\/wp-json\/wp\/v2\/media?parent=178"}],"curies":[{"name":"wp","href":"https:\/\/api.w.org\/{rel}","templated":true}]}}