{"id":4356,"date":"2024-09-07T13:26:56","date_gmt":"2024-09-07T13:26:56","guid":{"rendered":"https:\/\/blogsaverroes.juntadeandalucia.es\/iesroche\/?page_id=4356"},"modified":"2024-09-08T16:03:26","modified_gmt":"2024-09-08T16:03:26","slug":"presentacion","status":"publish","type":"page","link":"https:\/\/blogsaverroes.juntadeandalucia.es\/iesroche\/presentacion\/","title":{"rendered":"PRESENTACI\u00d3N"},"content":{"rendered":"<p>Desde la comunidad educativa del IES Roche, queremos darles la m\u00e1s cordial bienvenida a nuestra p\u00e1gina web, un espacio dise\u00f1ado para acercarles a la vida y el coraz\u00f3n de nuestro centro.<\/p>\n<p>Este espacio virtual refleja el esfuerzo colectivo de quienes, d\u00eda a d\u00eda, trabajamos juntos para ofrecer a nuestro alumnado la mejor formaci\u00f3n posible, tanto acad\u00e9mica como humana.<\/p>\n<p>En nuestro centro, todos somos parte de un equipo comprometido con la educaci\u00f3n y el crecimiento personal de los j\u00f3venes. La misi\u00f3n de nuestra comunidad educativa es preparar al alumnado no solo para afrontar los desaf\u00edos acad\u00e9micos, sino tambi\u00e9n para ser ciudadanos responsables y comprometidos con su entorno. Creemos en una educaci\u00f3n que fomente el pensamiento cr\u00edtico, el respeto por la diversidad, el trabajo en equipo y la capacidad para adaptarse a un mundo en constante cambio.<\/p>\n<p>Cada uno de los miembros de nuestra comunidad tiene un papel esencial en el \u00e9xito de nuestro proyecto educativo:<\/p>\n<ul>\n<li>El alumnado, como protagonistas de su propio aprendizaje, aportan su curiosidad, energ\u00eda y talento.<\/li>\n<li>El profesorado, con su vocaci\u00f3n y dedicaci\u00f3n, gu\u00eda y apoya a los estudiantes en su camino hacia el conocimiento.<\/li>\n<li>Las familias, fundamentales en el acompa\u00f1amiento de sus hijos e hijas, colaboran con el centro en la construcci\u00f3n de un ambiente de confianza y apoyo.<\/li>\n<li>El equipo directivo y el personal de apoyo, que garantizan el buen funcionamiento del instituto y la implementaci\u00f3n de iniciativas que favorecen el desarrollo integral de los estudiantes.<\/li>\n<\/ul>\n<p>Nos enorgullece ser un centro que apuesta por la innovaci\u00f3n en la ense\u00f1anza, integrando nuevas tecnolog\u00edas y metodolog\u00edas activas que sit\u00faan al estudiante en el centro del proceso de aprendizaje. A la vez, fomentamos un entorno participativo en el que las familias y los estudiantes tienen un papel activo en la toma de decisiones y en la vida diaria del centro.<\/p>\n<p>Nuestro instituto es m\u00e1s que un espacio de formaci\u00f3n acad\u00e9mica. Es un lugar donde aprender a convivir, a respetar las diferencias y a construir juntos una sociedad m\u00e1s justa y solidaria. Creemos firmemente en la importancia de los valores y las relaciones humanas en la educaci\u00f3n, y estamos comprometidos en ofrecer un entorno que promueva el desarrollo integral de cada persona.<\/p>\n<p>Sabemos que el \u00e9xito de nuestros estudiantes es fruto del trabajo en equipo. Juntos, como comunidad educativa, continuamos avanzando en nuestra misi\u00f3n de formar a los l\u00edderes y ciudadanos del ma\u00f1ana. Estamos convencidos de que, con el apoyo mutuo y el esfuerzo de todos, cada estudiante puede alcanzar sus metas y superar sus propios desaf\u00edos.<\/p>\n<p>Les invitamos a recorrer nuestra web para conocer m\u00e1s sobre nuestras actividades, proyectos, y oportunidades de participaci\u00f3n. Juntos, seguiremos construyendo un futuro mejor para nuestros estudiantes, brind\u00e1ndoles las herramientas necesarias para desarrollarse con \u00e9xito en el \u00e1mbito acad\u00e9mico y en la vida.<\/p>\n<p>Agradecemos su confianza en nuestro instituto y en el trabajo conjunto de esta comunidad educativa que trabaja, d\u00eda a d\u00eda, para lograr lo mejor para nuestros estudiantes.<\/p>\n<p style=\"text-align: right\">Atentamente,<br \/>\nLa Comunidad Educativa del IES Roche<strong><br \/>\n<\/strong><\/p>\n","protected":false},"excerpt":{"rendered":"<p>Desde la comunidad educativa del IES Roche, queremos darles la m\u00e1s cordial bienvenida a nuestra p\u00e1gina web, un espacio dise\u00f1ado para acercarles a la vida y el coraz\u00f3n de nuestro centro. Este espacio&#46;&#46;&#46;<\/p>\n","protected":false},"author":10749,"featured_media":0,"parent":0,"menu_order":0,"comment_status":"closed","ping_status":"closed","template":"","meta":{"_exactmetrics_skip_tracking":false,"_exactmetrics_sitenote_active":false,"_exactmetrics_sitenote_note":"","_exactmetrics_sitenote_category":0,"ngg_post_thumbnail":0,"footnotes":"","_mc_calendar":[]},"aioseo_notices":[],"_links":{"self":[{"href":"https:\/\/blogsaverroes.juntadeandalucia.es\/iesroche\/wp-json\/wp\/v2\/pages\/4356"}],"collection":[{"href":"https:\/\/blogsaverroes.juntadeandalucia.es\/iesroche\/wp-json\/wp\/v2\/pages"}],"about":[{"href":"https:\/\/blogsaverroes.juntadeandalucia.es\/iesroche\/wp-json\/wp\/v2\/types\/page"}],"author":[{"embeddable":true,"href":"https:\/\/blogsaverroes.juntadeandalucia.es\/iesroche\/wp-json\/wp\/v2\/users\/10749"}],"replies":[{"embeddable":true,"href":"https:\/\/blogsaverroes.juntadeandalucia.es\/iesroche\/wp-json\/wp\/v2\/comments?post=4356"}],"version-history":[{"count":7,"href":"https:\/\/blogsaverroes.juntadeandalucia.es\/iesroche\/wp-json\/wp\/v2\/pages\/4356\/revisions"}],"predecessor-version":[{"id":4517,"href":"https:\/\/blogsaverroes.juntadeandalucia.es\/iesroche\/wp-json\/wp\/v2\/pages\/4356\/revisions\/4517"}],"wp:attachment":[{"href":"https:\/\/blogsaverroes.juntadeandalucia.es\/iesroche\/wp-json\/wp\/v2\/media?parent=4356"}],"curies":[{"name":"wp","href":"https:\/\/api.w.org\/{rel}","templated":true}]}}