{"id":5008,"date":"2025-07-03T17:17:15","date_gmt":"2025-07-03T17:17:15","guid":{"rendered":"https:\/\/blogsaverroes.juntadeandalucia.es\/iesroche\/?page_id=5008"},"modified":"2025-07-07T16:44:49","modified_gmt":"2025-07-07T16:44:49","slug":"ciencias-de-la-naturaleza","status":"publish","type":"page","link":"https:\/\/blogsaverroes.juntadeandalucia.es\/iesroche\/ciencias-de-la-naturaleza\/","title":{"rendered":"CIENCIAS DE LA NATURALEZA"},"content":{"rendered":"<p style=\"text-align: center\" data-start=\"1367\" data-end=\"1747\"><a href=\"https:\/\/blogsaverroes.juntadeandalucia.es\/iesroche\/files\/2025\/07\/Captura-de-pantalla-2025-07-03-a-las-20.10.52.png\"><img fetchpriority=\"high\" decoding=\"async\" class=\"alignnone wp-image-5099 size-medium\" src=\"https:\/\/blogsaverroes.juntadeandalucia.es\/iesroche\/files\/2025\/07\/Captura-de-pantalla-2025-07-03-a-las-20.10.52-199x300.png\" alt=\"\" width=\"199\" height=\"300\" srcset=\"https:\/\/blogsaverroes.juntadeandalucia.es\/iesroche\/files\/2025\/07\/Captura-de-pantalla-2025-07-03-a-las-20.10.52-199x300.png 199w, https:\/\/blogsaverroes.juntadeandalucia.es\/iesroche\/files\/2025\/07\/Captura-de-pantalla-2025-07-03-a-las-20.10.52-680x1024.png 680w, https:\/\/blogsaverroes.juntadeandalucia.es\/iesroche\/files\/2025\/07\/Captura-de-pantalla-2025-07-03-a-las-20.10.52-768x1157.png 768w, https:\/\/blogsaverroes.juntadeandalucia.es\/iesroche\/files\/2025\/07\/Captura-de-pantalla-2025-07-03-a-las-20.10.52.png 790w\" sizes=\"(max-width: 199px) 100vw, 199px\" \/><\/a><\/p>\n<p style=\"text-align: justify\" data-start=\"1367\" data-end=\"1747\">El Departamento de Ciencias est\u00e1 comprometido con el desarrollo del pensamiento cr\u00edtico, la curiosidad cient\u00edfica y la comprensi\u00f3n del entorno natural y tecnol\u00f3gico. Nuestro objetivo es que el alumnado no solo adquiera conocimientos, sino que tambi\u00e9n aprenda a formular preguntas, buscar evidencias, analizar resultados y construir explicaciones racionales del mundo que lo rodea.<\/p>\n<p>La ense\u00f1anza de la Biolog\u00eda, Geolog\u00eda, F\u00edsica y Qu\u00edmica se apoya en metodolog\u00edas activas, trabajo experimental en laboratorio, actividades pr\u00e1cticas y el uso de herramientas digitales. Promovemos un enfoque interdisciplinar y una visi\u00f3n actual de la ciencia, conectada con los grandes retos contempor\u00e1neos: sostenibilidad, salud, energ\u00eda, biodiversidad o inteligencia artificial, entre otros.<\/p>\n<p>Adem\u00e1s, impulsamos la participaci\u00f3n en proyectos de investigaci\u00f3n, ferias cient\u00edficas, concursos, visitas a centros especializados y actividades divulgativas, fomentando vocaciones cient\u00edficas y el esp\u00edritu de investigaci\u00f3n<\/p>\n<p style=\"text-align: justify\" data-start=\"1367\" data-end=\"1747\">Las materias de este departamento deben contribuir durante la Educaci\u00f3n Secundaria Obligatoria (ESO) a que el alumnado adquiera unos conocimientos y destrezas b\u00e1sicas que le permitan adquirir una cultura cient\u00edfica; los alumnos y alumnas debe identificarse como agentes activos, y reconocer que de sus actuaciones y conocimientos depender\u00e1 el desarrollo de su entorno.<\/p>\n<p style=\"text-align: justify\" data-start=\"1367\" data-end=\"1747\">Durante esta etapa se persigue asentar los conocimientos ya adquiridos, para ir construyendo curso a curso conocimientos y destrezas que permitan a alumnos y alumnas ser ciudadanos respetuosos consigo mismos, con los dem\u00e1s y con el medio, con el material que utilizan o que est\u00e1 a su disposici\u00f3n, responsables, capaces de tener criterios propios y de no perder el inter\u00e9s que tienen desde el comienzo de su temprana actividad escolar por no dejar de aprender.<\/p>\n","protected":false},"excerpt":{"rendered":"<p>El Departamento de Ciencias est\u00e1 comprometido con el desarrollo del pensamiento cr\u00edtico, la curiosidad cient\u00edfica y la comprensi\u00f3n del entorno natural y tecnol\u00f3gico. Nuestro objetivo es que el alumnado no solo adquiera conocimientos,&#46;&#46;&#46;<\/p>\n","protected":false},"author":10749,"featured_media":0,"parent":0,"menu_order":0,"comment_status":"closed","ping_status":"closed","template":"elementor_theme","meta":{"_exactmetrics_skip_tracking":false,"_exactmetrics_sitenote_active":false,"_exactmetrics_sitenote_note":"","_exactmetrics_sitenote_category":0,"ngg_post_thumbnail":0,"footnotes":"","_mc_calendar":[]},"aioseo_notices":[],"_links":{"self":[{"href":"https:\/\/blogsaverroes.juntadeandalucia.es\/iesroche\/wp-json\/wp\/v2\/pages\/5008"}],"collection":[{"href":"https:\/\/blogsaverroes.juntadeandalucia.es\/iesroche\/wp-json\/wp\/v2\/pages"}],"about":[{"href":"https:\/\/blogsaverroes.juntadeandalucia.es\/iesroche\/wp-json\/wp\/v2\/types\/page"}],"author":[{"embeddable":true,"href":"https:\/\/blogsaverroes.juntadeandalucia.es\/iesroche\/wp-json\/wp\/v2\/users\/10749"}],"replies":[{"embeddable":true,"href":"https:\/\/blogsaverroes.juntadeandalucia.es\/iesroche\/wp-json\/wp\/v2\/comments?post=5008"}],"version-history":[{"count":9,"href":"https:\/\/blogsaverroes.juntadeandalucia.es\/iesroche\/wp-json\/wp\/v2\/pages\/5008\/revisions"}],"predecessor-version":[{"id":5011,"href":"https:\/\/blogsaverroes.juntadeandalucia.es\/iesroche\/wp-json\/wp\/v2\/pages\/5008\/revisions\/5011"}],"wp:attachment":[{"href":"https:\/\/blogsaverroes.juntadeandalucia.es\/iesroche\/wp-json\/wp\/v2\/media?parent=5008"}],"curies":[{"name":"wp","href":"https:\/\/api.w.org\/{rel}","templated":true}]}}