{"id":1050,"date":"2023-01-21T18:11:23","date_gmt":"2023-01-21T17:11:23","guid":{"rendered":"https:\/\/blogsaverroes.juntadeandalucia.es\/iesrodrigocaro\/?page_id=1050"},"modified":"2023-01-21T18:12:45","modified_gmt":"2023-01-21T17:12:45","slug":"ipasen-recuperar-acceso","status":"publish","type":"page","link":"https:\/\/blogsaverroes.juntadeandalucia.es\/iesrodrigocaro\/ipasen-recuperar-acceso\/","title":{"rendered":"IPasen Recuperar Acceso"},"content":{"rendered":"<h1>Recuperar Acceso a IPasen<\/h1>\n<p>En este v\u00eddeo se explica como recuperar la contrase\u00f1a o el usuario y la contrase\u00f1a (estuviera o no registrado con anterioridad)<\/p>\n<p>Si despu\u00e9s de seguir estos pasos no consigue acceder a Pasen, p\u00f3ngase en contacto con el centro.<\/p>\n<p>&nbsp;<\/p>\n<div align=\"center\"><iframe src=\"https:\/\/www.youtube.com\/embed\/OR7r9OcG8sE\" width=\"560\" height=\"315\" frameborder=\"0\"><\/iframe><\/p>\n","protected":false},"excerpt":{"rendered":"<p>Recuperar Acceso a IPasen En este v\u00eddeo se explica como recuperar la contrase\u00f1a o el usuario y la contrase\u00f1a (estuviera o no registrado con anterioridad) Si despu\u00e9s de seguir estos pasos no consigue acceder&#46;&#46;&#46;<\/p>\n","protected":false},"author":13259,"featured_media":0,"parent":0,"menu_order":0,"comment_status":"closed","ping_status":"closed","template":"","meta":{"ngg_post_thumbnail":0,"footnotes":""},"aioseo_notices":[],"_links":{"self":[{"href":"https:\/\/blogsaverroes.juntadeandalucia.es\/iesrodrigocaro\/wp-json\/wp\/v2\/pages\/1050"}],"collection":[{"href":"https:\/\/blogsaverroes.juntadeandalucia.es\/iesrodrigocaro\/wp-json\/wp\/v2\/pages"}],"about":[{"href":"https:\/\/blogsaverroes.juntadeandalucia.es\/iesrodrigocaro\/wp-json\/wp\/v2\/types\/page"}],"author":[{"embeddable":true,"href":"https:\/\/blogsaverroes.juntadeandalucia.es\/iesrodrigocaro\/wp-json\/wp\/v2\/users\/13259"}],"replies":[{"embeddable":true,"href":"https:\/\/blogsaverroes.juntadeandalucia.es\/iesrodrigocaro\/wp-json\/wp\/v2\/comments?post=1050"}],"version-history":[{"count":2,"href":"https:\/\/blogsaverroes.juntadeandalucia.es\/iesrodrigocaro\/wp-json\/wp\/v2\/pages\/1050\/revisions"}],"predecessor-version":[{"id":1052,"href":"https:\/\/blogsaverroes.juntadeandalucia.es\/iesrodrigocaro\/wp-json\/wp\/v2\/pages\/1050\/revisions\/1052"}],"wp:attachment":[{"href":"https:\/\/blogsaverroes.juntadeandalucia.es\/iesrodrigocaro\/wp-json\/wp\/v2\/media?parent=1050"}],"curies":[{"name":"wp","href":"https:\/\/api.w.org\/{rel}","templated":true}]}}

<h1>Recuperar Acceso a IPasen</h1>
<p>En este vídeo se explica como recuperar la contraseña o el usuario y la contraseña (estuviera o no registrado con anterioridad)</p>
<p>Si después de seguir estos pasos no consigue acceder a Pasen, póngase en contacto con el centro.</p>
<p>&nbsp;</p>
<div align="center"><iframe src="https://www.youtube.com/embed/OR7r9OcG8sE" width="560" height="315" frameborder="0"></iframe></p>

<p>Recuperar Acceso a IPasen En este vídeo se explica como recuperar la contraseña o el usuario y la contraseña (estuviera o no registrado con anterioridad) Si después de seguir estos pasos no consigue acceder&#46;&#46;&#46;</p>
