{"id":1262,"date":"2023-02-12T17:29:08","date_gmt":"2023-02-12T16:29:08","guid":{"rendered":"https:\/\/blogsaverroes.juntadeandalucia.es\/iesrodrigocaro\/?page_id=1262"},"modified":"2023-02-12T17:29:30","modified_gmt":"2023-02-12T16:29:30","slug":"historia-2","status":"publish","type":"page","link":"https:\/\/blogsaverroes.juntadeandalucia.es\/iesrodrigocaro\/historia-2\/","title":{"rendered":"Historia Revista"},"content":{"rendered":"<blockquote><p><strong>UN PROYECTO DESDE UN CLAUSTRO DE PROFESORES PARA TODA LA COMUNIDAD.<\/strong><\/p>\n<p align=\"JUSTIFY\">Estamos convencidos de que no existen t\u00e9cnicas, ni programaciones, ni estrategias h\u00e1bilmente concebidas y meticulosamente desarrolladas que puedan superar la capacidad de transmisi\u00f3n que confiere a un docente su notorio amor al conocimiento. Hagamos memoria de los que fueron nuestros profesores y convendremos en que los mejores fueron siempre los verdaderos enamorados de su materia.<\/p>\n<p align=\"JUSTIFY\">Son pocos quienes de entre nosotros han apostado abiertamente por la divulgaci\u00f3n de su obra. Quien m\u00e1s quien menos va acumulando sus peque\u00f1os trabajos de investigaci\u00f3n, sus escritos sueltos, sus notas, sus esbozos, sin la intenci\u00f3n o sin la determinaci\u00f3n de mostrar a nadie el fruto de su creatividad y de su constancia. Palabras de especialistas para, en la mayor\u00eda de los casos, nunca ser le\u00eddas: gestos solitarios ante el espejo, enternecedoramente humildes, pero carentes de algo que esas mismas palabras reclaman por su propia naturaleza: un acto de comunicaci\u00f3n. Un hecho social.<\/p>\n<p align=\"JUSTIFY\">La publicaci\u00f3n \u201cRodrigo Caro\u201d inici\u00f3 su periplo por las rutas fractales del conocimiento sin m\u00e1s pretensi\u00f3n que la de publicar, sin ostentaciones pero con calidad, la mayor parte posible de los tesoros ocultos de nuestro profesorado. Queremos desempolvar los legajos amarillentos que nuestros claustrales almacenan sin duda en alg\u00fan caj\u00f3n de cierto viejo mueble de su guardilla o en cualquier carpeta el\u00e9ctricamente amarilla del escritorio de su port\u00e1til. Queremos que todos los colegas, y tambi\u00e9n sus alumnos, y todos los miembros de la comunidad que lo deseen, accedan a los tesoros que avaramente han ido amontonando.<\/p>\n<p align=\"JUSTIFY\">Desde el a\u00f1o 2008 hemos sacado cada a\u00f1o una tirada reducida en formato de libro (entre ciento cincuenta y doscientos ejemplares). A partir de ahora pretendemos, sin renunciar al papel, ampliar en la red el alcance de nuestro trabajo.<\/p>\n<p align=\"JUSTIFY\">Queremos creer que lo que esta publicaci\u00f3n pretende viene a rescatar un enfoque nunca olvidado de lo que ha de ser un Instituto, por encima de perspectivas simplistas que lo consideran una mera guarder\u00eda de adolescentes o una f\u00e1brica de t\u00edtulos: un lugar donde la inteligencia muestra su vitalidad, donde el pensamiento y la inquietud por conocer no necesitan ser justificados porque constituyen valores en s\u00ed mismos. No es tarea f\u00e1cil recuperar esta imagen ante todo un pueblo avocado al escepticismo ante lo intelectual, ni se ha de conseguir con sacar alg\u00fan que otro libro de vez en cuando. Nos conformamos, por ahora, con sugerir un \u00e1ngulo m\u00e1s, una postura m\u00e1s de ser Claustro, una mirada a compartir.<\/p>\n<\/blockquote>\n","protected":false},"excerpt":{"rendered":"<p>UN PROYECTO DESDE UN CLAUSTRO DE PROFESORES PARA TODA LA COMUNIDAD. Estamos convencidos de que no existen t\u00e9cnicas, ni programaciones, ni estrategias h\u00e1bilmente concebidas y meticulosamente desarrolladas que puedan superar la capacidad de transmisi\u00f3n&#46;&#46;&#46;<\/p>\n","protected":false},"author":15475,"featured_media":0,"parent":0,"menu_order":0,"comment_status":"closed","ping_status":"closed","template":"","meta":{"ngg_post_thumbnail":0,"footnotes":""},"aioseo_notices":[],"_links":{"self":[{"href":"https:\/\/blogsaverroes.juntadeandalucia.es\/iesrodrigocaro\/wp-json\/wp\/v2\/pages\/1262"}],"collection":[{"href":"https:\/\/blogsaverroes.juntadeandalucia.es\/iesrodrigocaro\/wp-json\/wp\/v2\/pages"}],"about":[{"href":"https:\/\/blogsaverroes.juntadeandalucia.es\/iesrodrigocaro\/wp-json\/wp\/v2\/types\/page"}],"author":[{"embeddable":true,"href":"https:\/\/blogsaverroes.juntadeandalucia.es\/iesrodrigocaro\/wp-json\/wp\/v2\/users\/15475"}],"replies":[{"embeddable":true,"href":"https:\/\/blogsaverroes.juntadeandalucia.es\/iesrodrigocaro\/wp-json\/wp\/v2\/comments?post=1262"}],"version-history":[{"count":2,"href":"https:\/\/blogsaverroes.juntadeandalucia.es\/iesrodrigocaro\/wp-json\/wp\/v2\/pages\/1262\/revisions"}],"predecessor-version":[{"id":1264,"href":"https:\/\/blogsaverroes.juntadeandalucia.es\/iesrodrigocaro\/wp-json\/wp\/v2\/pages\/1262\/revisions\/1264"}],"wp:attachment":[{"href":"https:\/\/blogsaverroes.juntadeandalucia.es\/iesrodrigocaro\/wp-json\/wp\/v2\/media?parent=1262"}],"curies":[{"name":"wp","href":"https:\/\/api.w.org\/{rel}","templated":true}]}}