{"id":1970,"date":"2023-11-23T11:14:23","date_gmt":"2023-11-23T10:14:23","guid":{"rendered":"https:\/\/blogsaverroes.juntadeandalucia.es\/iesrodrigocaro\/?page_id=1970"},"modified":"2025-10-28T10:45:54","modified_gmt":"2025-10-28T09:45:54","slug":"movilidades-del-profesorado","status":"publish","type":"page","link":"https:\/\/blogsaverroes.juntadeandalucia.es\/iesrodrigocaro\/movilidades-del-profesorado\/","title":{"rendered":"Movilidades del profesorado FP"},"content":{"rendered":"<h4>El profesor Juan Jos\u00e9 Rodr\u00edguez y M\u00aa Jos\u00e9 Daza realizaron el curso del Sistema Educativo Finland\u00e9s &#8211; Formaci\u00f3n Profesional en Helsinki (Finlandia) durante los d\u00edas 13 al 17 de noviembre de 2023.<\/h4>\n<table style=\"border-collapse: collapse;width: 100%\">\n<tbody>\n<tr>\n<td style=\"width: 33.3333%\"><a href=\"https:\/\/blogsaverroes.juntadeandalucia.es\/iesrodrigocaro\/files\/2023\/11\/WhatsApp-Image-2023-11-14-at-14.05.49.jpeg\"><img fetchpriority=\"high\" decoding=\"async\" class=\"aligncenter size-large wp-image-1971\" src=\"https:\/\/blogsaverroes.juntadeandalucia.es\/iesrodrigocaro\/files\/2023\/11\/WhatsApp-Image-2023-11-14-at-14.05.49-1024x576.jpeg\" alt=\"\" width=\"1024\" height=\"576\" srcset=\"https:\/\/blogsaverroes.juntadeandalucia.es\/iesrodrigocaro\/files\/2023\/11\/WhatsApp-Image-2023-11-14-at-14.05.49-1024x576.jpeg 1024w, https:\/\/blogsaverroes.juntadeandalucia.es\/iesrodrigocaro\/files\/2023\/11\/WhatsApp-Image-2023-11-14-at-14.05.49-300x169.jpeg 300w, https:\/\/blogsaverroes.juntadeandalucia.es\/iesrodrigocaro\/files\/2023\/11\/WhatsApp-Image-2023-11-14-at-14.05.49-768x432.jpeg 768w, https:\/\/blogsaverroes.juntadeandalucia.es\/iesrodrigocaro\/files\/2023\/11\/WhatsApp-Image-2023-11-14-at-14.05.49-1536x864.jpeg 1536w, https:\/\/blogsaverroes.juntadeandalucia.es\/iesrodrigocaro\/files\/2023\/11\/WhatsApp-Image-2023-11-14-at-14.05.49.jpeg 1920w\" sizes=\"(max-width: 1024px) 100vw, 1024px\" \/><\/a><\/td>\n<td style=\"width: 33.3333%\"><a href=\"https:\/\/blogsaverroes.juntadeandalucia.es\/iesrodrigocaro\/files\/2023\/11\/WhatsApp-Image-2023-11-16-at-11.05.28.jpeg\"><img decoding=\"async\" class=\"aligncenter wp-image-1974\" src=\"https:\/\/blogsaverroes.juntadeandalucia.es\/iesrodrigocaro\/files\/2023\/11\/WhatsApp-Image-2023-11-16-at-11.05.28-300x169.jpeg\" alt=\"\" width=\"371\" height=\"209\" srcset=\"https:\/\/blogsaverroes.juntadeandalucia.es\/iesrodrigocaro\/files\/2023\/11\/WhatsApp-Image-2023-11-16-at-11.05.28-300x169.jpeg 300w, https:\/\/blogsaverroes.juntadeandalucia.es\/iesrodrigocaro\/files\/2023\/11\/WhatsApp-Image-2023-11-16-at-11.05.28-1024x576.jpeg 1024w, https:\/\/blogsaverroes.juntadeandalucia.es\/iesrodrigocaro\/files\/2023\/11\/WhatsApp-Image-2023-11-16-at-11.05.28-768x432.jpeg 768w, https:\/\/blogsaverroes.juntadeandalucia.es\/iesrodrigocaro\/files\/2023\/11\/WhatsApp-Image-2023-11-16-at-11.05.28-1536x864.jpeg 1536w, https:\/\/blogsaverroes.juntadeandalucia.es\/iesrodrigocaro\/files\/2023\/11\/WhatsApp-Image-2023-11-16-at-11.05.28.jpeg 1920w\" sizes=\"(max-width: 371px) 100vw, 371px\" \/><\/a><\/td>\n<td style=\"width: 33.3333%\"><a href=\"https:\/\/blogsaverroes.juntadeandalucia.es\/iesrodrigocaro\/files\/2023\/11\/WhatsApp-Image-2023-11-16-at-09.41.45.jpeg\"><img decoding=\"async\" class=\"aligncenter wp-image-1973 size-large\" src=\"https:\/\/blogsaverroes.juntadeandalucia.es\/iesrodrigocaro\/files\/2023\/11\/WhatsApp-Image-2023-11-16-at-09.41.45-1024x576.jpeg\" alt=\"\" width=\"1024\" height=\"576\" srcset=\"https:\/\/blogsaverroes.juntadeandalucia.es\/iesrodrigocaro\/files\/2023\/11\/WhatsApp-Image-2023-11-16-at-09.41.45-1024x576.jpeg 1024w, https:\/\/blogsaverroes.juntadeandalucia.es\/iesrodrigocaro\/files\/2023\/11\/WhatsApp-Image-2023-11-16-at-09.41.45-300x169.jpeg 300w, https:\/\/blogsaverroes.juntadeandalucia.es\/iesrodrigocaro\/files\/2023\/11\/WhatsApp-Image-2023-11-16-at-09.41.45-768x432.jpeg 768w, https:\/\/blogsaverroes.juntadeandalucia.es\/iesrodrigocaro\/files\/2023\/11\/WhatsApp-Image-2023-11-16-at-09.41.45-1536x864.jpeg 1536w, https:\/\/blogsaverroes.juntadeandalucia.es\/iesrodrigocaro\/files\/2023\/11\/WhatsApp-Image-2023-11-16-at-09.41.45.jpeg 1599w\" sizes=\"(max-width: 1024px) 100vw, 1024px\" \/><\/a><\/td>\n<\/tr>\n<tr>\n<td style=\"width: 33.3333%\"><a href=\"https:\/\/blogsaverroes.juntadeandalucia.es\/iesrodrigocaro\/files\/2023\/11\/WhatsApp-Image-2023-11-15-at-12.25.21.jpeg\"><img loading=\"lazy\" decoding=\"async\" class=\"aligncenter size-medium wp-image-1972\" src=\"https:\/\/blogsaverroes.juntadeandalucia.es\/iesrodrigocaro\/files\/2023\/11\/WhatsApp-Image-2023-11-15-at-12.25.21-225x300.jpeg\" alt=\"\" width=\"225\" height=\"300\" srcset=\"https:\/\/blogsaverroes.juntadeandalucia.es\/iesrodrigocaro\/files\/2023\/11\/WhatsApp-Image-2023-11-15-at-12.25.21-225x300.jpeg 225w, https:\/\/blogsaverroes.juntadeandalucia.es\/iesrodrigocaro\/files\/2023\/11\/WhatsApp-Image-2023-11-15-at-12.25.21.jpeg 768w\" sizes=\"(max-width: 225px) 100vw, 225px\" \/><\/a><\/td>\n<td style=\"width: 33.3333%\"><a href=\"https:\/\/blogsaverroes.juntadeandalucia.es\/iesrodrigocaro\/files\/2023\/11\/WhatsApp-Image-2023-11-17-at-22.11.25-1.jpeg\"><img loading=\"lazy\" decoding=\"async\" class=\"aligncenter wp-image-1975\" src=\"https:\/\/blogsaverroes.juntadeandalucia.es\/iesrodrigocaro\/files\/2023\/11\/WhatsApp-Image-2023-11-17-at-22.11.25-1-1024x766.jpeg\" alt=\"\" width=\"373\" height=\"279\" srcset=\"https:\/\/blogsaverroes.juntadeandalucia.es\/iesrodrigocaro\/files\/2023\/11\/WhatsApp-Image-2023-11-17-at-22.11.25-1-1024x766.jpeg 1024w, https:\/\/blogsaverroes.juntadeandalucia.es\/iesrodrigocaro\/files\/2023\/11\/WhatsApp-Image-2023-11-17-at-22.11.25-1-300x224.jpeg 300w, https:\/\/blogsaverroes.juntadeandalucia.es\/iesrodrigocaro\/files\/2023\/11\/WhatsApp-Image-2023-11-17-at-22.11.25-1-768x575.jpeg 768w, https:\/\/blogsaverroes.juntadeandalucia.es\/iesrodrigocaro\/files\/2023\/11\/WhatsApp-Image-2023-11-17-at-22.11.25-1-1536x1149.jpeg 1536w, https:\/\/blogsaverroes.juntadeandalucia.es\/iesrodrigocaro\/files\/2023\/11\/WhatsApp-Image-2023-11-17-at-22.11.25-1.jpeg 1600w\" sizes=\"(max-width: 373px) 100vw, 373px\" \/><\/a><\/td>\n<td style=\"width: 33.3333%\"><a href=\"https:\/\/blogsaverroes.juntadeandalucia.es\/iesrodrigocaro\/files\/2023\/11\/WhatsApp-Image-2023-11-18-at-20.04.49-1.jpeg\"><img loading=\"lazy\" decoding=\"async\" class=\"aligncenter wp-image-1976\" src=\"https:\/\/blogsaverroes.juntadeandalucia.es\/iesrodrigocaro\/files\/2023\/11\/WhatsApp-Image-2023-11-18-at-20.04.49-1-1024x768.jpeg\" alt=\"\" width=\"405\" height=\"304\" srcset=\"https:\/\/blogsaverroes.juntadeandalucia.es\/iesrodrigocaro\/files\/2023\/11\/WhatsApp-Image-2023-11-18-at-20.04.49-1-1024x768.jpeg 1024w, https:\/\/blogsaverroes.juntadeandalucia.es\/iesrodrigocaro\/files\/2023\/11\/WhatsApp-Image-2023-11-18-at-20.04.49-1-300x225.jpeg 300w, https:\/\/blogsaverroes.juntadeandalucia.es\/iesrodrigocaro\/files\/2023\/11\/WhatsApp-Image-2023-11-18-at-20.04.49-1-768x576.jpeg 768w, https:\/\/blogsaverroes.juntadeandalucia.es\/iesrodrigocaro\/files\/2023\/11\/WhatsApp-Image-2023-11-18-at-20.04.49-1-1536x1152.jpeg 1536w, https:\/\/blogsaverroes.juntadeandalucia.es\/iesrodrigocaro\/files\/2023\/11\/WhatsApp-Image-2023-11-18-at-20.04.49-1.jpeg 2048w\" sizes=\"(max-width: 405px) 100vw, 405px\" \/><\/a><\/td>\n<\/tr>\n<tr>\n<td style=\"width: 33.3333%\"><a href=\"https:\/\/blogsaverroes.juntadeandalucia.es\/iesrodrigocaro\/files\/2023\/12\/WhatsApp-Image-2023-11-17-at-22.31.10-1.jpeg\"><img loading=\"lazy\" decoding=\"async\" class=\"aligncenter wp-image-1991 size-thumbnail\" src=\"https:\/\/blogsaverroes.juntadeandalucia.es\/iesrodrigocaro\/files\/2023\/12\/WhatsApp-Image-2023-11-17-at-22.31.10-1-150x150.jpeg\" alt=\"\" width=\"150\" height=\"150\" srcset=\"https:\/\/blogsaverroes.juntadeandalucia.es\/iesrodrigocaro\/files\/2023\/12\/WhatsApp-Image-2023-11-17-at-22.31.10-1-150x150.jpeg 150w, https:\/\/blogsaverroes.juntadeandalucia.es\/iesrodrigocaro\/files\/2023\/12\/WhatsApp-Image-2023-11-17-at-22.31.10-1-80x80.jpeg 80w, https:\/\/blogsaverroes.juntadeandalucia.es\/iesrodrigocaro\/files\/2023\/12\/WhatsApp-Image-2023-11-17-at-22.31.10-1-320x320.jpeg 320w\" sizes=\"(max-width: 150px) 100vw, 150px\" \/><\/a><\/td>\n<td style=\"width: 33.3333%\"><a href=\"https:\/\/blogsaverroes.juntadeandalucia.es\/iesrodrigocaro\/files\/2023\/12\/WhatsApp-Image-2023-11-17-at-22.37.01.jpeg\"><img loading=\"lazy\" decoding=\"async\" class=\"aligncenter wp-image-1992 size-thumbnail\" src=\"https:\/\/blogsaverroes.juntadeandalucia.es\/iesrodrigocaro\/files\/2023\/12\/WhatsApp-Image-2023-11-17-at-22.37.01-150x150.jpeg\" alt=\"\" width=\"150\" height=\"150\" srcset=\"https:\/\/blogsaverroes.juntadeandalucia.es\/iesrodrigocaro\/files\/2023\/12\/WhatsApp-Image-2023-11-17-at-22.37.01-150x150.jpeg 150w, https:\/\/blogsaverroes.juntadeandalucia.es\/iesrodrigocaro\/files\/2023\/12\/WhatsApp-Image-2023-11-17-at-22.37.01-80x80.jpeg 80w, https:\/\/blogsaverroes.juntadeandalucia.es\/iesrodrigocaro\/files\/2023\/12\/WhatsApp-Image-2023-11-17-at-22.37.01-320x320.jpeg 320w\" sizes=\"(max-width: 150px) 100vw, 150px\" \/><\/a><\/td>\n<td style=\"width: 33.3333%\">&nbsp;<\/td>\n<\/tr>\n<\/tbody>\n<\/table>\n","protected":false},"excerpt":{"rendered":"<p>El profesor Juan Jos\u00e9 Rodr\u00edguez y M\u00aa Jos\u00e9 Daza realizaron el curso del Sistema Educativo Finland\u00e9s &#8211; Formaci\u00f3n Profesional en Helsinki (Finlandia) durante los d\u00edas 13 al 17 de noviembre de 2023. &nbsp;<\/p>\n","protected":false},"author":13259,"featured_media":0,"parent":0,"menu_order":0,"comment_status":"closed","ping_status":"closed","template":"","meta":{"ngg_post_thumbnail":0,"footnotes":""},"aioseo_notices":[],"_links":{"self":[{"href":"https:\/\/blogsaverroes.juntadeandalucia.es\/iesrodrigocaro\/wp-json\/wp\/v2\/pages\/1970"}],"collection":[{"href":"https:\/\/blogsaverroes.juntadeandalucia.es\/iesrodrigocaro\/wp-json\/wp\/v2\/pages"}],"about":[{"href":"https:\/\/blogsaverroes.juntadeandalucia.es\/iesrodrigocaro\/wp-json\/wp\/v2\/types\/page"}],"author":[{"embeddable":true,"href":"https:\/\/blogsaverroes.juntadeandalucia.es\/iesrodrigocaro\/wp-json\/wp\/v2\/users\/13259"}],"replies":[{"embeddable":true,"href":"https:\/\/blogsaverroes.juntadeandalucia.es\/iesrodrigocaro\/wp-json\/wp\/v2\/comments?post=1970"}],"version-history":[{"count":10,"href":"https:\/\/blogsaverroes.juntadeandalucia.es\/iesrodrigocaro\/wp-json\/wp\/v2\/pages\/1970\/revisions"}],"predecessor-version":[{"id":2569,"href":"https:\/\/blogsaverroes.juntadeandalucia.es\/iesrodrigocaro\/wp-json\/wp\/v2\/pages\/1970\/revisions\/2569"}],"wp:attachment":[{"href":"https:\/\/blogsaverroes.juntadeandalucia.es\/iesrodrigocaro\/wp-json\/wp\/v2\/media?parent=1970"}],"curies":[{"name":"wp","href":"https:\/\/api.w.org\/{rel}","templated":true}]}}

<h4>El profesor Juan José Rodríguez y Mª José Daza realizaron el curso del Sistema Educativo Finlandés &#8211; Formación Profesional en Helsinki (Finlandia) durante los días 13 al 17 de noviembre de 2023.</h4>
<table style="border-collapse: collapse;width: 100%">
<tbody>
<tr>
<td style="width: 33.3333%"><a href="https://blogsaverroes.juntadeandalucia.es/iesrodrigocaro/files/2023/11/WhatsApp-Image-2023-11-14-at-14.05.49.jpeg"><img fetchpriority="high" decoding="async" class="aligncenter size-large wp-image-1971" src="https://blogsaverroes.juntadeandalucia.es/iesrodrigocaro/files/2023/11/WhatsApp-Image-2023-11-14-at-14.05.49-1024x576.jpeg" alt="" width="1024" height="576" srcset="https://blogsaverroes.juntadeandalucia.es/iesrodrigocaro/files/2023/11/WhatsApp-Image-2023-11-14-at-14.05.49-1024x576.jpeg 1024w, https://blogsaverroes.juntadeandalucia.es/iesrodrigocaro/files/2023/11/WhatsApp-Image-2023-11-14-at-14.05.49-300x169.jpeg 300w, https://blogsaverroes.juntadeandalucia.es/iesrodrigocaro/files/2023/11/WhatsApp-Image-2023-11-14-at-14.05.49-768x432.jpeg 768w, https://blogsaverroes.juntadeandalucia.es/iesrodrigocaro/files/2023/11/WhatsApp-Image-2023-11-14-at-14.05.49-1536x864.jpeg 1536w, https://blogsaverroes.juntadeandalucia.es/iesrodrigocaro/files/2023/11/WhatsApp-Image-2023-11-14-at-14.05.49.jpeg 1920w" sizes="(max-width: 1024px) 100vw, 1024px" /></a></td>
<td style="width: 33.3333%"><a href="https://blogsaverroes.juntadeandalucia.es/iesrodrigocaro/files/2023/11/WhatsApp-Image-2023-11-16-at-11.05.28.jpeg"><img decoding="async" class="aligncenter wp-image-1974" src="https://blogsaverroes.juntadeandalucia.es/iesrodrigocaro/files/2023/11/WhatsApp-Image-2023-11-16-at-11.05.28-300x169.jpeg" alt="" width="371" height="209" srcset="https://blogsaverroes.juntadeandalucia.es/iesrodrigocaro/files/2023/11/WhatsApp-Image-2023-11-16-at-11.05.28-300x169.jpeg 300w, https://blogsaverroes.juntadeandalucia.es/iesrodrigocaro/files/2023/11/WhatsApp-Image-2023-11-16-at-11.05.28-1024x576.jpeg 1024w, https://blogsaverroes.juntadeandalucia.es/iesrodrigocaro/files/2023/11/WhatsApp-Image-2023-11-16-at-11.05.28-768x432.jpeg 768w, https://blogsaverroes.juntadeandalucia.es/iesrodrigocaro/files/2023/11/WhatsApp-Image-2023-11-16-at-11.05.28-1536x864.jpeg 1536w, https://blogsaverroes.juntadeandalucia.es/iesrodrigocaro/files/2023/11/WhatsApp-Image-2023-11-16-at-11.05.28.jpeg 1920w" sizes="(max-width: 371px) 100vw, 371px" /></a></td>
<td style="width: 33.3333%"><a href="https://blogsaverroes.juntadeandalucia.es/iesrodrigocaro/files/2023/11/WhatsApp-Image-2023-11-16-at-09.41.45.jpeg"><img decoding="async" class="aligncenter wp-image-1973 size-large" src="https://blogsaverroes.juntadeandalucia.es/iesrodrigocaro/files/2023/11/WhatsApp-Image-2023-11-16-at-09.41.45-1024x576.jpeg" alt="" width="1024" height="576" srcset="https://blogsaverroes.juntadeandalucia.es/iesrodrigocaro/files/2023/11/WhatsApp-Image-2023-11-16-at-09.41.45-1024x576.jpeg 1024w, https://blogsaverroes.juntadeandalucia.es/iesrodrigocaro/files/2023/11/WhatsApp-Image-2023-11-16-at-09.41.45-300x169.jpeg 300w, https://blogsaverroes.juntadeandalucia.es/iesrodrigocaro/files/2023/11/WhatsApp-Image-2023-11-16-at-09.41.45-768x432.jpeg 768w, https://blogsaverroes.juntadeandalucia.es/iesrodrigocaro/files/2023/11/WhatsApp-Image-2023-11-16-at-09.41.45-1536x864.jpeg 1536w, https://blogsaverroes.juntadeandalucia.es/iesrodrigocaro/files/2023/11/WhatsApp-Image-2023-11-16-at-09.41.45.jpeg 1599w" sizes="(max-width: 1024px) 100vw, 1024px" /></a></td>
</tr>
<tr>
<td style="width: 33.3333%"><a href="https://blogsaverroes.juntadeandalucia.es/iesrodrigocaro/files/2023/11/WhatsApp-Image-2023-11-15-at-12.25.21.jpeg"><img loading="lazy" decoding="async" class="aligncenter size-medium wp-image-1972" src="https://blogsaverroes.juntadeandalucia.es/iesrodrigocaro/files/2023/11/WhatsApp-Image-2023-11-15-at-12.25.21-225x300.jpeg" alt="" width="225" height="300" srcset="https://blogsaverroes.juntadeandalucia.es/iesrodrigocaro/files/2023/11/WhatsApp-Image-2023-11-15-at-12.25.21-225x300.jpeg 225w, https://blogsaverroes.juntadeandalucia.es/iesrodrigocaro/files/2023/11/WhatsApp-Image-2023-11-15-at-12.25.21.jpeg 768w" sizes="(max-width: 225px) 100vw, 225px" /></a></td>
<td style="width: 33.3333%"><a href="https://blogsaverroes.juntadeandalucia.es/iesrodrigocaro/files/2023/11/WhatsApp-Image-2023-11-17-at-22.11.25-1.jpeg"><img loading="lazy" decoding="async" class="aligncenter wp-image-1975" src="https://blogsaverroes.juntadeandalucia.es/iesrodrigocaro/files/2023/11/WhatsApp-Image-2023-11-17-at-22.11.25-1-1024x766.jpeg" alt="" width="373" height="279" srcset="https://blogsaverroes.juntadeandalucia.es/iesrodrigocaro/files/2023/11/WhatsApp-Image-2023-11-17-at-22.11.25-1-1024x766.jpeg 1024w, https://blogsaverroes.juntadeandalucia.es/iesrodrigocaro/files/2023/11/WhatsApp-Image-2023-11-17-at-22.11.25-1-300x224.jpeg 300w, https://blogsaverroes.juntadeandalucia.es/iesrodrigocaro/files/2023/11/WhatsApp-Image-2023-11-17-at-22.11.25-1-768x575.jpeg 768w, https://blogsaverroes.juntadeandalucia.es/iesrodrigocaro/files/2023/11/WhatsApp-Image-2023-11-17-at-22.11.25-1-1536x1149.jpeg 1536w, https://blogsaverroes.juntadeandalucia.es/iesrodrigocaro/files/2023/11/WhatsApp-Image-2023-11-17-at-22.11.25-1.jpeg 1600w" sizes="(max-width: 373px) 100vw, 373px" /></a></td>
<td style="width: 33.3333%"><a href="https://blogsaverroes.juntadeandalucia.es/iesrodrigocaro/files/2023/11/WhatsApp-Image-2023-11-18-at-20.04.49-1.jpeg"><img loading="lazy" decoding="async" class="aligncenter wp-image-1976" src="https://blogsaverroes.juntadeandalucia.es/iesrodrigocaro/files/2023/11/WhatsApp-Image-2023-11-18-at-20.04.49-1-1024x768.jpeg" alt="" width="405" height="304" srcset="https://blogsaverroes.juntadeandalucia.es/iesrodrigocaro/files/2023/11/WhatsApp-Image-2023-11-18-at-20.04.49-1-1024x768.jpeg 1024w, https://blogsaverroes.juntadeandalucia.es/iesrodrigocaro/files/2023/11/WhatsApp-Image-2023-11-18-at-20.04.49-1-300x225.jpeg 300w, https://blogsaverroes.juntadeandalucia.es/iesrodrigocaro/files/2023/11/WhatsApp-Image-2023-11-18-at-20.04.49-1-768x576.jpeg 768w, https://blogsaverroes.juntadeandalucia.es/iesrodrigocaro/files/2023/11/WhatsApp-Image-2023-11-18-at-20.04.49-1-1536x1152.jpeg 1536w, https://blogsaverroes.juntadeandalucia.es/iesrodrigocaro/files/2023/11/WhatsApp-Image-2023-11-18-at-20.04.49-1.jpeg 2048w" sizes="(max-width: 405px) 100vw, 405px" /></a></td>
</tr>
<tr>
<td style="width: 33.3333%"><a href="https://blogsaverroes.juntadeandalucia.es/iesrodrigocaro/files/2023/12/WhatsApp-Image-2023-11-17-at-22.31.10-1.jpeg"><img loading="lazy" decoding="async" class="aligncenter wp-image-1991 size-thumbnail" src="https://blogsaverroes.juntadeandalucia.es/iesrodrigocaro/files/2023/12/WhatsApp-Image-2023-11-17-at-22.31.10-1-150x150.jpeg" alt="" width="150" height="150" srcset="https://blogsaverroes.juntadeandalucia.es/iesrodrigocaro/files/2023/12/WhatsApp-Image-2023-11-17-at-22.31.10-1-150x150.jpeg 150w, https://blogsaverroes.juntadeandalucia.es/iesrodrigocaro/files/2023/12/WhatsApp-Image-2023-11-17-at-22.31.10-1-80x80.jpeg 80w, https://blogsaverroes.juntadeandalucia.es/iesrodrigocaro/files/2023/12/WhatsApp-Image-2023-11-17-at-22.31.10-1-320x320.jpeg 320w" sizes="(max-width: 150px) 100vw, 150px" /></a></td>
<td style="width: 33.3333%"><a href="https://blogsaverroes.juntadeandalucia.es/iesrodrigocaro/files/2023/12/WhatsApp-Image-2023-11-17-at-22.37.01.jpeg"><img loading="lazy" decoding="async" class="aligncenter wp-image-1992 size-thumbnail" src="https://blogsaverroes.juntadeandalucia.es/iesrodrigocaro/files/2023/12/WhatsApp-Image-2023-11-17-at-22.37.01-150x150.jpeg" alt="" width="150" height="150" srcset="https://blogsaverroes.juntadeandalucia.es/iesrodrigocaro/files/2023/12/WhatsApp-Image-2023-11-17-at-22.37.01-150x150.jpeg 150w, https://blogsaverroes.juntadeandalucia.es/iesrodrigocaro/files/2023/12/WhatsApp-Image-2023-11-17-at-22.37.01-80x80.jpeg 80w, https://blogsaverroes.juntadeandalucia.es/iesrodrigocaro/files/2023/12/WhatsApp-Image-2023-11-17-at-22.37.01-320x320.jpeg 320w" sizes="(max-width: 150px) 100vw, 150px" /></a></td>
<td style="width: 33.3333%">&nbsp;</td>
</tr>
</tbody>
</table>

<p>El profesor Juan José Rodríguez y Mª José Daza realizaron el curso del Sistema Educativo Finlandés &#8211; Formación Profesional en Helsinki (Finlandia) durante los días 13 al 17 de noviembre de 2023. &nbsp;</p>
