{"id":2230,"date":"2024-06-30T12:24:36","date_gmt":"2024-06-30T11:24:36","guid":{"rendered":"https:\/\/blogsaverroes.juntadeandalucia.es\/iesrodrigocaro\/?page_id=2230"},"modified":"2024-06-30T12:24:36","modified_gmt":"2024-06-30T11:24:36","slug":"videos-sobre-escolarizacion-fp","status":"publish","type":"page","link":"https:\/\/blogsaverroes.juntadeandalucia.es\/iesrodrigocaro\/videos-sobre-escolarizacion-fp\/","title":{"rendered":"V\u00eddeos sobre escolarizaci\u00f3n FP"},"content":{"rendered":"<p>V\u00eddeo informativo sobre la Escolarizaci\u00f3n Oferta Completa Presencial de 1\u00ba de Ciclos de Grado Medio y Grado Superior. En nuestro centro tenemos el Ciclo Formativo de Grado Superior en Administraci\u00f3n de Sistemas Inform\u00e1ticos en Red, con aula biling\u00fce (Turno de ma\u00f1ana y Tarde).<\/p>\n<p><iframe src=\"https:\/\/www.youtube.com\/embed\/1-su2x-AsqM?si=jHQ2yU9FB_QXtVjn\" width=\"560\" height=\"315\" frameborder=\"0\"><\/iframe><\/p>\n<p>V\u00eddeo sobre la Escolarizaci\u00f3n en FP<\/p>\n<p><iframe src=\"https:\/\/www.youtube.com\/embed\/JTm-T0u-WWQ?si=lwMjdlO7hPuEMfgj\" width=\"560\" height=\"315\" frameborder=\"0\"><\/iframe>&nbsp;<\/p>\n<p>V\u00eddeos sobre los estudios y modalidades de la Formaci\u00f3n Profesional Andaluza<\/p>\n<p><iframe src=\"https:\/\/www.youtube.com\/embed\/JTm-T0u-WWQ?si=5-ihkv1CP8qdXEWU\" width=\"560\" height=\"315\" frameborder=\"0\"><\/iframe>&nbsp;<\/p>\n<p>&nbsp;<\/p>\n","protected":false},"excerpt":{"rendered":"<p>V\u00eddeo informativo sobre la Escolarizaci\u00f3n Oferta Completa Presencial de 1\u00ba de Ciclos de Grado Medio y Grado Superior. En nuestro centro tenemos el Ciclo Formativo de Grado Superior en Administraci\u00f3n de Sistemas Inform\u00e1ticos en&#46;&#46;&#46;<\/p>\n","protected":false},"author":13259,"featured_media":0,"parent":0,"menu_order":0,"comment_status":"closed","ping_status":"closed","template":"","meta":{"ngg_post_thumbnail":0,"footnotes":""},"aioseo_notices":[],"_links":{"self":[{"href":"https:\/\/blogsaverroes.juntadeandalucia.es\/iesrodrigocaro\/wp-json\/wp\/v2\/pages\/2230"}],"collection":[{"href":"https:\/\/blogsaverroes.juntadeandalucia.es\/iesrodrigocaro\/wp-json\/wp\/v2\/pages"}],"about":[{"href":"https:\/\/blogsaverroes.juntadeandalucia.es\/iesrodrigocaro\/wp-json\/wp\/v2\/types\/page"}],"author":[{"embeddable":true,"href":"https:\/\/blogsaverroes.juntadeandalucia.es\/iesrodrigocaro\/wp-json\/wp\/v2\/users\/13259"}],"replies":[{"embeddable":true,"href":"https:\/\/blogsaverroes.juntadeandalucia.es\/iesrodrigocaro\/wp-json\/wp\/v2\/comments?post=2230"}],"version-history":[{"count":1,"href":"https:\/\/blogsaverroes.juntadeandalucia.es\/iesrodrigocaro\/wp-json\/wp\/v2\/pages\/2230\/revisions"}],"predecessor-version":[{"id":2231,"href":"https:\/\/blogsaverroes.juntadeandalucia.es\/iesrodrigocaro\/wp-json\/wp\/v2\/pages\/2230\/revisions\/2231"}],"wp:attachment":[{"href":"https:\/\/blogsaverroes.juntadeandalucia.es\/iesrodrigocaro\/wp-json\/wp\/v2\/media?parent=2230"}],"curies":[{"name":"wp","href":"https:\/\/api.w.org\/{rel}","templated":true}]}}

Vídeos sobre escolarización FP

<p>Vídeo informativo sobre la Escolarización Oferta Completa Presencial de 1º de Ciclos de Grado Medio y Grado Superior. En nuestro centro tenemos el Ciclo Formativo de Grado Superior en Administración de Sistemas Informáticos en Red, con aula bilingüe (Turno de mañana y Tarde).</p>
<p><iframe src="https://www.youtube.com/embed/1-su2x-AsqM?si=jHQ2yU9FB_QXtVjn" width="560" height="315" frameborder="0"></iframe></p>
<p>Vídeo sobre la Escolarización en FP</p>
<p><iframe src="https://www.youtube.com/embed/JTm-T0u-WWQ?si=lwMjdlO7hPuEMfgj" width="560" height="315" frameborder="0"></iframe>&nbsp;</p>
<p>Vídeos sobre los estudios y modalidades de la Formación Profesional Andaluza</p>
<p><iframe src="https://www.youtube.com/embed/JTm-T0u-WWQ?si=5-ihkv1CP8qdXEWU" width="560" height="315" frameborder="0"></iframe>&nbsp;</p>
<p>&nbsp;</p>

<p>Vídeo informativo sobre la Escolarización Oferta Completa Presencial de 1º de Ciclos de Grado Medio y Grado Superior. En nuestro centro tenemos el Ciclo Formativo de Grado Superior en Administración de Sistemas Informáticos en&#46;&#46;&#46;</p>
