{"id":2437,"date":"2025-04-23T09:35:26","date_gmt":"2025-04-23T08:35:26","guid":{"rendered":"https:\/\/blogsaverroes.juntadeandalucia.es\/iesrodrigocaro\/?page_id=2437"},"modified":"2025-04-23T09:35:26","modified_gmt":"2025-04-23T08:35:26","slug":"guia-de-uso-responsable-de-equipos-y-dispositivos-tecnologicos","status":"publish","type":"page","link":"https:\/\/blogsaverroes.juntadeandalucia.es\/iesrodrigocaro\/guia-de-uso-responsable-de-equipos-y-dispositivos-tecnologicos\/","title":{"rendered":"Gu\u00eda de uso responsable de equipos y dispositivos tecnol\u00f3gicos"},"content":{"rendered":"<p>Gu\u00eda de uso responsable de equipos y dispositivos tecnol\u00f3gicos (Para las familias)<\/p>\n<p><a href=\"https:\/\/blogsaverroes.juntadeandalucia.es\/iesrodrigocaro\/files\/2025\/04\/Guia-uso-responsable.-Familias.jpg\"><img fetchpriority=\"high\" decoding=\"async\" class=\"wp-image-2438 size-large alignleft\" src=\"https:\/\/blogsaverroes.juntadeandalucia.es\/iesrodrigocaro\/files\/2025\/04\/Guia-uso-responsable.-Familias-410x1024.jpg\" alt=\"\" width=\"410\" height=\"1024\" srcset=\"https:\/\/blogsaverroes.juntadeandalucia.es\/iesrodrigocaro\/files\/2025\/04\/Guia-uso-responsable.-Familias-410x1024.jpg 410w, https:\/\/blogsaverroes.juntadeandalucia.es\/iesrodrigocaro\/files\/2025\/04\/Guia-uso-responsable.-Familias-120x300.jpg 120w, https:\/\/blogsaverroes.juntadeandalucia.es\/iesrodrigocaro\/files\/2025\/04\/Guia-uso-responsable.-Familias-768x1920.jpg 768w, https:\/\/blogsaverroes.juntadeandalucia.es\/iesrodrigocaro\/files\/2025\/04\/Guia-uso-responsable.-Familias.jpg 800w\" sizes=\"(max-width: 410px) 100vw, 410px\" \/><\/a><\/p>\n","protected":false},"excerpt":{"rendered":"<p>Gu\u00eda de uso responsable de equipos y dispositivos tecnol\u00f3gicos (Para las familias)<\/p>\n","protected":false},"author":13259,"featured_media":0,"parent":0,"menu_order":0,"comment_status":"closed","ping_status":"closed","template":"","meta":{"ngg_post_thumbnail":0,"footnotes":""},"aioseo_notices":[],"_links":{"self":[{"href":"https:\/\/blogsaverroes.juntadeandalucia.es\/iesrodrigocaro\/wp-json\/wp\/v2\/pages\/2437"}],"collection":[{"href":"https:\/\/blogsaverroes.juntadeandalucia.es\/iesrodrigocaro\/wp-json\/wp\/v2\/pages"}],"about":[{"href":"https:\/\/blogsaverroes.juntadeandalucia.es\/iesrodrigocaro\/wp-json\/wp\/v2\/types\/page"}],"author":[{"embeddable":true,"href":"https:\/\/blogsaverroes.juntadeandalucia.es\/iesrodrigocaro\/wp-json\/wp\/v2\/users\/13259"}],"replies":[{"embeddable":true,"href":"https:\/\/blogsaverroes.juntadeandalucia.es\/iesrodrigocaro\/wp-json\/wp\/v2\/comments?post=2437"}],"version-history":[{"count":1,"href":"https:\/\/blogsaverroes.juntadeandalucia.es\/iesrodrigocaro\/wp-json\/wp\/v2\/pages\/2437\/revisions"}],"predecessor-version":[{"id":2439,"href":"https:\/\/blogsaverroes.juntadeandalucia.es\/iesrodrigocaro\/wp-json\/wp\/v2\/pages\/2437\/revisions\/2439"}],"wp:attachment":[{"href":"https:\/\/blogsaverroes.juntadeandalucia.es\/iesrodrigocaro\/wp-json\/wp\/v2\/media?parent=2437"}],"curies":[{"name":"wp","href":"https:\/\/api.w.org\/{rel}","templated":true}]}}