{"id":2563,"date":"2025-10-26T19:37:00","date_gmt":"2025-10-26T18:37:00","guid":{"rendered":"https:\/\/blogsaverroes.juntadeandalucia.es\/iesrodrigocaro\/?page_id=2563"},"modified":"2025-10-26T19:37:00","modified_gmt":"2025-10-26T18:37:00","slug":"proyecto-steam-4-0","status":"publish","type":"page","link":"https:\/\/blogsaverroes.juntadeandalucia.es\/iesrodrigocaro\/proyecto-steam-4-0\/","title":{"rendered":"Proyecto STEAM 4.0"},"content":{"rendered":"<div id=\"attachment_2564\" style=\"width: 310px\" class=\"wp-caption aligncenter\"><a href=\"https:\/\/blogsaverroes.juntadeandalucia.es\/iesrodrigocaro\/files\/2025\/10\/Flux_Dev_Grupo_de_estudiantes_adolescentes_de_16_y_17_aos_tant_0.jpg\"><img fetchpriority=\"high\" decoding=\"async\" aria-describedby=\"caption-attachment-2564\" class=\"wp-image-2564 size-medium\" src=\"https:\/\/blogsaverroes.juntadeandalucia.es\/iesrodrigocaro\/files\/2025\/10\/Flux_Dev_Grupo_de_estudiantes_adolescentes_de_16_y_17_aos_tant_0-300x300.jpg\" alt=\"\" width=\"300\" height=\"300\" srcset=\"https:\/\/blogsaverroes.juntadeandalucia.es\/iesrodrigocaro\/files\/2025\/10\/Flux_Dev_Grupo_de_estudiantes_adolescentes_de_16_y_17_aos_tant_0-300x300.jpg 300w, https:\/\/blogsaverroes.juntadeandalucia.es\/iesrodrigocaro\/files\/2025\/10\/Flux_Dev_Grupo_de_estudiantes_adolescentes_de_16_y_17_aos_tant_0-150x150.jpg 150w, https:\/\/blogsaverroes.juntadeandalucia.es\/iesrodrigocaro\/files\/2025\/10\/Flux_Dev_Grupo_de_estudiantes_adolescentes_de_16_y_17_aos_tant_0-768x768.jpg 768w, https:\/\/blogsaverroes.juntadeandalucia.es\/iesrodrigocaro\/files\/2025\/10\/Flux_Dev_Grupo_de_estudiantes_adolescentes_de_16_y_17_aos_tant_0-80x80.jpg 80w, https:\/\/blogsaverroes.juntadeandalucia.es\/iesrodrigocaro\/files\/2025\/10\/Flux_Dev_Grupo_de_estudiantes_adolescentes_de_16_y_17_aos_tant_0-320x320.jpg 320w, https:\/\/blogsaverroes.juntadeandalucia.es\/iesrodrigocaro\/files\/2025\/10\/Flux_Dev_Grupo_de_estudiantes_adolescentes_de_16_y_17_aos_tant_0.jpg 1024w\" sizes=\"(max-width: 300px) 100vw, 300px\" \/><\/a><p id=\"caption-attachment-2564\" class=\"wp-caption-text\">Imagen creada por IA<\/p><\/div>\n<p>En el presente curso escolar nuestro instituto desarrollar\u00e1 el Proyecto STEAM 4.0, enmarcado en el Programa de Cooperaci\u00f3n Territorial C\u00f3digo Escuela 4.0, conforme a lo establecido en la Resoluci\u00f3n de 1 de agosto de 2025, por la Direcci\u00f3n General de Innovaci\u00f3n y Formaci\u00f3n del Profesorado.<\/p>\n<p><strong>\u00bfEn qu\u00e9 consiste?<\/strong><\/p>\n<p>El proyecto tiene como finalidad impulsar la competencia digital en el alumnado y el profesorado, trabajando de manera pr\u00e1ctica aspectos como:<\/p>\n<ul>\n<li>Pensamiento computacional.<\/li>\n<li>Programaci\u00f3n y rob\u00f3tica.<\/li>\n<li>Inteligencia artificial responsable.<\/li>\n<li>Integraci\u00f3n de metodolog\u00edas activas STEAM (Ciencia, Tecnolog\u00eda, Ingenier\u00eda, Arte y Matem\u00e1ticas)<\/li>\n<\/ul>\n<p><strong>\u00bfQu\u00e9 supone para nuestro centro?<\/strong><\/p>\n<ul>\n<li>Elaborar un Proyecto STEAM 4.0 propio, que se integrar\u00e1 en el Plan Digital del centro.<\/li>\n<li>Recibir recursos tecnol\u00f3gicos: robots, placas programables, sensores\u2026<\/li>\n<li>Contar con formaci\u00f3n y acompa\u00f1amiento para el profesorado.<\/li>\n<li>Disponer de una coordinaci\u00f3n espec\u00edfica.<\/li>\n<li>Participar en un proceso de seguimiento, evaluaci\u00f3n y certificaci\u00f3n.<\/li>\n<\/ul>\n<p><strong>\u00bfQu\u00e9 beneficios tendr\u00e1?<\/strong><\/p>\n<ul>\n<li>Despertar el inter\u00e9s del alumnado por la ciencia y la tecnolog\u00eda.<\/li>\n<li>Favorecer la creatividad, el pensamiento cr\u00edtico y la resoluci\u00f3n de problemas.<\/li>\n<li>Reducir la brecha digital y garantizar la igualdad de oportunidades.<\/li>\n<li>Enriquecer la ense\u00f1anza con nuevas herramientas y metodolog\u00edas.<\/li>\n<\/ul>\n<p>Estamos muy ilusionados por comenzar este camino hacia una educaci\u00f3n m\u00e1s innovadora, digital y conectada con los retos del futuro.<\/p>\n<p>Este proyecto est\u00e1 financiado por el Ministerio de Educaci\u00f3n y Formaci\u00f3n Profesional.<\/p>\n","protected":false},"excerpt":{"rendered":"<p>En el presente curso escolar nuestro instituto desarrollar\u00e1 el Proyecto STEAM 4.0, enmarcado en el Programa de Cooperaci\u00f3n Territorial C\u00f3digo Escuela 4.0, conforme a lo establecido en la Resoluci\u00f3n de 1 de agosto de&#46;&#46;&#46;<\/p>\n","protected":false},"author":13259,"featured_media":0,"parent":0,"menu_order":0,"comment_status":"closed","ping_status":"closed","template":"","meta":{"ngg_post_thumbnail":0,"footnotes":""},"aioseo_notices":[],"_links":{"self":[{"href":"https:\/\/blogsaverroes.juntadeandalucia.es\/iesrodrigocaro\/wp-json\/wp\/v2\/pages\/2563"}],"collection":[{"href":"https:\/\/blogsaverroes.juntadeandalucia.es\/iesrodrigocaro\/wp-json\/wp\/v2\/pages"}],"about":[{"href":"https:\/\/blogsaverroes.juntadeandalucia.es\/iesrodrigocaro\/wp-json\/wp\/v2\/types\/page"}],"author":[{"embeddable":true,"href":"https:\/\/blogsaverroes.juntadeandalucia.es\/iesrodrigocaro\/wp-json\/wp\/v2\/users\/13259"}],"replies":[{"embeddable":true,"href":"https:\/\/blogsaverroes.juntadeandalucia.es\/iesrodrigocaro\/wp-json\/wp\/v2\/comments?post=2563"}],"version-history":[{"count":1,"href":"https:\/\/blogsaverroes.juntadeandalucia.es\/iesrodrigocaro\/wp-json\/wp\/v2\/pages\/2563\/revisions"}],"predecessor-version":[{"id":2565,"href":"https:\/\/blogsaverroes.juntadeandalucia.es\/iesrodrigocaro\/wp-json\/wp\/v2\/pages\/2563\/revisions\/2565"}],"wp:attachment":[{"href":"https:\/\/blogsaverroes.juntadeandalucia.es\/iesrodrigocaro\/wp-json\/wp\/v2\/media?parent=2563"}],"curies":[{"name":"wp","href":"https:\/\/api.w.org\/{rel}","templated":true}]}}