{"id":749,"date":"2023-01-09T21:10:01","date_gmt":"2023-01-09T20:10:01","guid":{"rendered":"https:\/\/blogsaverroes.juntadeandalucia.es\/iesrodrigocaro\/?page_id=749"},"modified":"2025-11-09T16:25:20","modified_gmt":"2025-11-09T15:25:20","slug":"oferta-educativa","status":"publish","type":"page","link":"https:\/\/blogsaverroes.juntadeandalucia.es\/iesrodrigocaro\/oferta-educativa\/","title":{"rendered":"Oferta educativa"},"content":{"rendered":"<p>Las ense\u00f1anzas que se imparten en el IES Rodrigo Caro son:&nbsp;<\/p>\n<table style=\"border-collapse: collapse;width: 100%;height: 504px\">\n<tbody>\n<tr style=\"height: 24px\">\n<td style=\"width: 50%;height: 24px\"><strong>Ense\u00f1anzas en Turno de Ma\u00f1ana<\/strong><\/td>\n<td style=\"width: 50%;height: 24px\">&nbsp;<\/td>\n<\/tr>\n<tr style=\"height: 24px\">\n<td style=\"width: 50%;height: 24px\">Educaci\u00f3n Secundaria Obligatoria (ESO)<\/td>\n<td style=\"width: 50%;height: 24px\">1\u00ba , 2\u00ba , 3\u00ba y 4\u00ba eso<\/td>\n<\/tr>\n<tr style=\"height: 24px\">\n<td style=\"width: 50%;height: 24px\">Bachillerato<\/td>\n<td style=\"width: 50%;height: 24px\">1\u00ba y 2\u00ba<\/td>\n<\/tr>\n<tr style=\"height: 48px\">\n<td style=\"width: 50%;height: 48px\">FP. Ciclo Formativo Grado Superior en Administraci\u00f3n de Sistemas Inform\u00e1ticos en Red. (ASIR &#8211; Aula Biling\u00fce &#8211; Ingl\u00e9s)<\/td>\n<td style=\"width: 50%;height: 48px\">1\u00ba y 2\u00ba<\/td>\n<\/tr>\n<tr style=\"height: 48px\">\n<td style=\"width: 50%;height: 48px\">CFG B\u00e1sica (Inform\u00e1tica de Oficina)<\/td>\n<td style=\"width: 50%;height: 48px\">1\u00ba y 2\u00ba<\/td>\n<\/tr>\n<tr style=\"height: 24px\">\n<td style=\"width: 50%;height: 24px\"><strong>Ense\u00f1anzas en Turno de Tarde<br \/>\n<\/strong><\/td>\n<td style=\"width: 50%;height: 24px\">&nbsp;<\/td>\n<\/tr>\n<tr style=\"height: 24px\">\n<td style=\"width: 50%;height: 24px\">Ense\u00f1anza Secundaria para Adultos (ESPA &#8211; Semipresencial)<\/td>\n<td style=\"width: 50%;height: 24px\">Nivel I y II<\/td>\n<\/tr>\n<tr style=\"height: 24px\">\n<td style=\"width: 50%;height: 24px\">Ense\u00f1anza Secundaria para Adultos (ESPA &#8211; Presencial)<\/td>\n<td style=\"width: 50%;height: 24px\">Nivel II<\/td>\n<\/tr>\n<tr style=\"height: 24px\">\n<td style=\"width: 50%;height: 24px\">Bachillerato (Semipresencial)<\/td>\n<td style=\"width: 50%;height: 24px\">1\u00ba y 2\u00ba<\/td>\n<\/tr>\n<tr style=\"height: 48px\">\n<td style=\"width: 50%;height: 48px\">FP. Ciclo Formativo Grado Medio en Sistemas Microinform\u00e1ticos y Redes (SMR)<\/td>\n<td style=\"width: 50%;height: 48px\">1\u00ba (Presencial) y 2\u00ba (Semipresencial)<\/td>\n<\/tr>\n<tr style=\"height: 48px\">\n<td style=\"width: 50%;height: 48px\">FP. Ciclo Formativo Grado Superior en Administraci\u00f3n de Sistemas Inform\u00e1ticos en Red. (ASIR &#8211; Aula Biling\u00fce &#8211; Ingl\u00e9s)<\/td>\n<td style=\"width: 50%;height: 48px\">1\u00ba y 2\u00ba<\/td>\n<\/tr>\n<\/tbody>\n<\/table>\n","protected":false},"excerpt":{"rendered":"<p>Las ense\u00f1anzas que se imparten en el IES Rodrigo Caro son:&nbsp; Ense\u00f1anzas en Turno de Ma\u00f1ana &nbsp; Educaci\u00f3n Secundaria Obligatoria (ESO) 1\u00ba , 2\u00ba , 3\u00ba y 4\u00ba eso Bachillerato 1\u00ba y 2\u00ba FP.&#46;&#46;&#46;<\/p>\n","protected":false},"author":13259,"featured_media":0,"parent":0,"menu_order":0,"comment_status":"closed","ping_status":"closed","template":"","meta":{"ngg_post_thumbnail":0,"footnotes":""},"aioseo_notices":[],"_links":{"self":[{"href":"https:\/\/blogsaverroes.juntadeandalucia.es\/iesrodrigocaro\/wp-json\/wp\/v2\/pages\/749"}],"collection":[{"href":"https:\/\/blogsaverroes.juntadeandalucia.es\/iesrodrigocaro\/wp-json\/wp\/v2\/pages"}],"about":[{"href":"https:\/\/blogsaverroes.juntadeandalucia.es\/iesrodrigocaro\/wp-json\/wp\/v2\/types\/page"}],"author":[{"embeddable":true,"href":"https:\/\/blogsaverroes.juntadeandalucia.es\/iesrodrigocaro\/wp-json\/wp\/v2\/users\/13259"}],"replies":[{"embeddable":true,"href":"https:\/\/blogsaverroes.juntadeandalucia.es\/iesrodrigocaro\/wp-json\/wp\/v2\/comments?post=749"}],"version-history":[{"count":9,"href":"https:\/\/blogsaverroes.juntadeandalucia.es\/iesrodrigocaro\/wp-json\/wp\/v2\/pages\/749\/revisions"}],"predecessor-version":[{"id":2582,"href":"https:\/\/blogsaverroes.juntadeandalucia.es\/iesrodrigocaro\/wp-json\/wp\/v2\/pages\/749\/revisions\/2582"}],"wp:attachment":[{"href":"https:\/\/blogsaverroes.juntadeandalucia.es\/iesrodrigocaro\/wp-json\/wp\/v2\/media?parent=749"}],"curies":[{"name":"wp","href":"https:\/\/api.w.org\/{rel}","templated":true}]}}