{"id":905,"date":"2023-01-21T08:32:09","date_gmt":"2023-01-21T07:32:09","guid":{"rendered":"https:\/\/blogsaverroes.juntadeandalucia.es\/iesrodrigocaro\/?page_id=905"},"modified":"2023-04-12T13:23:41","modified_gmt":"2023-04-12T12:23:41","slug":"documentos-y-tramites","status":"publish","type":"page","link":"https:\/\/blogsaverroes.juntadeandalucia.es\/iesrodrigocaro\/documentos-y-tramites\/","title":{"rendered":"Documentos y tr\u00e1mites"},"content":{"rendered":"<h3><strong>Impresos para realizar tr\u00e1mites en nuestra Secretar\u00eda<\/strong><\/h3>\n<table style=\"border-collapse: collapse;width: 100%;height: 120px\">\n<tbody>\n<tr style=\"height: 24px\">\n<td style=\"width: 68.7817%;height: 24px;text-align: left\"><strong>DOCUMENTOS<\/strong><\/td>\n<td style=\"width: 31.2183%;text-align: center;height: 24px\"><strong>DESCARGA<\/strong><\/td>\n<\/tr>\n<tr style=\"height: 24px\">\n<td style=\"width: 68.7817%;text-align: left;height: 24px\">Autorizaci\u00f3n para retirada de documentaci\u00f3n por persona distinta del titular<\/td>\n<td style=\"width: 31.2183%;height: 24px\"><a href=\"https:\/\/drive.google.com\/file\/d\/1VmpXgdG_aNUxtN7sDANNhxzUBEBGveJm\/view?usp=sharing\">Link<\/a><\/td>\n<\/tr>\n<tr style=\"height: 24px\">\n<td style=\"width: 68.7817%;text-align: left;height: 24px\">Plantilla solicitud de t\u00edtulos<\/td>\n<td style=\"width: 31.2183%;height: 24px\"><a href=\"https:\/\/drive.google.com\/file\/d\/1BGsm6wVKpgVsFgobwdLi4II-2R94hUG2\/view?usp=sharing\">Link<\/a><\/td>\n<\/tr>\n<tr style=\"height: 24px\">\n<td style=\"width: 68.7817%;text-align: left;height: 24px\">Solicitud anulaci\u00f3n de matr\u00edcula<\/td>\n<td style=\"width: 31.2183%;height: 24px\"><a href=\"https:\/\/drive.google.com\/file\/d\/1vuAy1e82qoqe6zuRE6q7j3yij5x_Xpjk\/view?usp=sharing\">Link<\/a><\/td>\n<\/tr>\n<tr style=\"height: 24px\">\n<td style=\"width: 68.7817%;text-align: left;height: 24px\">Solicitud de carnet de estudiante<\/td>\n<td style=\"width: 31.2183%;height: 24px\"><a href=\"https:\/\/drive.google.com\/file\/d\/1nCXc5jmhapTGynHrWoFvYJdw0Vcswsz4\/view?usp=sharing\">Link<\/a><\/td>\n<\/tr>\n<\/tbody>\n<\/table>\n<p><strong>&nbsp;<\/strong><\/p>\n<p><strong>&nbsp;<\/strong><\/p>\n<p>&nbsp;<\/p>\n","protected":false},"excerpt":{"rendered":"<p>Impresos para realizar tr\u00e1mites en nuestra Secretar\u00eda DOCUMENTOS DESCARGA Autorizaci\u00f3n para retirada de documentaci\u00f3n por persona distinta del titular Link Plantilla solicitud de t\u00edtulos Link Solicitud anulaci\u00f3n de matr\u00edcula Link Solicitud de carnet de&#46;&#46;&#46;<\/p>\n","protected":false},"author":13259,"featured_media":0,"parent":0,"menu_order":0,"comment_status":"closed","ping_status":"closed","template":"","meta":{"ngg_post_thumbnail":0,"footnotes":""},"aioseo_notices":[],"_links":{"self":[{"href":"https:\/\/blogsaverroes.juntadeandalucia.es\/iesrodrigocaro\/wp-json\/wp\/v2\/pages\/905"}],"collection":[{"href":"https:\/\/blogsaverroes.juntadeandalucia.es\/iesrodrigocaro\/wp-json\/wp\/v2\/pages"}],"about":[{"href":"https:\/\/blogsaverroes.juntadeandalucia.es\/iesrodrigocaro\/wp-json\/wp\/v2\/types\/page"}],"author":[{"embeddable":true,"href":"https:\/\/blogsaverroes.juntadeandalucia.es\/iesrodrigocaro\/wp-json\/wp\/v2\/users\/13259"}],"replies":[{"embeddable":true,"href":"https:\/\/blogsaverroes.juntadeandalucia.es\/iesrodrigocaro\/wp-json\/wp\/v2\/comments?post=905"}],"version-history":[{"count":14,"href":"https:\/\/blogsaverroes.juntadeandalucia.es\/iesrodrigocaro\/wp-json\/wp\/v2\/pages\/905\/revisions"}],"predecessor-version":[{"id":1503,"href":"https:\/\/blogsaverroes.juntadeandalucia.es\/iesrodrigocaro\/wp-json\/wp\/v2\/pages\/905\/revisions\/1503"}],"wp:attachment":[{"href":"https:\/\/blogsaverroes.juntadeandalucia.es\/iesrodrigocaro\/wp-json\/wp\/v2\/media?parent=905"}],"curies":[{"name":"wp","href":"https:\/\/api.w.org\/{rel}","templated":true}]}}