{"id":24,"date":"2020-01-10T08:48:39","date_gmt":"2020-01-10T07:48:39","guid":{"rendered":"http:\/\/blogsaverroes.juntadeandalucia.es\/pre\/nuevoies2v2\/?page_id=24"},"modified":"2022-05-09T15:57:06","modified_gmt":"2022-05-09T14:57:06","slug":"3o-eso","status":"publish","type":"page","link":"https:\/\/blogsaverroes.juntadeandalucia.es\/iesrreyes\/3o-eso\/","title":{"rendered":"3\u00ba ESO"},"content":{"rendered":"<table style=\"height: 700px;width: 87.0567%;border-style: solid;border-color: #000000\" width=\"102.655%\">\n<tbody>\n<tr style=\"height: 28px\">\n<td style=\"border-style: solid;width: 83.8466%;border-color: #000000;background-color: #b0d4bc;height: 28px;text-align: center\" colspan=\"3\" width=\"762\"><span style=\"font-size: 14pt\"><b>HORARIO LECTIVO 3\u00ba DE ESO (Orden 15 de enero de 2021)<\/b><\/span><\/td>\n<\/tr>\n<tr style=\"height: 48px\">\n<td style=\"height: 48px;border-style: solid;border-color: #000000;background-color: #bddbc7;width: 41.534%\"><b>BLOQUES DE ASIGNATURAS<\/b><\/td>\n<td style=\"height: 48px;border-style: solid;border-color: #000000;background-color: #bddbc7;width: 35.6762%\"><b>3.\u00ba ESO<\/b><\/td>\n<td style=\"height: 48px;border-style: solid;border-color: #000000;background-color: #bddbc7;width: 6.63644%\" width=\"80\"><b>SESIONES LECTIVAS<\/b><\/td>\n<\/tr>\n<tr style=\"height: 24px\">\n<td style=\"border-style: solid;border-color: #000000;background-color: #cae3d3;height: 192px;width: 41.534%\" rowspan=\"6\"><b>TRONCALES GENERALES<\/b><\/td>\n<td style=\"height: 24px;border-style: solid;border-color: #000000;width: 35.6762%\">Biolog\u00eda y Geolog\u00eda<\/td>\n<td style=\"height: 24px;border-style: solid;border-color: #000000;width: 6.63644%\">2<\/td>\n<\/tr>\n<tr style=\"height: 24px\">\n<td style=\"height: 24px;border-style: solid;border-color: #000000;width: 35.6762%\">F\u00edsica y Qu\u00edmica<\/td>\n<td style=\"height: 24px;border-style: solid;border-color: #000000;width: 6.63644%\">3<\/td>\n<\/tr>\n<tr style=\"height: 24px\">\n<td style=\"height: 24px;border-style: solid;border-color: #000000;width: 35.6762%\">Geograf\u00eda e Historia<\/td>\n<td style=\"height: 24px;border-style: solid;border-color: #000000;width: 6.63644%\">3<\/td>\n<\/tr>\n<tr style=\"height: 24px\">\n<td style=\"height: 24px;border-style: solid;border-color: #000000;width: 35.6762%\">Lengua Castellana y Literatura<\/td>\n<td style=\"height: 24px;border-style: solid;border-color: #000000;width: 6.63644%\">4<\/td>\n<\/tr>\n<tr style=\"height: 24px\">\n<td style=\"height: 24px;border-style: solid;border-color: #000000;width: 35.6762%\">Primera Lengua Extranjera<\/td>\n<td style=\"height: 24px;border-style: solid;border-color: #000000;width: 6.63644%\">4<\/td>\n<\/tr>\n<tr style=\"height: 72px\">\n<td style=\"height: 72px;border-style: solid;border-color: #000000;width: 35.6762%\" width=\"363\">Matem\u00e1ticas Orientadas a las Ense\u00f1anzas Acad\u00e9micas o Matem\u00e1ticas Orientadas a las Ense\u00f1anzas Aplicadas<\/td>\n<td style=\"height: 72px;border-style: solid;border-color: #000000;width: 6.63644%\">4<\/td>\n<\/tr>\n<tr style=\"height: 24px\">\n<td style=\"height: 72px;border-style: solid;border-color: #000000;background-color: #d7eade;width: 41.534%\" rowspan=\"3\"><b>ESPEC\u00cdFICAS OBLIGATORIAS<\/b><\/td>\n<td style=\"height: 24px;border-style: solid;border-color: #000000;width: 35.6762%\">Educaci\u00f3n F\u00edsica<\/td>\n<td style=\"height: 24px;border-style: solid;border-color: #000000;width: 6.63644%\">2<\/td>\n<\/tr>\n<tr style=\"height: 24px\">\n<td style=\"height: 24px;border-style: solid;border-color: #000000;width: 35.6762%\">Religi\u00f3n \/ Valores \u00c9ticos<\/td>\n<td style=\"height: 24px;border-style: solid;border-color: #000000;width: 6.63644%\">1<\/td>\n<\/tr>\n<tr style=\"height: 24px\">\n<td style=\"height: 24px;border-style: solid;border-color: #000000;width: 35.6762%\">Tecnolog\u00eda<\/td>\n<td style=\"height: 24px;border-style: solid;border-color: #000000;width: 6.63644%\">3<\/td>\n<\/tr>\n<tr style=\"height: 24px\">\n<td style=\"height: 264px;border-style: solid;width: 41.534%;border-color: #000000;background-color: #e4f1e9\" rowspan=\"10\" width=\"319\"><b>ESPEC\u00cdFICAS DE OPCI\u00d3N &#8211; LIBRE CONFIGURACI\u00d3N AUTON\u00d3MICA Elegir 1<\/b><\/td>\n<td style=\"height: 24px;border-style: solid;border-color: #000000;width: 35.6762%\">Cambios Sociales y G\u00e9nero<\/td>\n<td style=\"height: 24px;border-style: solid;border-color: #000000;width: 6.63644%\">2<\/td>\n<\/tr>\n<tr style=\"height: 24px\">\n<td style=\"height: 24px;border-style: solid;border-color: #000000;width: 35.6762%\">Cultura Cl\u00e1sica<\/td>\n<td style=\"height: 24px;border-style: solid;border-color: #000000;width: 6.63644%\">2<\/td>\n<\/tr>\n<tr style=\"height: 24px\">\n<td style=\"height: 24px;border-style: solid;border-color: #000000;width: 35.6762%\">Educaci\u00f3n Pl\u00e1stica, Visual y Audiovisual<\/td>\n<td style=\"height: 24px;border-style: solid;border-color: #000000;width: 6.63644%\">2<\/td>\n<\/tr>\n<tr style=\"height: 24px\">\n<td style=\"height: 24px;border-style: solid;border-color: #000000;width: 35.6762%\">Iniciaci\u00f3n a la actividad Empresarial<\/td>\n<td style=\"height: 24px;border-style: solid;border-color: #000000;width: 6.63644%\">2<\/td>\n<\/tr>\n<tr style=\"height: 24px\">\n<td style=\"height: 24px;border-style: solid;border-color: #000000;width: 35.6762%\">M\u00fasica<\/td>\n<td style=\"height: 24px;border-style: solid;border-color: #000000;width: 6.63644%\">2<\/td>\n<\/tr>\n<tr style=\"height: 24px\">\n<td style=\"height: 24px;border-style: solid;border-color: #000000;width: 35.6762%\">Oratoria y Debate<\/td>\n<td style=\"height: 24px;border-style: solid;border-color: #000000;width: 6.63644%\">2<\/td>\n<\/tr>\n<tr style=\"height: 24px\">\n<td style=\"height: 24px;border-style: solid;border-color: #000000;width: 35.6762%\">Computaci\u00f3n y Rob\u00f3tica<\/td>\n<td style=\"height: 24px;border-style: solid;border-color: #000000;width: 6.63644%\">2<\/td>\n<\/tr>\n<tr style=\"height: 24px\">\n<td style=\"height: 24px;border-style: solid;border-color: #000000;width: 35.6762%\">Segunda Lengua Extranjera<\/td>\n<td style=\"height: 24px;border-style: solid;border-color: #000000;width: 6.63644%\">2<\/td>\n<\/tr>\n<tr style=\"height: 24px\">\n<td style=\"height: 24px;border-style: solid;border-color: #000000;width: 35.6762%\">Materia de Dise\u00f1o propio<\/td>\n<td style=\"height: 24px;border-style: solid;border-color: #000000;width: 6.63644%\">2<\/td>\n<\/tr>\n<tr style=\"height: 48px\">\n<td style=\"height: 48px;border-style: solid;border-color: #000000;width: 35.6762%\">Ampliaci\u00f3n del horario de ByG \/ GH \/ EF \/ 1\u00aa LE (a elegir 2)<\/td>\n<td style=\"height: 48px;border-style: solid;border-color: #000000;width: 6.63644%\">1\/1<\/td>\n<\/tr>\n<tr style=\"height: 48px\">\n<td style=\"height: 48px;border-style: solid;border-color: #000000;background-color: #f2f8f4;width: 41.534%\"><b>LIBRE CONFIGURACI\u00d3N AUTON\u00d3MICA<\/b><\/td>\n<td style=\"height: 48px;border-style: solid;border-color: #000000;width: 35.6762%\">Educaci\u00f3n para la Ciudadan\u00eda y los Derechos Humanos<\/td>\n<td style=\"height: 48px;border-style: solid;border-color: #000000;width: 6.63644%\">1<\/td>\n<\/tr>\n<tr style=\"height: 24px\">\n<td style=\"height: 24px;border-style: solid;border-color: #000000;background-color: #ffffff;width: 41.534%\"><b>TUTOR\u00cdA<\/b><\/td>\n<td style=\"height: 24px;border-style: solid;border-color: #000000;width: 35.6762%\">&nbsp;<\/td>\n<td style=\"height: 24px;border-style: solid;border-color: #000000;width: 6.63644%\">1<\/td>\n<\/tr>\n<tr style=\"height: 24px\">\n<td style=\"height: 24px;border-style: solid;border-color: #000000;background-color: #f9ecc8;width: 41.534%\"><b>TOTAL SESIONES LECTIVAS<\/b><\/td>\n<td style=\"height: 24px;border-style: solid;border-color: #000000;width: 35.6762%\">&nbsp;<\/td>\n<td style=\"height: 24px;border-style: solid;border-color: #000000;width: 6.63644%\">30<\/td>\n<\/tr>\n<\/tbody>\n<\/table>\n","protected":false},"excerpt":{"rendered":"<p>HORARIO LECTIVO 3\u00ba DE ESO (Orden 15 de enero de 2021) BLOQUES DE ASIGNATURAS 3.\u00ba ESO&#46;&#46;&#46;<\/p>\n","protected":false},"author":7051,"featured_media":0,"parent":0,"menu_order":0,"comment_status":"closed","ping_status":"closed","template":"page-templates\/child-menu.php","meta":{"ngg_post_thumbnail":0,"footnotes":""},"aioseo_notices":[],"_links":{"self":[{"href":"https:\/\/blogsaverroes.juntadeandalucia.es\/iesrreyes\/wp-json\/wp\/v2\/pages\/24"}],"collection":[{"href":"https:\/\/blogsaverroes.juntadeandalucia.es\/iesrreyes\/wp-json\/wp\/v2\/pages"}],"about":[{"href":"https:\/\/blogsaverroes.juntadeandalucia.es\/iesrreyes\/wp-json\/wp\/v2\/types\/page"}],"author":[{"embeddable":true,"href":"https:\/\/blogsaverroes.juntadeandalucia.es\/iesrreyes\/wp-json\/wp\/v2\/users\/7051"}],"replies":[{"embeddable":true,"href":"https:\/\/blogsaverroes.juntadeandalucia.es\/iesrreyes\/wp-json\/wp\/v2\/comments?post=24"}],"version-history":[{"count":12,"href":"https:\/\/blogsaverroes.juntadeandalucia.es\/iesrreyes\/wp-json\/wp\/v2\/pages\/24\/revisions"}],"predecessor-version":[{"id":1618,"href":"https:\/\/blogsaverroes.juntadeandalucia.es\/iesrreyes\/wp-json\/wp\/v2\/pages\/24\/revisions\/1618"}],"wp:attachment":[{"href":"https:\/\/blogsaverroes.juntadeandalucia.es\/iesrreyes\/wp-json\/wp\/v2\/media?parent=24"}],"curies":[{"name":"wp","href":"https:\/\/api.w.org\/{rel}","templated":true}]}}