{"id":301,"date":"2020-02-12T08:22:12","date_gmt":"2020-02-12T07:22:12","guid":{"rendered":"http:\/\/blogsaverroes.juntadeandalucia.es\/pre\/nuevoies2v2\/?page_id=301"},"modified":"2021-05-09T17:25:26","modified_gmt":"2021-05-09T16:25:26","slug":"novedades","status":"publish","type":"page","link":"https:\/\/blogsaverroes.juntadeandalucia.es\/iesrreyes\/novedades\/","title":{"rendered":"Novedades"},"content":{"rendered":"<p>[et_pb_section][et_pb_row][et_pb_column type=&#8221;4_4&#8243;][et_pb_text]<\/p>\n<div class=\"pt-cv-wrapper\"><div class=\"pt-cv-view pt-cv-grid pt-cv-colsys\" id=\"pt-cv-view-4efd38bw9f\"><div data-id=\"pt-cv-page-1\" class=\"pt-cv-page\" data-cvc=\"3\"><div class=\"col-md-4 col-sm-6 col-xs-12 pt-cv-content-item pt-cv-1-col\" ><div class='pt-cv-ifield'><a href=\"https:\/\/blogsaverroes.juntadeandalucia.es\/iesrreyes\/2058-2\/\" class=\"_self pt-cv-href-thumbnail pt-cv-thumb-default\" target=\"_self\" ><img fetchpriority=\"high\" decoding=\"async\" width=\"275\" height=\"183\" src=\"https:\/\/blogsaverroes.juntadeandalucia.es\/iesrreyes\/files\/2022\/11\/images-2.jpeg\" class=\"pt-cv-thumbnail\" alt=\"\" \/><\/a>\n<h4 class=\"pt-cv-title\"><a href=\"https:\/\/blogsaverroes.juntadeandalucia.es\/iesrreyes\/2058-2\/\" class=\"_self\" target=\"_self\" >Convalidas???<\/a><\/h4>\n<div class=\"pt-cv-content\">INSTRUCCIONES: CONVALIDACI\u00d3N DE M\u00d3DULOS DE FORMACI\u00d3N PROFESIONAL Todas las solicitudes se presentar\u00e1n a trav\u00e9s de ...<br \/><div class=\"pt-cv-rmwrap\"><a href=\"https:\/\/blogsaverroes.juntadeandalucia.es\/iesrreyes\/2058-2\/\" class=\"_self pt-cv-readmore btn btn-success\" target=\"_self\">Leer M\u00e1s<\/a><\/div><\/div><\/div><\/div>\n<div class=\"col-md-4 col-sm-6 col-xs-12 pt-cv-content-item pt-cv-1-col\" ><div class='pt-cv-ifield'><a href=\"https:\/\/blogsaverroes.juntadeandalucia.es\/iesrreyes\/elementor-2364\/\" class=\"_self pt-cv-href-thumbnail pt-cv-thumb-default\" target=\"_self\" ><img decoding=\"async\" width=\"2560\" height=\"1707\" src=\"https:\/\/blogsaverroes.juntadeandalucia.es\/iesrreyes\/files\/2023\/09\/3170-scaled-1.jpg\" class=\"pt-cv-thumbnail\" alt=\"\" srcset=\"https:\/\/blogsaverroes.juntadeandalucia.es\/iesrreyes\/files\/2023\/09\/3170-scaled-1.jpg 2560w, https:\/\/blogsaverroes.juntadeandalucia.es\/iesrreyes\/files\/2023\/09\/3170-scaled-1-300x200.jpg 300w, https:\/\/blogsaverroes.juntadeandalucia.es\/iesrreyes\/files\/2023\/09\/3170-scaled-1-1024x683.jpg 1024w, https:\/\/blogsaverroes.juntadeandalucia.es\/iesrreyes\/files\/2023\/09\/3170-scaled-1-768x512.jpg 768w, https:\/\/blogsaverroes.juntadeandalucia.es\/iesrreyes\/files\/2023\/09\/3170-scaled-1-1536x1024.jpg 1536w, https:\/\/blogsaverroes.juntadeandalucia.es\/iesrreyes\/files\/2023\/09\/3170-scaled-1-2048x1366.jpg 2048w\" sizes=\"(max-width: 2560px) 100vw, 2560px\" \/><\/a>\n<h4 class=\"pt-cv-title\"><a href=\"https:\/\/blogsaverroes.juntadeandalucia.es\/iesrreyes\/elementor-2364\/\" class=\"_self\" target=\"_self\" >(sin t\u00edtulo)<\/a><\/h4>\n<div class=\"pt-cv-content\">CURSO DE REGISTROS CONTABLES Y OFIM\u00c1TICA El Insituto IES Rafael Reyes va impartir dos m\u00f3dulos ...<br \/><div class=\"pt-cv-rmwrap\"><a href=\"https:\/\/blogsaverroes.juntadeandalucia.es\/iesrreyes\/elementor-2364\/\" class=\"_self pt-cv-readmore btn btn-success\" target=\"_self\">Leer M\u00e1s<\/a><\/div><\/div><\/div><\/div>\n<div class=\"col-md-4 col-sm-6 col-xs-12 pt-cv-content-item pt-cv-1-col\" ><div class='pt-cv-ifield'><a href=\"https:\/\/blogsaverroes.juntadeandalucia.es\/iesrreyes\/nueva-seccion-escolarizacion-fp\/\" class=\"_self pt-cv-href-thumbnail pt-cv-thumb-default\" target=\"_self\" ><img decoding=\"async\" width=\"1277\" height=\"678\" src=\"https:\/\/blogsaverroes.juntadeandalucia.es\/iesrreyes\/files\/2023\/06\/formacion-profesional.png\" class=\"pt-cv-thumbnail\" alt=\"\" srcset=\"https:\/\/blogsaverroes.juntadeandalucia.es\/iesrreyes\/files\/2023\/06\/formacion-profesional.png 1277w, https:\/\/blogsaverroes.juntadeandalucia.es\/iesrreyes\/files\/2023\/06\/formacion-profesional-300x159.png 300w, https:\/\/blogsaverroes.juntadeandalucia.es\/iesrreyes\/files\/2023\/06\/formacion-profesional-1024x544.png 1024w, https:\/\/blogsaverroes.juntadeandalucia.es\/iesrreyes\/files\/2023\/06\/formacion-profesional-768x408.png 768w\" sizes=\"(max-width: 1277px) 100vw, 1277px\" \/><\/a>\n<h4 class=\"pt-cv-title\"><a href=\"https:\/\/blogsaverroes.juntadeandalucia.es\/iesrreyes\/nueva-seccion-escolarizacion-fp\/\" class=\"_self\" target=\"_self\" >Nueva Secci\u00f3n &#8211; Escolarizaci\u00f3n FP<\/a><\/h4>\n<div class=\"pt-cv-content\"> ...<br \/><div class=\"pt-cv-rmwrap\"><a href=\"https:\/\/blogsaverroes.juntadeandalucia.es\/iesrreyes\/nueva-seccion-escolarizacion-fp\/\" class=\"_self pt-cv-readmore btn btn-success\" target=\"_self\">Leer M\u00e1s<\/a><\/div><\/div><\/div><\/div>\n<div class=\"col-md-4 col-sm-6 col-xs-12 pt-cv-content-item pt-cv-1-col\" ><div class='pt-cv-ifield'><a href=\"https:\/\/blogsaverroes.juntadeandalucia.es\/iesrreyes\/calendario-de-examenes-de-septiembre\/\" class=\"_self pt-cv-href-thumbnail pt-cv-thumb-default\" target=\"_self\" ><img loading=\"lazy\" decoding=\"async\" width=\"5812\" height=\"3752\" src=\"https:\/\/blogsaverroes.juntadeandalucia.es\/iesrreyes\/files\/2022\/07\/Ex\u00e1menes-Septiembre-2022.png\" class=\"pt-cv-thumbnail\" alt=\"\" srcset=\"https:\/\/blogsaverroes.juntadeandalucia.es\/iesrreyes\/files\/2022\/07\/Ex\u00e1menes-Septiembre-2022.png 5812w, https:\/\/blogsaverroes.juntadeandalucia.es\/iesrreyes\/files\/2022\/07\/Ex\u00e1menes-Septiembre-2022-300x194.png 300w, https:\/\/blogsaverroes.juntadeandalucia.es\/iesrreyes\/files\/2022\/07\/Ex\u00e1menes-Septiembre-2022-1024x661.png 1024w, https:\/\/blogsaverroes.juntadeandalucia.es\/iesrreyes\/files\/2022\/07\/Ex\u00e1menes-Septiembre-2022-768x496.png 768w, https:\/\/blogsaverroes.juntadeandalucia.es\/iesrreyes\/files\/2022\/07\/Ex\u00e1menes-Septiembre-2022-1536x992.png 1536w, https:\/\/blogsaverroes.juntadeandalucia.es\/iesrreyes\/files\/2022\/07\/Ex\u00e1menes-Septiembre-2022-2048x1322.png 2048w\" sizes=\"(max-width: 5812px) 100vw, 5812px\" \/><\/a>\n<h4 class=\"pt-cv-title\"><a href=\"https:\/\/blogsaverroes.juntadeandalucia.es\/iesrreyes\/calendario-de-examenes-de-septiembre\/\" class=\"_self\" target=\"_self\" >Calendario de ex\u00e1menes de septiembre 2022<\/a><\/h4>\n<div class=\"pt-cv-content\">Se publica el calendario de ex\u00e1menes extraordinarios de septiembre para 1\u00ba de Bachillerato. Tendr\u00e1n lugar ...<br \/><div class=\"pt-cv-rmwrap\"><a href=\"https:\/\/blogsaverroes.juntadeandalucia.es\/iesrreyes\/calendario-de-examenes-de-septiembre\/\" class=\"_self pt-cv-readmore btn btn-success\" target=\"_self\">Leer M\u00e1s<\/a><\/div><\/div><\/div><\/div>\n<div class=\"col-md-4 col-sm-6 col-xs-12 pt-cv-content-item pt-cv-1-col\" ><div class='pt-cv-ifield'><a href=\"https:\/\/blogsaverroes.juntadeandalucia.es\/iesrreyes\/matriculacion-eso-y-bachillerato\/\" class=\"_self pt-cv-href-thumbnail pt-cv-thumb-default\" target=\"_self\" ><img loading=\"lazy\" decoding=\"async\" width=\"1413\" height=\"485\" src=\"https:\/\/blogsaverroes.juntadeandalucia.es\/iesrreyes\/files\/2022\/06\/Matr\u00edculaci\u00f3n-ESO-y-Bachillerato-2.jpg\" class=\"pt-cv-thumbnail\" alt=\"\" srcset=\"https:\/\/blogsaverroes.juntadeandalucia.es\/iesrreyes\/files\/2022\/06\/Matr\u00edculaci\u00f3n-ESO-y-Bachillerato-2.jpg 1413w, https:\/\/blogsaverroes.juntadeandalucia.es\/iesrreyes\/files\/2022\/06\/Matr\u00edculaci\u00f3n-ESO-y-Bachillerato-2-300x103.jpg 300w, https:\/\/blogsaverroes.juntadeandalucia.es\/iesrreyes\/files\/2022\/06\/Matr\u00edculaci\u00f3n-ESO-y-Bachillerato-2-1024x351.jpg 1024w, https:\/\/blogsaverroes.juntadeandalucia.es\/iesrreyes\/files\/2022\/06\/Matr\u00edculaci\u00f3n-ESO-y-Bachillerato-2-768x264.jpg 768w\" sizes=\"(max-width: 1413px) 100vw, 1413px\" \/><\/a>\n<h4 class=\"pt-cv-title\"><a href=\"https:\/\/blogsaverroes.juntadeandalucia.es\/iesrreyes\/matriculacion-eso-y-bachillerato\/\" class=\"_self\" target=\"_self\" >Matriculaci\u00f3n ESO y Bachillerato<\/a><\/h4>\n<div class=\"pt-cv-content\"> ...<br \/><div class=\"pt-cv-rmwrap\"><a href=\"https:\/\/blogsaverroes.juntadeandalucia.es\/iesrreyes\/matriculacion-eso-y-bachillerato\/\" class=\"_self pt-cv-readmore btn btn-success\" target=\"_self\">Leer M\u00e1s<\/a><\/div><\/div><\/div><\/div>\n<div class=\"col-md-4 col-sm-6 col-xs-12 pt-cv-content-item pt-cv-1-col\" ><div class='pt-cv-ifield'><a href=\"https:\/\/blogsaverroes.juntadeandalucia.es\/iesrreyes\/ciclos-formativos\/\" class=\"_self pt-cv-href-thumbnail pt-cv-thumb-default\" target=\"_self\" ><img loading=\"lazy\" decoding=\"async\" width=\"316\" height=\"115\" src=\"https:\/\/blogsaverroes.juntadeandalucia.es\/iesrreyes\/files\/2022\/06\/fpa_set_logo.png\" class=\"pt-cv-thumbnail\" alt=\"\" srcset=\"https:\/\/blogsaverroes.juntadeandalucia.es\/iesrreyes\/files\/2022\/06\/fpa_set_logo.png 316w, https:\/\/blogsaverroes.juntadeandalucia.es\/iesrreyes\/files\/2022\/06\/fpa_set_logo-300x109.png 300w\" sizes=\"(max-width: 316px) 100vw, 316px\" \/><\/a>\n<h4 class=\"pt-cv-title\"><a href=\"https:\/\/blogsaverroes.juntadeandalucia.es\/iesrreyes\/ciclos-formativos\/\" class=\"_self\" target=\"_self\" >Tr\u00e1mites de escolarizaci\u00f3n en FP<\/a><\/h4>\n<div class=\"pt-cv-content\">\u00bfQUIERES PEDIR PLAZA EN UN CICLO DE GRADO MEDIO? ACCEDE AL TR\u00c1MITE AQU\u00cd: O en ...<br \/><div class=\"pt-cv-rmwrap\"><a href=\"https:\/\/blogsaverroes.juntadeandalucia.es\/iesrreyes\/ciclos-formativos\/\" class=\"_self pt-cv-readmore btn btn-success\" target=\"_self\">Leer M\u00e1s<\/a><\/div><\/div><\/div><\/div><\/div><\/div>\n<div class=\" pt-cv-pagination-wrapper\"><ul class=\"pt-cv-pagination pt-cv-ajax pagination\" data-totalpages=\"3\" data-currentpage=\"1\" data-sid=\"4efd38bw9f\" data-unid=\"\" data-isblock=\"\" data-postid=\"\"><li class=\"active\"><a href=\"#\">1<\/a><\/li>\n\t<li ><a class=\"\" href=\"https:\/\/blogsaverroes.juntadeandalucia.es\/iesrreyes\/wp-json\/wp\/v2\/pages\/301\/?_page=2\">2<\/a><\/li>\n\t<li ><a class=\"\" href=\"https:\/\/blogsaverroes.juntadeandalucia.es\/iesrreyes\/wp-json\/wp\/v2\/pages\/301\/?_page=3\">3<\/a><\/li>\n\t<li ><a class=\" \" href=\"https:\/\/blogsaverroes.juntadeandalucia.es\/iesrreyes\/wp-json\/wp\/v2\/pages\/301\/?_page=2\">&rsaquo;<\/a><\/li>\n\t<\/ul><img loading=\"lazy\" decoding=\"async\" width=\"15\" height=\"15\" class=\"pt-cv-spinner\" alt=\"Cargando...\" src=\"data:image\/gif;base64,R0lGODlhDwAPALMPAMrKygwMDJOTkz09PZWVla+vr3p6euTk5M7OzuXl5TMzMwAAAJmZmWZmZszMzP\/\/\/yH\/C05FVFNDQVBFMi4wAwEAAAAh+QQFCgAPACwAAAAADwAPAAAEQvDJaZaZOIcV8iQK8VRX4iTYoAwZ4iCYoAjZ4RxejhVNoT+mRGP4cyF4Pp0N98sBGIBMEMOotl6YZ3S61Bmbkm4mAgAh+QQFCgAPACwAAAAADQANAAAENPDJSRSZeA418itN8QiK8BiLITVsFiyBBIoYqnoewAD4xPw9iY4XLGYSjkQR4UAUD45DLwIAIfkEBQoADwAsAAAAAA8ACQAABC\/wyVlamTi3nSdgwFNdhEJgTJoNyoB9ISYoQmdjiZPcj7EYCAeCF1gEDo4Dz2eIAAAh+QQFCgAPACwCAAAADQANAAAEM\/DJBxiYeLKdX3IJZT1FU0iIg2RNKx3OkZVnZ98ToRD4MyiDnkAh6BkNC0MvsAj0kMpHBAAh+QQFCgAPACwGAAAACQAPAAAEMDC59KpFDll73HkAA2wVY5KgiK5b0RRoI6MuzG6EQqCDMlSGheEhUAgqgUUAFRySIgAh+QQFCgAPACwCAAIADQANAAAEM\/DJKZNLND\/kkKaHc3xk+QAMYDKsiaqmZCxGVjSFFCxB1vwy2oOgIDxuucxAMTAJFAJNBAAh+QQFCgAPACwAAAYADwAJAAAEMNAs86q1yaWwwv2Ig0jUZx3OYa4XoRAfwADXoAwfo1+CIjyFRuEho60aSNYlOPxEAAAh+QQFCgAPACwAAAIADQANAAAENPA9s4y8+IUVcqaWJ4qEQozSoAzoIyhCK2NFU2SJk0hNnyEOhKR2AzAAj4Pj4GE4W0bkJQIAOw==\" \/><div class=\"clear pt-cv-clear-pagination\"><\/div><\/div><\/div>\n<p>[\/et_pb_text][\/et_pb_column][\/et_pb_row][\/et_pb_section]<\/p>\n","protected":false},"excerpt":{"rendered":"<p>[et_pb_section][et_pb_row][et_pb_column type=&#8221;4_4&#8243;][et_pb_text] [\/et_pb_text][\/et_pb_column][\/et_pb_row][\/et_pb_section]<\/p>\n","protected":false},"author":7051,"featured_media":0,"parent":0,"menu_order":0,"comment_status":"closed","ping_status":"closed","template":"","meta":{"ngg_post_thumbnail":0,"footnotes":""},"aioseo_notices":[],"_links":{"self":[{"href":"https:\/\/blogsaverroes.juntadeandalucia.es\/iesrreyes\/wp-json\/wp\/v2\/pages\/301"}],"collection":[{"href":"https:\/\/blogsaverroes.juntadeandalucia.es\/iesrreyes\/wp-json\/wp\/v2\/pages"}],"about":[{"href":"https:\/\/blogsaverroes.juntadeandalucia.es\/iesrreyes\/wp-json\/wp\/v2\/types\/page"}],"author":[{"embeddable":true,"href":"https:\/\/blogsaverroes.juntadeandalucia.es\/iesrreyes\/wp-json\/wp\/v2\/users\/7051"}],"replies":[{"embeddable":true,"href":"https:\/\/blogsaverroes.juntadeandalucia.es\/iesrreyes\/wp-json\/wp\/v2\/comments?post=301"}],"version-history":[{"count":1,"href":"https:\/\/blogsaverroes.juntadeandalucia.es\/iesrreyes\/wp-json\/wp\/v2\/pages\/301\/revisions"}],"predecessor-version":[{"id":633,"href":"https:\/\/blogsaverroes.juntadeandalucia.es\/iesrreyes\/wp-json\/wp\/v2\/pages\/301\/revisions\/633"}],"wp:attachment":[{"href":"https:\/\/blogsaverroes.juntadeandalucia.es\/iesrreyes\/wp-json\/wp\/v2\/media?parent=301"}],"curies":[{"name":"wp","href":"https:\/\/api.w.org\/{rel}","templated":true}]}}