{"id":10868,"date":"2023-06-16T16:26:35","date_gmt":"2023-06-16T16:26:35","guid":{"rendered":"https:\/\/blogsaverroes.juntadeandalucia.es\/iessalvadorserrano\/?page_id=10868"},"modified":"2023-06-17T09:05:27","modified_gmt":"2023-06-17T09:05:27","slug":"informacion-materias-optativas","status":"publish","type":"page","link":"https:\/\/blogsaverroes.juntadeandalucia.es\/iessalvadorserrano\/informacion-materias-optativas\/","title":{"rendered":"Informaci\u00f3n materias optativas"},"content":{"rendered":"<p style=\"text-align: justify\">&nbsp;&nbsp;&nbsp; Esta web se ha elaborado con la \u00fanica finalidad de que el alumnado y las familias conozcan los detalles de aquellas <strong>materias optativas<\/strong> que se ofertan para el curso acad\u00e9mico 2023-2024. En ella se ir\u00e1 incluyendo la <strong>informaci\u00f3n<\/strong> que los distintos departamentos aporte para el conocimiento del alumnado y sus familias, de cara a la mejor elecci\u00f3n a la hora de hacer la matr\u00edcula.<\/p>\n<p style=\"text-align: justify\">&nbsp;&nbsp;&nbsp; La oferta educativa (tambi\u00e9n disponible desde el <strong>men\u00fa El Centro &#8211;&gt; Ense\u00f1anzas &#8211;&gt; ESO y Bachillerato<\/strong>), es la siguiente:<\/p>\n<p><iframe loading=\"lazy\" src=\"https:\/\/drive.google.com\/file\/d\/10uyEoN-CwRw6FkZQFG76jleGfalevQJV\/preview\" width=\"640\" height=\"380\"><span style=\"width: 0px;overflow: hidden;line-height: 0\" data-mce-type=\"bookmark\" class=\"mce_SELRES_start\">\ufeff<\/span><\/iframe>&nbsp;<\/p>\n<p>&nbsp;&nbsp;&nbsp; A continuaci\u00f3n aparece la <strong>informaci\u00f3n de algunas materias<\/strong>, suministrada por los departamentos:<\/p>\n<ul>\n<li>\n<h4><a href=\"https:\/\/blogsaverroes.juntadeandalucia.es\/iessalvadorserrano\/files\/2023\/06\/Informaci\u00f3n-sobre-Cultura-del-Flamenco.pdf\">Informaci\u00f3n sobre Cultura del Flamenco (3\u00ba ESO)<\/a>, del departamento de M\u00fasica y Artes Pl\u00e1sticas.<\/h4>\n<\/li>\n<li>\n<h4><a href=\"https:\/\/blogsaverroes.juntadeandalucia.es\/iessalvadorserrano\/files\/2023\/06\/Escrito-departamento-Matem\u00e1ticas-a-padres-de-4\u00ba-de-eso.pdf\">Escrito del departamento de Matem\u00e1ticas a los padres del alumnado de 4\u00ba ESO.<\/a><\/h4>\n<\/li>\n<li>\n<h4><a href=\"https:\/\/blogsaverroes.juntadeandalucia.es\/iessalvadorserrano\/files\/2023\/06\/Escrito-departamento-Matem\u00e1ticas-a-padres-de-1\u00ba-de-bachillerato.pdf\">Escrito del departamento de Matem\u00e1ticas a los padres del alumnado de 1\u00ba Bachillerato.<\/a><\/h4>\n<\/li>\n<li>\n<h4><a href=\"https:\/\/drive.google.com\/file\/d\/1CsjRzvOnDBElrCd3S2Qpbym1jdRhTXCY\/view?usp=sharing\">Proyecto Music &amp; English Festival (1\u00ba ESO)<\/a>, del departamento de Ingl\u00e9s.<\/h4>\n<\/li>\n<li>\n<h4><a href=\"https:\/\/drive.google.com\/file\/d\/1HXannUlXB6FTnaib2Jw6ZHCc0brCRTwI\/view?usp=sharing\">Proyecto Broadway (3\u00ba ESO)<\/a>, del departamento de Ingl\u00e9s.<\/h4>\n<\/li>\n<li>\n<h4><a href=\"https:\/\/drive.google.com\/file\/d\/1otL58cIazbsnwcimVQ9l24VqVIoUQvUu\/view?usp=sharing\">Preparaci\u00f3n Delf B1 Franc\u00e9s (1\u00ba y 2\u00ba Bach)<\/a>, del departamento de Franc\u00e9s.<\/h4>\n<\/li>\n<li>\n<h4><a href=\"https:\/\/drive.google.com\/file\/d\/1xOUJ5zAAAbQW8mGDGy2XI4uOx9YJrKiq\/view?usp=sharing\">Segunda Lengua Extranjera (Franc\u00e9s) ESO<\/a>, del departamento de Franc\u00e9s.<\/h4>\n<\/li>\n<li>\n<h4><a href=\"https:\/\/drive.google.com\/file\/d\/1f24-qJCkyQ5OohsLCo7WxONZAgKoFpVe\/view?usp=sharing\">Segunda Lengua Extranjera (Franc\u00e9s) Bachillerato<\/a>, del departamento de Franc\u00e9s.<\/h4>\n<\/li>\n<li>\n<h4><a href=\"https:\/\/drive.google.com\/file\/d\/10ra_mTLlWoxyrTrH27iTY9Pk7zgVD8NJ\/view?usp=sharing\">Informaci\u00f3n sobre las optativas relacionadas con la Inform\u00e1tica <\/a>(Digitalizaci\u00f3n, TIC, Creaci\u00f3n digital y pensamiento computacional, Programaci\u00f3n y computaci\u00f3n).<\/h4>\n<\/li>\n<\/ul>\n<p>&nbsp;<\/p>\n","protected":false},"excerpt":{"rendered":"<p>&nbsp;&nbsp;&nbsp; Esta web se ha elaborado con la \u00fanica finalidad de que el alumnado y las familias conozcan los detalles de aquellas materias optativas que&hellip;<\/p>\n","protected":false},"author":5046,"featured_media":0,"parent":0,"menu_order":0,"comment_status":"closed","ping_status":"closed","template":"","meta":{"ngg_post_thumbnail":0,"footnotes":"","_mc_calendar":[]},"aioseo_notices":[],"_links":{"self":[{"href":"https:\/\/blogsaverroes.juntadeandalucia.es\/iessalvadorserrano\/wp-json\/wp\/v2\/pages\/10868"}],"collection":[{"href":"https:\/\/blogsaverroes.juntadeandalucia.es\/iessalvadorserrano\/wp-json\/wp\/v2\/pages"}],"about":[{"href":"https:\/\/blogsaverroes.juntadeandalucia.es\/iessalvadorserrano\/wp-json\/wp\/v2\/types\/page"}],"author":[{"embeddable":true,"href":"https:\/\/blogsaverroes.juntadeandalucia.es\/iessalvadorserrano\/wp-json\/wp\/v2\/users\/5046"}],"replies":[{"embeddable":true,"href":"https:\/\/blogsaverroes.juntadeandalucia.es\/iessalvadorserrano\/wp-json\/wp\/v2\/comments?post=10868"}],"version-history":[{"count":11,"href":"https:\/\/blogsaverroes.juntadeandalucia.es\/iessalvadorserrano\/wp-json\/wp\/v2\/pages\/10868\/revisions"}],"predecessor-version":[{"id":10896,"href":"https:\/\/blogsaverroes.juntadeandalucia.es\/iessalvadorserrano\/wp-json\/wp\/v2\/pages\/10868\/revisions\/10896"}],"wp:attachment":[{"href":"https:\/\/blogsaverroes.juntadeandalucia.es\/iessalvadorserrano\/wp-json\/wp\/v2\/media?parent=10868"}],"curies":[{"name":"wp","href":"https:\/\/api.w.org\/{rel}","templated":true}]}}