{"id":162,"date":"2015-03-17T07:51:10","date_gmt":"2015-03-17T07:51:10","guid":{"rendered":"http:\/\/blogsaverroes.juntadeandalucia.es\/pre\/ceip\/?page_id=162"},"modified":"2025-11-18T18:05:54","modified_gmt":"2025-11-18T18:05:54","slug":"tecnologia","status":"publish","type":"page","link":"https:\/\/blogsaverroes.juntadeandalucia.es\/iessalvadorserrano\/tecnologia\/","title":{"rendered":"Tecnolog\u00eda e Inform\u00e1tica"},"content":{"rendered":"<table style=\"height: 176px;width: 96.1866%;border-color: #000000\" border=\"1\">\n<tbody>\n<tr style=\"height: 48px\">\n<td style=\"width: 65.4321%;border-color: #000000;height: 48px\" colspan=\"2\">\n<p style=\"text-align: center\">23000246.tecnologia@g.educaand.es<\/p>\n<p style=\"text-align: center\">23000246.informatica@g.educaand.es<\/p>\n<\/td>\n<td style=\"background-color: #d8ecf2;width: 48.1324%;border-color: #000000;height: 48px\"><strong>Puesto o Especialidad<\/strong><\/td>\n<\/tr>\n<tr style=\"height: 48px\">\n<td style=\"width: 24.3386%;vertical-align: middle;background-color: #d8ecf2;border-color: #000000;height: 52px\"><strong>Jefatura de Departamento<\/strong><\/td>\n<td style=\"width: 41.0935%;height: 52px;border-color: #000000\" width=\"253\">M\u00aa Elena S\u00e1nchez Ruiz<\/td>\n<td style=\"width: 48.1324%;height: 52px;border-color: #000000\" width=\"224\">Inform\u00e1tica P.E.S.<\/td>\n<\/tr>\n<tr style=\"height: 49px\">\n<td style=\"width: 24.3386%;vertical-align: middle;background-color: #d8ecf2;border-color: #000000;height: 76px\" rowspan=\"3\"><strong>Componentes<\/strong><\/td>\n<td style=\"width: 41.0935%;border-color: #000000;height: 32px\">Beatriz Ruiz Hermoso<\/td>\n<td style=\"width: 48.1324%;border-color: #000000;height: 32px\">Tecnolog\u00eda (Ingl\u00e9s) P.E.S.<\/td>\n<\/tr>\n<tr style=\"height: 34px\">\n<td style=\"width: 41.0935%;border-color: #000000;height: 34px\">Juan P\u00e9rez Jim\u00e9nez<\/td>\n<td style=\"width: 48.1324%;border-color: #000000;height: 34px\">Tecnolog\u00eda (Ingl\u00e9s) P.E.S.<\/td>\n<\/tr>\n<tr style=\"height: 48px\">\n<td style=\"width: 41.0935%;height: 10px;border-color: #000000\">Ana Calvache Castillo<\/p>\n<p>Sustituye: \u00c1ngel P\u00e9rez P\u00e9rez<\/td>\n<td style=\"width: 48.1324%;height: 10px;border-color: #000000\">Tecnolog\u00eda (Ingl\u00e9s) P.E.S.<\/td>\n<\/tr>\n<\/tbody>\n<\/table>\n<p style=\"text-align: center\"><a class=\"button\" href=\"https:\/\/blogsaverroes.juntadeandalucia.es\/iessalvadorserrano\/programaciones-tecnologia-e-informatica\/\"><strong>ENLACE A LAS PROGRAMACIONES DEL DEPARTAMENTO<\/strong><\/a><\/p>\n<table style=\"height: 341px;width: 96.3477%\" border=\"1\">\n<tbody>\n<tr style=\"height: 30px\">\n<td style=\"width: 100%;height: 30px;background-color: #4e609c\"><span style=\"color: white\"><strong>Criterios de evaluaci\u00f3n Tecnolog\u00eda<br \/>\n<\/strong><\/span><\/td>\n<\/tr>\n<tr style=\"height: 42px\">\n<td style=\"width: 100%;height: 42px\"><a href=\"https:\/\/blogsaverroes.juntadeandalucia.es\/iessalvadorserrano\/files\/2023\/11\/CE-1-eso-CYR.pdf\"><img loading=\"lazy\" decoding=\"async\" class=\"size-full wp-image-2952 alignleft\" src=\"https:\/\/blogsaverroes.juntadeandalucia.es\/iessalvadorserrano\/files\/2017\/05\/criteval-e1510486355221.jpg\" alt=\"\" width=\"40\" height=\"23\"><\/a><a href=\"https:\/\/blogsaverroes.juntadeandalucia.es\/iessalvadorserrano\/files\/2023\/11\/CE-1-eso-CYR.pdf\">Computaci\u00f3n y Rob\u00f3tica (1\u00ba ESO)<\/a><\/td>\n<\/tr>\n<tr style=\"height: 39px\">\n<td style=\"width: 100%;height: 39px\"><a href=\"https:\/\/blogsaverroes.juntadeandalucia.es\/iessalvadorserrano\/files\/2023\/11\/TECNOLOG\u00cdA-Y-DIG-2\u00ba-ESO.pdf\"><img loading=\"lazy\" decoding=\"async\" class=\"size-full wp-image-2952 alignleft\" src=\"https:\/\/blogsaverroes.juntadeandalucia.es\/iessalvadorserrano\/files\/2017\/05\/criteval-e1510486355221.jpg\" alt=\"\" width=\"40\" height=\"23\"><\/a><a href=\"https:\/\/blogsaverroes.juntadeandalucia.es\/iessalvadorserrano\/files\/2023\/11\/TECNOLOG\u00cdA-Y-DIG-2\u00ba-ESO.pdf\">Tecnolog\u00eda y Digitalizaci\u00f3n (2\u00ba ESO)<\/a><\/td>\n<\/tr>\n<tr style=\"height: 32px\">\n<td style=\"width: 100%;height: 32px\"><img loading=\"lazy\" decoding=\"async\" class=\"size-full wp-image-2952 alignleft\" src=\"https:\/\/blogsaverroes.juntadeandalucia.es\/iessalvadorserrano\/files\/2017\/05\/criteval-e1510486355221.jpg\" alt=\"\" width=\"40\" height=\"23\">Computaci\u00f3n y Rob\u00f3tica (2\u00ba ESO)<\/td>\n<\/tr>\n<tr style=\"height: 39px\">\n<td style=\"width: 100%;height: 39px\"><a href=\"https:\/\/blogsaverroes.juntadeandalucia.es\/iessalvadorserrano\/files\/2024\/11\/CE-3-eso-CYR.pdf\"><img loading=\"lazy\" decoding=\"async\" class=\"size-full wp-image-2952 alignleft\" src=\"https:\/\/blogsaverroes.juntadeandalucia.es\/iessalvadorserrano\/files\/2017\/05\/criteval-e1510486355221.jpg\" alt=\"\" width=\"40\" height=\"23\"><\/a><a href=\"https:\/\/blogsaverroes.juntadeandalucia.es\/iessalvadorserrano\/files\/2024\/11\/CE-3-eso-CYR.pdf\">Computaci\u00f3n y Rob\u00f3tica (3\u00ba ESO)<\/a><\/td>\n<\/tr>\n<tr style=\"height: 39px\">\n<td style=\"width: 100%;height: 39px\"><a href=\"https:\/\/blogsaverroes.juntadeandalucia.es\/iessalvadorserrano\/files\/2024\/11\/CE-TECNOLOGIA-Y-DIG-3ESO.pdf\"><img loading=\"lazy\" decoding=\"async\" class=\"size-full wp-image-2952 alignleft\" src=\"https:\/\/blogsaverroes.juntadeandalucia.es\/iessalvadorserrano\/files\/2017\/05\/criteval-e1510486355221.jpg\" alt=\"\" width=\"40\" height=\"23\"><\/a><a href=\"https:\/\/blogsaverroes.juntadeandalucia.es\/iessalvadorserrano\/files\/2024\/11\/CE-TECNOLOGIA-Y-DIG-3ESO.pdf\">Tecnolog\u00eda y Digitalizaci\u00f3n (3\u00ba ESO)<\/a><\/td>\n<\/tr>\n<tr style=\"height: 39px\">\n<td style=\"width: 100%;height: 39px\"><a href=\"https:\/\/blogsaverroes.juntadeandalucia.es\/iessalvadorserrano\/files\/2023\/11\/CE-TECNOLOG\u00cdA-4-ESO.pdf\"><img loading=\"lazy\" decoding=\"async\" class=\"size-full wp-image-2952 alignleft\" src=\"https:\/\/blogsaverroes.juntadeandalucia.es\/iessalvadorserrano\/files\/2017\/05\/criteval-e1510486355221.jpg\" alt=\"\" width=\"40\" height=\"23\"><\/a><a href=\"https:\/\/blogsaverroes.juntadeandalucia.es\/iessalvadorserrano\/files\/2023\/11\/CE-TECNOLOG\u00cdA-4-ESO.pdf\">Tecnolog\u00eda (4\u00ba ESO)<\/a><\/td>\n<\/tr>\n<tr style=\"height: 22px\">\n<td style=\"width: 100%;height: 22px\"><a href=\"https:\/\/blogsaverroes.juntadeandalucia.es\/iessalvadorserrano\/files\/2023\/11\/CE-1\u00ba-BACH-TECNOLOG\u00cdA-E-INGENIER\u00cdA-I.pdf\">Tecnolog\u00eda e Ingenier\u00eda I (1\u00baBach)<\/a><a href=\"https:\/\/blogsaverroes.juntadeandalucia.es\/iessalvadorserrano\/files\/2022\/12\/CRITERIOS-DE-EVALUACI\u00d3N-2\u00ba-ESO-PMAR.pdf\"><img loading=\"lazy\" decoding=\"async\" class=\"size-full wp-image-2952 alignleft\" src=\"https:\/\/blogsaverroes.juntadeandalucia.es\/iessalvadorserrano\/files\/2017\/05\/criteval-e1510486355221.jpg\" alt=\"\" width=\"40\" height=\"23\"><\/a><\/td>\n<\/tr>\n<tr style=\"height: 21px\">\n<td style=\"width: 100%;height: 21px\"><a href=\"https:\/\/blogsaverroes.juntadeandalucia.es\/iessalvadorserrano\/files\/2024\/12\/CE-Tecnologia-e-Ingenieria-II-2Bach.pdf\"><img loading=\"lazy\" decoding=\"async\" class=\"size-full wp-image-2952 alignleft\" src=\"https:\/\/blogsaverroes.juntadeandalucia.es\/iessalvadorserrano\/files\/2017\/05\/criteval-e1510486355221.jpg\" alt=\"\" width=\"40\" height=\"23\">Tecnolog\u00eda e Ingenier\u00eda II (2\u00ba Bach)<\/a><\/td>\n<\/tr>\n<tr style=\"height: 38px\">\n<td style=\"width: 100%;height: 38px\"><a href=\"https:\/\/blogsaverroes.juntadeandalucia.es\/iessalvadorserrano\/files\/2024\/11\/CRITERIOS-DE-EVALUACION-AMBITO-CIENCIAS-APLICADAS-II-_-2o-CFGB.pdf\">Ciencias Aplicadas II 2\u00baCFGB<\/a><a href=\"https:\/\/blogsaverroes.juntadeandalucia.es\/iessalvadorserrano\/files\/2024\/11\/CRITERIOS-DE-EVALUACION-AMBITO-CIENCIAS-APLICADAS-II-_-2o-CFGB.pdf\"><img loading=\"lazy\" decoding=\"async\" class=\"size-full wp-image-2952 alignleft\" src=\"https:\/\/blogsaverroes.juntadeandalucia.es\/iessalvadorserrano\/files\/2017\/05\/criteval-e1510486355221.jpg\" alt=\"\" width=\"40\" height=\"23\"><\/a><\/td>\n<\/tr>\n<\/tbody>\n<\/table>\n<table style=\"height: 142px;width: 96.7807%\" border=\"1\">\n<tbody>\n<tr style=\"height: 30px\">\n<td style=\"width: 100%;background-color: #4e609c;height: 49px\"><strong><span style=\"color: #ffffff\">Criterios de evaluaci\u00f3n Inform\u00e1tica<\/span><br \/>\n<\/strong><\/td>\n<\/tr>\n<tr style=\"height: 31px\">\n<td style=\"width: 100%;height: 31px\"><a href=\"https:\/\/blogsaverroes.juntadeandalucia.es\/iessalvadorserrano\/files\/2023\/10\/Criterios-Evaluaci\u00f3n-Digitalizaci\u00f3n-4\u00ba-ESO.pdf\"><img loading=\"lazy\" decoding=\"async\" class=\"size-full wp-image-2952 alignleft\" src=\"https:\/\/blogsaverroes.juntadeandalucia.es\/iessalvadorserrano\/files\/2017\/05\/criteval-e1510486355221.jpg\" alt=\"\" width=\"40\" height=\"23\"><\/a><a href=\"https:\/\/blogsaverroes.juntadeandalucia.es\/iessalvadorserrano\/files\/2023\/10\/Criterios-Evaluaci\u00f3n-Digitalizaci\u00f3n-4\u00ba-ESO.pdf\">Digitalizaci\u00f3n 4\u00ba ESO<\/a><\/td>\n<\/tr>\n<tr style=\"height: 31px\">\n<td style=\"width: 100%;height: 31px\"><a href=\"https:\/\/blogsaverroes.juntadeandalucia.es\/iessalvadorserrano\/files\/2023\/10\/Criterios-Evaluaci\u00f3n-TIC-I-1\u00ba-Bachillerato.pdf\">Tecnolog\u00edas de la Informaci\u00f3n y la Comunicaci\u00f3n 1\u00ba Bach<\/a><a href=\"https:\/\/blogsaverroes.juntadeandalucia.es\/iessalvadorserrano\/files\/2023\/10\/Criterios-Evaluaci\u00f3n-TIC-I-1\u00ba-Bachillerato.pdf\"><img loading=\"lazy\" decoding=\"async\" class=\"size-full wp-image-2952 alignleft\" src=\"https:\/\/blogsaverroes.juntadeandalucia.es\/iessalvadorserrano\/files\/2017\/05\/criteval-e1510486355221.jpg\" alt=\"\" width=\"40\" height=\"23\"><\/a><\/td>\n<\/tr>\n<tr style=\"height: 31px\">\n<td style=\"width: 100%;height: 31px\"><a href=\"https:\/\/blogsaverroes.juntadeandalucia.es\/iessalvadorserrano\/files\/2024\/11\/Criterios-Evaluacion-TIC-II-2o-Bachillerato.pdf\"><img loading=\"lazy\" decoding=\"async\" class=\"size-full wp-image-2952 alignleft\" src=\"https:\/\/blogsaverroes.juntadeandalucia.es\/iessalvadorserrano\/files\/2017\/05\/criteval-e1510486355221.jpg\" alt=\"\" width=\"40\" height=\"23\"><\/a><a href=\"https:\/\/blogsaverroes.juntadeandalucia.es\/iessalvadorserrano\/files\/2024\/11\/Criterios-Evaluacion-TIC-II-2o-Bachillerato.pdf\">Tecnolog\u00edas de la Informaci\u00f3n y la Comunicaci\u00f3n 2\u00ba Bach<\/a><\/td>\n<\/tr>\n<\/tbody>\n<\/table>\n<p>&nbsp;<br \/>\n<img loading=\"lazy\" decoding=\"async\" class=\"aligncenter size-medium wp-image-2163\" src=\"https:\/\/blogsaverroes.juntadeandalucia.es\/iessalvadorserrano\/files\/2015\/03\/tecnologia-300x225.jpg\" alt=\"tecnologia\" width=\"300\" height=\"225\" srcset=\"https:\/\/blogsaverroes.juntadeandalucia.es\/iessalvadorserrano\/files\/2015\/03\/tecnologia-300x225.jpg 300w, https:\/\/blogsaverroes.juntadeandalucia.es\/iessalvadorserrano\/files\/2015\/03\/tecnologia.jpg 640w\" sizes=\"(max-width: 300px) 100vw, 300px\" \/><\/p>\n<p><strong>Tecnolog\u00eda <\/strong><\/p>\n<p style=\"text-align: justify\">&nbsp; &nbsp; El desarrollo tecnol\u00f3gico configura el mundo actual que conocemos. En muchas ocasiones la tecnolog\u00eda interact\u00faa en nuestra vida, aunque pasa desapercibida por lo habituados que estamos a ella. Este contexto hace necesaria la formaci\u00f3n de ciudadanos en la toma de decisiones relacionadas con procesos tecnol\u00f3gicos, con sentido cr\u00edtico, con capacidad de resolver problemas relacionados con ellos y, en definitiva, para utilizar y conocer materiales, procesos y objetos tecnol\u00f3gicos que facilitan la capacidad de actuar en un entorno tecnificado que mejora la calidad de vida.<\/p>\n<p style=\"text-align: justify\">&nbsp; &nbsp; A lo largo de los siglos, el desarrollo tecnol\u00f3gico se ha visto motivado por las necesidades que la sociedad de cada \u00e9poca ha demandado, por sus tradiciones y su cultura, sin olvidar aspectos econ\u00f3micos y de mercado. La innovaci\u00f3n y b\u00fasqueda de soluciones alternativas han facilitado avances y la necesidad de cambio ha estado ligada siempre al ser humano. Por este motivo, la sociedad en la que vivimos necesita una educaci\u00f3n tecnol\u00f3gica amplia que facilite el conocimiento de las diversas tecnolog\u00edas, as\u00ed como las t\u00e9cnicas y los conocimientos cient\u00edficos que los sustentan. El desarrollo tecnol\u00f3gico se fundamenta en principios elementales y m\u00e1quinas simples que, sumados convenientemente, crean nuevas m\u00e1quinas y generan la realidad que nos rodea.<\/p>\n<p><a href=\"https:\/\/blogsaverroes.juntadeandalucia.es\/iessalvadorserrano\/files\/2025\/11\/TIC.jpeg\"><img loading=\"lazy\" decoding=\"async\" class=\"size-full wp-image-14225 aligncenter\" src=\"https:\/\/blogsaverroes.juntadeandalucia.es\/iessalvadorserrano\/files\/2025\/11\/TIC.jpeg\" alt=\"\" width=\"289\" height=\"174\"><\/a><\/p>\n<p><strong>Tecnolog\u00edas de la Informaci\u00f3n y la Comunicaci\u00f3n<\/strong><\/p>\n<p style=\"text-align: justify\">&nbsp; &nbsp; Las <b>Tecnolog\u00edas de la Informaci\u00f3n y la Comunicaci\u00f3n (TIC)<\/b> no son solo una asignatura, sino la base del mundo actual. Elegir estudiar Digitalizaci\u00f3n en 4\u00ba de la ESO o TIC 1\u00ba de Bachillerato es la decisi\u00f3n m\u00e1s estrat\u00e9gica que un estudiante puede tomar hoy. Vivimos en la <b>Sociedad de la Informaci\u00f3n<\/b>, donde casi el 100% de los trabajos, desde la medicina hasta el <i>marketing<\/i> y la ingenier\u00eda, dependen de las herramientas digitales. Al dominar las TIC, no solo aprender\u00e1s a usar programas, sino a desarrollar <b>habilidades esenciales<\/b> para el siglo XXI: el <b>pensamiento cr\u00edtico<\/b> para contrastar informaci\u00f3n en internet (combatiendo las <i>fake news<\/i>), la <b>creatividad<\/b> para crear contenido multimedia y la capacidad de <b>colaboraci\u00f3n<\/b> en l\u00ednea. Estar\u00e1s adquiriendo el <b>lenguaje universal<\/b> del futuro, lo que te dar\u00e1 una <b>ventaja competitiva<\/b> decisiva para acceder a cualquier carrera universitaria o puesto de trabajo.<\/p>\n<p style=\"text-align: justify\">&nbsp; &nbsp; El estudio de las TIC te prepara de manera pr\u00e1ctica e inmediata. La asignatura va mucho m\u00e1s all\u00e1 de las redes sociales; te ense\u00f1ar\u00e1 a programar, a dise\u00f1ar sitios web, a proteger tu <b>privacidad y seguridad digital<\/b>, y a manejar grandes vol\u00famenes de informaci\u00f3n, transform\u00e1ndote de un simple consumidor a un <b>creador<\/b> de tecnolog\u00eda. Esta <b>alfabetizaci\u00f3n digital y audiovisual<\/b> es la que te permitir\u00e1 el d\u00eda de ma\u00f1ana adaptarte a los constantes cambios del mercado laboral, ya que las competencias que adquieras son <b>transversales<\/b> a todos los sectores. No importa si tu pasi\u00f3n es la biolog\u00eda, la econom\u00eda o el arte: la capacidad de aplicar soluciones tecnol\u00f3gicas a problemas reales es lo que te convertir\u00e1 en un profesional <b>altamente demandado y valorado<\/b>. Escoger TIC es invertir directamente en tu <b>autonom\u00eda<\/b> y en tu <b>\u00e9xito futuro<\/b>.<\/p>\n","protected":false},"excerpt":{"rendered":"<p>23000246.tecnologia@g.educaand.es 23000246.informatica@g.educaand.es Puesto o Especialidad Jefatura de Departamento M\u00aa Elena S\u00e1nchez Ruiz Inform\u00e1tica P.E.S. Componentes Beatriz Ruiz Hermoso Tecnolog\u00eda (Ingl\u00e9s) P.E.S. Juan P\u00e9rez Jim\u00e9nez Tecnolog\u00eda&hellip;<\/p>\n","protected":false},"author":1,"featured_media":0,"parent":0,"menu_order":0,"comment_status":"closed","ping_status":"open","template":"","meta":{"ngg_post_thumbnail":0,"footnotes":"","_mc_calendar":[]},"aioseo_notices":[],"_links":{"self":[{"href":"https:\/\/blogsaverroes.juntadeandalucia.es\/iessalvadorserrano\/wp-json\/wp\/v2\/pages\/162"}],"collection":[{"href":"https:\/\/blogsaverroes.juntadeandalucia.es\/iessalvadorserrano\/wp-json\/wp\/v2\/pages"}],"about":[{"href":"https:\/\/blogsaverroes.juntadeandalucia.es\/iessalvadorserrano\/wp-json\/wp\/v2\/types\/page"}],"author":[{"embeddable":true,"href":"https:\/\/blogsaverroes.juntadeandalucia.es\/iessalvadorserrano\/wp-json\/wp\/v2\/users\/1"}],"replies":[{"embeddable":true,"href":"https:\/\/blogsaverroes.juntadeandalucia.es\/iessalvadorserrano\/wp-json\/wp\/v2\/comments?post=162"}],"version-history":[{"count":72,"href":"https:\/\/blogsaverroes.juntadeandalucia.es\/iessalvadorserrano\/wp-json\/wp\/v2\/pages\/162\/revisions"}],"predecessor-version":[{"id":14226,"href":"https:\/\/blogsaverroes.juntadeandalucia.es\/iessalvadorserrano\/wp-json\/wp\/v2\/pages\/162\/revisions\/14226"}],"wp:attachment":[{"href":"https:\/\/blogsaverroes.juntadeandalucia.es\/iessalvadorserrano\/wp-json\/wp\/v2\/media?parent=162"}],"curies":[{"name":"wp","href":"https:\/\/api.w.org\/{rel}","templated":true}]}}