{"id":168,"date":"2015-03-17T07:54:01","date_gmt":"2015-03-17T07:54:01","guid":{"rendered":"http:\/\/blogsaverroes.juntadeandalucia.es\/pre\/ceip\/?page_id=168"},"modified":"2025-11-16T17:31:20","modified_gmt":"2025-11-16T17:31:20","slug":"filosofia","status":"publish","type":"page","link":"https:\/\/blogsaverroes.juntadeandalucia.es\/iessalvadorserrano\/filosofia\/","title":{"rendered":"Filosof\u00eda"},"content":{"rendered":"<table style=\"height: 62px;width: 95.0822%\" border=\"1\">\n<tbody>\n<tr style=\"height: 22px\">\n<td style=\"width: 55.7403%;height: 30px;border-color: #000000;text-align: center\" colspan=\"2\">23000246.filosofia@g.educaand.es<\/td>\n<td style=\"width: 58.8701%;height: 30px;background-color: #d8ecf2;border-color: #000000\"><strong>Puesto o Especialidad<\/strong><\/td>\n<\/tr>\n<tr style=\"height: 22px\">\n<td style=\"width: 22.9299%;height: 10px;vertical-align: middle;background-color: #d8ecf2;border-color: #000000\"><strong>Jefatura de Departamento<\/strong><\/td>\n<td style=\"background: #ffffff;width: 32.8104%;height: 10px;border-color: #000000\" bgcolor=\"#ffffff\" width=\"263\" height=\"4\">Jara Isabel Tejero Toral<\/td>\n<td style=\"background: #ffffff;width: 58.8701%;height: 10px;border-color: #000000\" bgcolor=\"#ffffff\" width=\"274\">Filosof\u00eda P.E.S<\/td>\n<\/tr>\n<tr style=\"height: 22px\">\n<td style=\"width: 22.9299%;height: 22px;vertical-align: middle;background-color: #d8ecf2;border-color: #000000\"><strong>Componentes<\/strong><\/td>\n<td style=\"width: 91.6805%;height: 22px;vertical-align: middle;background-color: #ffffff;border-color: #000000\" colspan=\"2\">Departamento Unipersonal<\/td>\n<\/tr>\n<\/tbody>\n<\/table>\n<p style=\"text-align: center\"><a class=\"button\" href=\"https:\/\/blogsaverroes.juntadeandalucia.es\/iessalvadorserrano\/programaciones-filosofia\/\"><strong>ENLACE A LAS PROGRAMACIONES DEL DEPARTAMENTO<\/strong><\/a><\/p>\n<table style=\"height: 224px;width: 95.436%\" border=\"1\">\n<tbody>\n<tr style=\"height: 30px\">\n<td style=\"width: 100%;height: 30px;background-color: #4e609c\"><span style=\"color: white\"><strong>CRITERIOS DE EVALUACI\u00d3N<\/strong><\/span><\/td>\n<\/tr>\n<tr style=\"height: 22px\">\n<td style=\"width: 100%;height: 22px\"><a href=\"https:\/\/blogsaverroes.juntadeandalucia.es\/iessalvadorserrano\/files\/2023\/11\/CE-FILOSOF\u00cdA-1\u00ba-Bach.pdf\"><img loading=\"lazy\" decoding=\"async\" class=\"size-full wp-image-2952 alignleft\" src=\"https:\/\/blogsaverroes.juntadeandalucia.es\/iessalvadorserrano\/files\/2017\/05\/criteval-e1510486355221.jpg\" alt=\"\" width=\"40\" height=\"23\"><\/a><a href=\"https:\/\/blogsaverroes.juntadeandalucia.es\/iessalvadorserrano\/files\/2023\/11\/CE-FILOSOF\u00cdA-1\u00ba-Bach.pdf\">FILOSOF\u00cdA 1\u00ba Bach<\/a><\/td>\n<\/tr>\n<tr style=\"height: 39px\">\n<td style=\"width: 100%;height: 39px\"><a href=\"https:\/\/blogsaverroes.juntadeandalucia.es\/iessalvadorserrano\/files\/2023\/11\/CE-Historia-FILOSOF\u00cdA-2\u00ba-Bach.pdf\">HISTORIA DE LA FILOSOF\u00cdA 2\u00ba Bach<\/a><a href=\"https:\/\/blogsaverroes.juntadeandalucia.es\/iessalvadorserrano\/files\/2023\/11\/CE-Historia-FILOSOF\u00cdA-2\u00ba-Bach.pdf\"><img loading=\"lazy\" decoding=\"async\" class=\"size-full wp-image-2952 alignleft\" src=\"https:\/\/blogsaverroes.juntadeandalucia.es\/iessalvadorserrano\/files\/2017\/05\/criteval-e1510486355221.jpg\" alt=\"\" width=\"40\" height=\"23\"><\/a><\/td>\n<\/tr>\n<tr style=\"height: 34px\">\n<td style=\"width: 100%;height: 34px\"><a href=\"https:\/\/blogsaverroes.juntadeandalucia.es\/iessalvadorserrano\/files\/2023\/11\/CE-VALORES-\u00c9TICOS-2\u00ba-ESO.pdf\">EDUCACI\u00d3N EN VALORES \u00c9TICOS Y C\u00cdVICOS&nbsp; 2\u00ba ESO<\/a><a href=\"https:\/\/blogsaverroes.juntadeandalucia.es\/iessalvadorserrano\/files\/2023\/11\/CE-VALORES-\u00c9TICOS-2\u00ba-ESO.pdf\"><img loading=\"lazy\" decoding=\"async\" class=\"size-full wp-image-2952 alignleft\" src=\"https:\/\/blogsaverroes.juntadeandalucia.es\/iessalvadorserrano\/files\/2017\/05\/criteval-e1510486355221.jpg\" alt=\"\" width=\"40\" height=\"23\"><\/a><\/td>\n<\/tr>\n<\/tbody>\n<\/table>\n<p><img loading=\"lazy\" decoding=\"async\" class=\"aligncenter size-medium wp-image-2068\" src=\"https:\/\/blogsaverroes.juntadeandalucia.es\/iessalvadorserrano\/files\/2015\/03\/filosofia-199x300.jpg\" alt=\"filosofia\" width=\"199\" height=\"300\" srcset=\"https:\/\/blogsaverroes.juntadeandalucia.es\/iessalvadorserrano\/files\/2015\/03\/filosofia-199x300.jpg 199w, https:\/\/blogsaverroes.juntadeandalucia.es\/iessalvadorserrano\/files\/2015\/03\/filosofia-680x1024.jpg 680w, https:\/\/blogsaverroes.juntadeandalucia.es\/iessalvadorserrano\/files\/2015\/03\/filosofia.jpg 1063w\" sizes=\"(max-width: 199px) 100vw, 199px\" \/><\/p>\n<p style=\"text-align: justify\"><strong><span style=\"font-family: sans-serif\"><span style=\"font-size: medium\">Filosof\u00eda <\/span><\/span><\/strong><\/p>\n<p style=\"text-align: justify\"><span style=\"font-family: sans-serif\"><span style=\"font-size: medium\">La materia Filosof\u00eda persigue que el alumnado sea capaz de pensar y comprender, abstray\u00e9ndose racionalmente del campo concreto estudiado en cada una de las otras materias, para centrarse en aquello que caracteriza espec\u00edficamente a la filosof\u00eda, esto es, reflexionar, razonar, criticar y argumentar, utilizando el modo de preguntar radical y \u00faltimo que le es propio, sobre los problemas referidos a la totalidad de la vivencia humana, y ello sin dejar de lado su capacidad de transformaci\u00f3n y cambio tanto del individuo como de la sociedad. <\/span><\/span><\/p>\n<p style=\"text-align: justify\"><span style=\"font-family: sans-serif\"><span style=\"font-size: medium\">La Filosof\u00eda es un modo especial de preguntar y de saber, una manera de entender y de enfrentarse a la realidad que nos rodea, a las circunstancias en las que vivimos y que, en gran medida, nos hacen ser y comprender como somos. <\/span><\/span><\/p>\n","protected":false},"excerpt":{"rendered":"<p>23000246.filosofia@g.educaand.es Puesto o Especialidad Jefatura de Departamento Jara Isabel Tejero Toral Filosof\u00eda P.E.S Componentes Departamento Unipersonal ENLACE A LAS PROGRAMACIONES DEL DEPARTAMENTO CRITERIOS DE EVALUACI\u00d3N&hellip;<\/p>\n","protected":false},"author":1,"featured_media":0,"parent":0,"menu_order":0,"comment_status":"closed","ping_status":"open","template":"","meta":{"ngg_post_thumbnail":0,"footnotes":"","_mc_calendar":[]},"aioseo_notices":[],"_links":{"self":[{"href":"https:\/\/blogsaverroes.juntadeandalucia.es\/iessalvadorserrano\/wp-json\/wp\/v2\/pages\/168"}],"collection":[{"href":"https:\/\/blogsaverroes.juntadeandalucia.es\/iessalvadorserrano\/wp-json\/wp\/v2\/pages"}],"about":[{"href":"https:\/\/blogsaverroes.juntadeandalucia.es\/iessalvadorserrano\/wp-json\/wp\/v2\/types\/page"}],"author":[{"embeddable":true,"href":"https:\/\/blogsaverroes.juntadeandalucia.es\/iessalvadorserrano\/wp-json\/wp\/v2\/users\/1"}],"replies":[{"embeddable":true,"href":"https:\/\/blogsaverroes.juntadeandalucia.es\/iessalvadorserrano\/wp-json\/wp\/v2\/comments?post=168"}],"version-history":[{"count":47,"href":"https:\/\/blogsaverroes.juntadeandalucia.es\/iessalvadorserrano\/wp-json\/wp\/v2\/pages\/168\/revisions"}],"predecessor-version":[{"id":14110,"href":"https:\/\/blogsaverroes.juntadeandalucia.es\/iessalvadorserrano\/wp-json\/wp\/v2\/pages\/168\/revisions\/14110"}],"wp:attachment":[{"href":"https:\/\/blogsaverroes.juntadeandalucia.es\/iessalvadorserrano\/wp-json\/wp\/v2\/media?parent=168"}],"curies":[{"name":"wp","href":"https:\/\/api.w.org\/{rel}","templated":true}]}}

Filosofía

<table style="height: 62px;width: 95.0822%" border="1">
<tbody>
<tr style="height: 22px">
<td style="width: 55.7403%;height: 30px;border-color: #000000;text-align: center" colspan="2">23000246.filosofia@g.educaand.es</td>
<td style="width: 58.8701%;height: 30px;background-color: #d8ecf2;border-color: #000000"><strong>Puesto o Especialidad</strong></td>
</tr>
<tr style="height: 22px">
<td style="width: 22.9299%;height: 10px;vertical-align: middle;background-color: #d8ecf2;border-color: #000000"><strong>Jefatura de Departamento</strong></td>
<td style="background: #ffffff;width: 32.8104%;height: 10px;border-color: #000000" bgcolor="#ffffff" width="263" height="4">Jara Isabel Tejero Toral</td>
<td style="background: #ffffff;width: 58.8701%;height: 10px;border-color: #000000" bgcolor="#ffffff" width="274">Filosofía P.E.S</td>
</tr>
<tr style="height: 22px">
<td style="width: 22.9299%;height: 22px;vertical-align: middle;background-color: #d8ecf2;border-color: #000000"><strong>Componentes</strong></td>
<td style="width: 91.6805%;height: 22px;vertical-align: middle;background-color: #ffffff;border-color: #000000" colspan="2">Departamento Unipersonal</td>
</tr>
</tbody>
</table>
<p style="text-align: center"><a class="button" href="https://blogsaverroes.juntadeandalucia.es/iessalvadorserrano/programaciones-filosofia/"><strong>ENLACE A LAS PROGRAMACIONES DEL DEPARTAMENTO</strong></a></p>
<table style="height: 224px;width: 95.436%" border="1">
<tbody>
<tr style="height: 30px">
<td style="width: 100%;height: 30px;background-color: #4e609c"><span style="color: white"><strong>CRITERIOS DE EVALUACIÓN</strong></span></td>
</tr>
<tr style="height: 22px">
<td style="width: 100%;height: 22px"><a href="https://blogsaverroes.juntadeandalucia.es/iessalvadorserrano/files/2023/11/CE-FILOSOFÍA-1º-Bach.pdf"><img loading="lazy" decoding="async" class="size-full wp-image-2952 alignleft" src="https://blogsaverroes.juntadeandalucia.es/iessalvadorserrano/files/2017/05/criteval-e1510486355221.jpg" alt="" width="40" height="23"></a><a href="https://blogsaverroes.juntadeandalucia.es/iessalvadorserrano/files/2023/11/CE-FILOSOFÍA-1º-Bach.pdf">FILOSOFÍA 1º Bach</a></td>
</tr>
<tr style="height: 39px">
<td style="width: 100%;height: 39px"><a href="https://blogsaverroes.juntadeandalucia.es/iessalvadorserrano/files/2023/11/CE-Historia-FILOSOFÍA-2º-Bach.pdf">HISTORIA DE LA FILOSOFÍA 2º Bach</a><a href="https://blogsaverroes.juntadeandalucia.es/iessalvadorserrano/files/2023/11/CE-Historia-FILOSOFÍA-2º-Bach.pdf"><img loading="lazy" decoding="async" class="size-full wp-image-2952 alignleft" src="https://blogsaverroes.juntadeandalucia.es/iessalvadorserrano/files/2017/05/criteval-e1510486355221.jpg" alt="" width="40" height="23"></a></td>
</tr>
<tr style="height: 34px">
<td style="width: 100%;height: 34px"><a href="https://blogsaverroes.juntadeandalucia.es/iessalvadorserrano/files/2023/11/CE-VALORES-ÉTICOS-2º-ESO.pdf">EDUCACIÓN EN VALORES ÉTICOS Y CÍVICOS&nbsp; 2º ESO</a><a href="https://blogsaverroes.juntadeandalucia.es/iessalvadorserrano/files/2023/11/CE-VALORES-ÉTICOS-2º-ESO.pdf"><img loading="lazy" decoding="async" class="size-full wp-image-2952 alignleft" src="https://blogsaverroes.juntadeandalucia.es/iessalvadorserrano/files/2017/05/criteval-e1510486355221.jpg" alt="" width="40" height="23"></a></td>
</tr>
</tbody>
</table>
<p><img loading="lazy" decoding="async" class="aligncenter size-medium wp-image-2068" src="https://blogsaverroes.juntadeandalucia.es/iessalvadorserrano/files/2015/03/filosofia-199x300.jpg" alt="filosofia" width="199" height="300" srcset="https://blogsaverroes.juntadeandalucia.es/iessalvadorserrano/files/2015/03/filosofia-199x300.jpg 199w, https://blogsaverroes.juntadeandalucia.es/iessalvadorserrano/files/2015/03/filosofia-680x1024.jpg 680w, https://blogsaverroes.juntadeandalucia.es/iessalvadorserrano/files/2015/03/filosofia.jpg 1063w" sizes="(max-width: 199px) 100vw, 199px" /></p>
<p style="text-align: justify"><strong><span style="font-family: sans-serif"><span style="font-size: medium">Filosofía </span></span></strong></p>
<p style="text-align: justify"><span style="font-family: sans-serif"><span style="font-size: medium">La materia Filosofía persigue que el alumnado sea capaz de pensar y comprender, abstrayéndose racionalmente del campo concreto estudiado en cada una de las otras materias, para centrarse en aquello que caracteriza específicamente a la filosofía, esto es, reflexionar, razonar, criticar y argumentar, utilizando el modo de preguntar radical y último que le es propio, sobre los problemas referidos a la totalidad de la vivencia humana, y ello sin dejar de lado su capacidad de transformación y cambio tanto del individuo como de la sociedad. </span></span></p>
<p style="text-align: justify"><span style="font-family: sans-serif"><span style="font-size: medium">La Filosofía es un modo especial de preguntar y de saber, una manera de entender y de enfrentarse a la realidad que nos rodea, a las circunstancias en las que vivimos y que, en gran medida, nos hacen ser y comprender como somos. </span></span></p>

<p>23000246.filosofia@g.educaand.es Puesto o Especialidad Jefatura de Departamento Jara Isabel Tejero Toral Filosofía P.E.S Componentes Departamento Unipersonal ENLACE A LAS PROGRAMACIONES DEL DEPARTAMENTO CRITERIOS DE EVALUACIÓN&hellip;</p>
